{"id":5556,"date":"2023-01-06T04:32:31","date_gmt":"2023-01-06T04:32:31","guid":{"rendered":"https:\/\/tavapy.gov.py\/biblioteca\/?post_type=product&#038;p=5556"},"modified":"2023-01-06T04:32:31","modified_gmt":"2023-01-06T04:32:31","slug":"el-futuro-del-espaciotiempo","status":"publish","type":"product","link":"https:\/\/tavapy.gov.py\/biblioteca\/product\/el-futuro-del-espaciotiempo\/","title":{"rendered":"EL FUTURO DEL ESPACIOTIEMPO."},"content":{"rendered":"","protected":false},"excerpt":{"rendered":"<p>Desde Einstein, y sobre todo a partir de su teor\u00eda de la relatividad general, sabemos que los fen\u00f3menos naturales tienen lugar en un marco geom\u00e9trico de cuatro dimensiones, en el espaciotiempo. En este libro publicado en el 2.002, algunos de los f\u00edsicos y divulgadores cient\u00edficos m\u00e1s importantes de nuestro tiempo exploran las posibilidades m\u00e1s llamativas que nos abre el espaciotiempo einsteiniano.<\/p>\n<p>Tras una excelente introducci\u00f3n, en la que Richard Price suministra las herramientas conceptuales b\u00e1sicas para poder comprender qu\u00e9 es eso que llamamos \u00abespaciotiempo\u00bb, Igor Novikov introduce a los lectores en las posibilidades de los viajes en el tiempo con sencillas explicaciones y modelos que evitan las t\u00edpicas paradojas que se producen cuando el viaje conduce a tiempos anteriores al de partida.<\/p>\n<p>Sin embargo, los viajes en el tiempo son, tal vez, imposibles porque pueden violar leyes f\u00edsicas que a\u00fan no hemos descubierto: esta es la cuesti\u00f3n que aborda Stephen Hawking con su maestr\u00eda habitual. Por su parte, Kip Thorne mira a un futuro en el que se pueda comprobar una de las predicciones de la teor\u00eda de la relatividad general, la de la radiaci\u00f3n gravitacional, que ha desafiado hasta el momento todos los intentos de ser detectada.<\/p>\n<p>Alan Lightman y Timothy Ferris abordan aspectos m\u00e1s \u00abexternalistas\u00bb que conectan la ciencia del espaciotiempo, y la ciencia en general, con la cultura, entendida \u00e9sta en su sentido m\u00e1s amplio. Y es que no hay verdadera cultura sin ciencia.<\/p>\n<p><a href=\"https:\/\/tavapy.gov.py\/biblioteca\/wp-content\/uploads\/2023\/01\/HawkingS-El-futuro-del-espaciotiempo.pdf\" target=\"_blank\" rel=\"attachment noopener wp-att-5520\"><img loading=\"lazy\" decoding=\"async\" class=\"size-full wp-image-5520 alignleft\" src=\"https:\/\/tavapy.gov.py\/biblioteca\/wp-content\/uploads\/2023\/01\/icono-PDF-copia-2.png\" alt=\"\" width=\"121\" height=\"140\" \/><\/a><\/p>\n","protected":false},"featured_media":5516,"comment_status":"open","ping_status":"closed","template":"","meta":{"spay_email":""},"product_cat":[109],"product_tag":[],"class_list":{"0":"post-5556","1":"product","2":"type-product","3":"status-publish","4":"has-post-thumbnail","6":"book_author-stephen-hawking","7":"product_cat-fisica-moderna","8":"entry"},"_links":{"self":[{"href":"https:\/\/tavapy.gov.py\/biblioteca\/wp-json\/wp\/v2\/product\/5556","targetHints":{"allow":["GET"]}}],"collection":[{"href":"https:\/\/tavapy.gov.py\/biblioteca\/wp-json\/wp\/v2\/product"}],"about":[{"href":"https:\/\/tavapy.gov.py\/biblioteca\/wp-json\/wp\/v2\/types\/product"}],"replies":[{"embeddable":true,"href":"https:\/\/tavapy.gov.py\/biblioteca\/wp-json\/wp\/v2\/comments?post=5556"}],"wp:featuredmedia":[{"embeddable":true,"href":"https:\/\/tavapy.gov.py\/biblioteca\/wp-json\/wp\/v2\/media\/5516"}],"wp:attachment":[{"href":"https:\/\/tavapy.gov.py\/biblioteca\/wp-json\/wp\/v2\/media?parent=5556"}],"wp:term":[{"taxonomy":"product_cat","embeddable":true,"href":"https:\/\/tavapy.gov.py\/biblioteca\/wp-json\/wp\/v2\/product_cat?post=5556"},{"taxonomy":"product_tag","embeddable":true,"href":"https:\/\/tavapy.gov.py\/biblioteca\/wp-json\/wp\/v2\/product_tag?post=5556"}],"curies":[{"name":"wp","href":"https:\/\/api.w.org\/{rel}","templated":true}]}}