{"id":5651,"date":"2023-01-07T23:19:22","date_gmt":"2023-01-07T23:19:22","guid":{"rendered":"https:\/\/tavapy.gov.py\/biblioteca\/?post_type=product&#038;p=5651"},"modified":"2023-01-07T23:19:22","modified_gmt":"2023-01-07T23:19:22","slug":"los-dominados-y-el-arte-de-la-resistencia","status":"publish","type":"product","link":"https:\/\/tavapy.gov.py\/biblioteca\/product\/los-dominados-y-el-arte-de-la-resistencia\/","title":{"rendered":"LOS DOMINADOS Y EL ARTE DE LA RESISTENCIA."},"content":{"rendered":"","protected":false},"excerpt":{"rendered":"<p>\u00bfC\u00f3mo sobrevive la gente en situaciones de opresi\u00f3n? \u00bfQu\u00e9 hace posible una revoluci\u00f3n? En tiempos en que el poderoso ejerce un f\u00e9rreo control sobre el comportamiento del resto, \u00bftiene sentido la resistencia? Este ensayo ofrece una perspectiva original en el estudio de las relaciones de poder. Para ello, toma como punto de partida un hecho incuestionable: los actores de la vida social y pol\u00edtica no reducen sus intervenciones al escenario p\u00fablico.<\/p>\n<p>M\u00e1s all\u00e1 de las formas aparentes de hegemon\u00eda, el autor propone discernir las pr\u00e1cticas cotidianas que se llevan a cabo detr\u00e1s de la tribuna p\u00fablica. As\u00ed, presta atenci\u00f3n no a los discursos oficiales, sino a los procedimientos de encubrimiento ling\u00fc\u00edstico, los c\u00f3digos ocultos, el aprovechamiento del anonimato y la ambig\u00fcedad intencional, para descifrar lo que llama el arte de la resistencia.<\/p>\n<p>Este libro publicado en el 2.003 est\u00e1 considerado como una de las mayores aportaciones te\u00f3ricas al debate sobre la relaci\u00f3n dominador-dominado, tanto es as\u00ed que algunos analistas han afirmado que despu\u00e9s de este trabajo los movimientos sociales tuvieron que replantear su estrategia.<\/p>\n<p><a href=\"https:\/\/tavapy.gov.py\/biblioteca\/wp-content\/uploads\/2023\/01\/ScottJ-Los-dominados-y-el-arte-de...pdf\" target=\"_blank\" rel=\"attachment noopener wp-att-5520\"><img loading=\"lazy\" decoding=\"async\" class=\"size-full wp-image-5520 alignleft\" src=\"https:\/\/tavapy.gov.py\/biblioteca\/wp-content\/uploads\/2023\/01\/icono-PDF-copia-2.png\" alt=\"\" width=\"121\" height=\"140\" \/><\/a><\/p>\n","protected":false},"featured_media":5592,"comment_status":"open","ping_status":"closed","template":"","meta":{"spay_email":""},"product_cat":[549],"product_tag":[],"class_list":{"0":"post-5651","1":"product","2":"type-product","3":"status-publish","4":"has-post-thumbnail","6":"book_author-james-c-scott","7":"product_cat-ciencias-politicas-y-sociales","8":"entry"},"_links":{"self":[{"href":"https:\/\/tavapy.gov.py\/biblioteca\/wp-json\/wp\/v2\/product\/5651","targetHints":{"allow":["GET"]}}],"collection":[{"href":"https:\/\/tavapy.gov.py\/biblioteca\/wp-json\/wp\/v2\/product"}],"about":[{"href":"https:\/\/tavapy.gov.py\/biblioteca\/wp-json\/wp\/v2\/types\/product"}],"replies":[{"embeddable":true,"href":"https:\/\/tavapy.gov.py\/biblioteca\/wp-json\/wp\/v2\/comments?post=5651"}],"wp:featuredmedia":[{"embeddable":true,"href":"https:\/\/tavapy.gov.py\/biblioteca\/wp-json\/wp\/v2\/media\/5592"}],"wp:attachment":[{"href":"https:\/\/tavapy.gov.py\/biblioteca\/wp-json\/wp\/v2\/media?parent=5651"}],"wp:term":[{"taxonomy":"product_cat","embeddable":true,"href":"https:\/\/tavapy.gov.py\/biblioteca\/wp-json\/wp\/v2\/product_cat?post=5651"},{"taxonomy":"product_tag","embeddable":true,"href":"https:\/\/tavapy.gov.py\/biblioteca\/wp-json\/wp\/v2\/product_tag?post=5651"}],"curies":[{"name":"wp","href":"https:\/\/api.w.org\/{rel}","templated":true}]}}