{"id":5678,"date":"2023-01-08T04:21:19","date_gmt":"2023-01-08T04:21:19","guid":{"rendered":"https:\/\/tavapy.gov.py\/biblioteca\/?post_type=product&#038;p=5678"},"modified":"2023-01-08T04:21:20","modified_gmt":"2023-01-08T04:21:20","slug":"la-carretera","status":"publish","type":"product","link":"https:\/\/tavapy.gov.py\/biblioteca\/product\/la-carretera\/","title":{"rendered":"LA CARRETERA."},"content":{"rendered":"","protected":false},"excerpt":{"rendered":"<p>La carretera, obra publicada en el 2.006 es novela galardonada con el premio Pulitzer 2007 y bestseller literario del a\u00f1o en Estados Unidos, transcurre en la inmensidad del territorio norteamericano, un paisaje literalmente quemado por lo que parece haber sido un reciente holocausto nuclear.<\/p>\n<p>En un mundo apocal\u00edptico donde llueve ceniza, un hombre y un chico cruzan a pie el territorio norteamericano en direcci\u00f3n al sur. El hambre es mucho m\u00e1s que una preocupaci\u00f3n diaria: es la medida de todas las cosas, y las bandas de can\u00edbales asolan el pa\u00eds convertido en un yermo donde solo la barbarie ha echado ra\u00edces.<\/p>\n<p>El amor de un padre por su hijo es, sin embargo, la \u00fanica luz de una tierra que ha perdido a sus dioses. Quiz\u00e1 el fuego de la civilizaci\u00f3n no se haya apagado para siempre.<\/p>\n<p><a href=\"https:\/\/tavapy.gov.py\/biblioteca\/wp-content\/uploads\/2023\/01\/McCarthyC-La-carretera.pdf\" target=\"_blank\" rel=\"attachment noopener wp-att-5520\"><img loading=\"lazy\" decoding=\"async\" class=\"size-full wp-image-5520 alignleft\" src=\"https:\/\/tavapy.gov.py\/biblioteca\/wp-content\/uploads\/2023\/01\/icono-PDF-copia-2.png\" alt=\"\" width=\"121\" height=\"140\" \/><\/a><\/p>\n","protected":false},"featured_media":5629,"comment_status":"open","ping_status":"closed","template":"","meta":{"spay_email":""},"product_cat":[592],"product_tag":[],"class_list":{"0":"post-5678","1":"product","2":"type-product","3":"status-publish","4":"has-post-thumbnail","6":"book_author-cormac-mccarthy","7":"product_cat-novela-ciencia-ficcion","8":"entry"},"_links":{"self":[{"href":"https:\/\/tavapy.gov.py\/biblioteca\/wp-json\/wp\/v2\/product\/5678","targetHints":{"allow":["GET"]}}],"collection":[{"href":"https:\/\/tavapy.gov.py\/biblioteca\/wp-json\/wp\/v2\/product"}],"about":[{"href":"https:\/\/tavapy.gov.py\/biblioteca\/wp-json\/wp\/v2\/types\/product"}],"replies":[{"embeddable":true,"href":"https:\/\/tavapy.gov.py\/biblioteca\/wp-json\/wp\/v2\/comments?post=5678"}],"wp:featuredmedia":[{"embeddable":true,"href":"https:\/\/tavapy.gov.py\/biblioteca\/wp-json\/wp\/v2\/media\/5629"}],"wp:attachment":[{"href":"https:\/\/tavapy.gov.py\/biblioteca\/wp-json\/wp\/v2\/media?parent=5678"}],"wp:term":[{"taxonomy":"product_cat","embeddable":true,"href":"https:\/\/tavapy.gov.py\/biblioteca\/wp-json\/wp\/v2\/product_cat?post=5678"},{"taxonomy":"product_tag","embeddable":true,"href":"https:\/\/tavapy.gov.py\/biblioteca\/wp-json\/wp\/v2\/product_tag?post=5678"}],"curies":[{"name":"wp","href":"https:\/\/api.w.org\/{rel}","templated":true}]}}