{"id":5679,"date":"2023-01-08T04:26:38","date_gmt":"2023-01-08T04:26:38","guid":{"rendered":"https:\/\/tavapy.gov.py\/biblioteca\/?post_type=product&#038;p=5679"},"modified":"2023-01-08T04:29:22","modified_gmt":"2023-01-08T04:29:22","slug":"meridiano-de-sangre","status":"publish","type":"product","link":"https:\/\/tavapy.gov.py\/biblioteca\/product\/meridiano-de-sangre\/","title":{"rendered":"MERIDIANO DE SANGRE."},"content":{"rendered":"","protected":false},"excerpt":{"rendered":"<p>Esta novela publicada en 1.985 narra la historia de un joven fugitivo (el \u00fanico nombre que se le da es \u00abel chaval\u00bb) que se une a la banda de Glanton, un grupo hist\u00f3rico de mercenarios que fue contratado por el gobernador de Chihuahua para masacrar ind\u00edgenas en la frontera entre Estados Unidos y M\u00e9xico entre 1849 y 1850.<\/p>\n<p>El rol del antagonista es asumido por el Juez Holden, un hombre albino de gran estatura que se dedica a fomentar la violencia.<\/p>\n<p><a href=\"https:\/\/tavapy.gov.py\/biblioteca\/wp-content\/uploads\/2023\/01\/McCarthyC-Meridiano-de-sangre.pdf\" target=\"_blank\" rel=\"attachment noopener wp-att-5520\"><img loading=\"lazy\" decoding=\"async\" class=\"size-full wp-image-5520 alignleft\" src=\"https:\/\/tavapy.gov.py\/biblioteca\/wp-content\/uploads\/2023\/01\/icono-PDF-copia-2.png\" alt=\"\" width=\"121\" height=\"140\" \/><\/a><\/p>\n","protected":false},"featured_media":5632,"comment_status":"open","ping_status":"closed","template":"","meta":{"spay_email":""},"product_cat":[592],"product_tag":[],"class_list":{"0":"post-5679","1":"product","2":"type-product","3":"status-publish","4":"has-post-thumbnail","6":"book_author-cormac-mccarthy","7":"product_cat-novela-ciencia-ficcion","8":"entry"},"_links":{"self":[{"href":"https:\/\/tavapy.gov.py\/biblioteca\/wp-json\/wp\/v2\/product\/5679","targetHints":{"allow":["GET"]}}],"collection":[{"href":"https:\/\/tavapy.gov.py\/biblioteca\/wp-json\/wp\/v2\/product"}],"about":[{"href":"https:\/\/tavapy.gov.py\/biblioteca\/wp-json\/wp\/v2\/types\/product"}],"replies":[{"embeddable":true,"href":"https:\/\/tavapy.gov.py\/biblioteca\/wp-json\/wp\/v2\/comments?post=5679"}],"wp:featuredmedia":[{"embeddable":true,"href":"https:\/\/tavapy.gov.py\/biblioteca\/wp-json\/wp\/v2\/media\/5632"}],"wp:attachment":[{"href":"https:\/\/tavapy.gov.py\/biblioteca\/wp-json\/wp\/v2\/media?parent=5679"}],"wp:term":[{"taxonomy":"product_cat","embeddable":true,"href":"https:\/\/tavapy.gov.py\/biblioteca\/wp-json\/wp\/v2\/product_cat?post=5679"},{"taxonomy":"product_tag","embeddable":true,"href":"https:\/\/tavapy.gov.py\/biblioteca\/wp-json\/wp\/v2\/product_tag?post=5679"}],"curies":[{"name":"wp","href":"https:\/\/api.w.org\/{rel}","templated":true}]}}