{"id":5800,"date":"2023-01-10T22:33:08","date_gmt":"2023-01-10T22:33:08","guid":{"rendered":"https:\/\/tavapy.gov.py\/biblioteca\/?post_type=product&#038;p=5800"},"modified":"2023-01-10T22:33:08","modified_gmt":"2023-01-10T22:33:08","slug":"la-objetividad-un-argumento-para-obligar","status":"publish","type":"product","link":"https:\/\/tavapy.gov.py\/biblioteca\/product\/la-objetividad-un-argumento-para-obligar\/","title":{"rendered":"LA OBJETIVIDAD, UN ARGUMENTO PARA OBLIGAR."},"content":{"rendered":"","protected":false},"excerpt":{"rendered":"<p>Este libro de Maturana publicado en 1.997 es una invitaci\u00f3n a reevaluar los modos de pensar y actuar que se han anquilosado en nuestra convivencia humana y nos impide escucharnos.<\/p>\n<p>Corrientemente usamos la referencia a lo objetivo de nuestras afirmaciones como argumento \u00faltimo para dar por ganada una discusi\u00f3n. Y no solo eso, sino que adem\u00e1s con frecuencia acusamos de il\u00f3gico a quien no acepte lo que decimos. Pero, \u00bfexiste acaso una realidad universal, que debe ser aceptada por todos? \u00bfO es que solo algunos tienen acceso privilegiado a la realidad, de tal forma que quien lo tiene, posee el poder para obligar a otro a aceptar como v\u00e1lido lo que dice?<\/p>\n<p>En este libro, Humberto Maturana nos llevar\u00e1 por un viaje hacia las maneras como se conectan la raz\u00f3n y lo que llamamos realidad, y c\u00f3mo esto determina, muchas veces, nuestro modo de convivir. Este libro nos invita a reflexionar sobre la aceptaci\u00f3n y rechazo del otro, las emociones, la forma como vivimos en el lenguaje, y c\u00f3mo el observar es el punto de partida para entender que la realidad y la raz\u00f3n son usados como argumentos relacionales del dominio de nuestro convivir humano.<\/p>\n<p><a href=\"https:\/\/tavapy.gov.py\/biblioteca\/wp-content\/uploads\/2023\/01\/MaturanaH\u2013La-objetividad-un-argumento-para-obligar.pdf\" target=\"_blank\" rel=\"attachment noopener wp-att-5785\"><img loading=\"lazy\" decoding=\"async\" class=\"size-full wp-image-5785 alignleft\" src=\"https:\/\/tavapy.gov.py\/biblioteca\/wp-content\/uploads\/2023\/01\/icono-PDF-copia-2-1.png\" alt=\"\" width=\"121\" height=\"140\" \/><\/a><\/p>\n","protected":false},"featured_media":5745,"comment_status":"open","ping_status":"closed","template":"","meta":{"spay_email":""},"product_cat":[703],"product_tag":[],"class_list":{"0":"post-5800","1":"product","2":"type-product","3":"status-publish","4":"has-post-thumbnail","6":"book_author-humberto-maturana","7":"product_cat-biologia-moderna-cognicion-humana-filosofia","8":"entry"},"_links":{"self":[{"href":"https:\/\/tavapy.gov.py\/biblioteca\/wp-json\/wp\/v2\/product\/5800","targetHints":{"allow":["GET"]}}],"collection":[{"href":"https:\/\/tavapy.gov.py\/biblioteca\/wp-json\/wp\/v2\/product"}],"about":[{"href":"https:\/\/tavapy.gov.py\/biblioteca\/wp-json\/wp\/v2\/types\/product"}],"replies":[{"embeddable":true,"href":"https:\/\/tavapy.gov.py\/biblioteca\/wp-json\/wp\/v2\/comments?post=5800"}],"wp:featuredmedia":[{"embeddable":true,"href":"https:\/\/tavapy.gov.py\/biblioteca\/wp-json\/wp\/v2\/media\/5745"}],"wp:attachment":[{"href":"https:\/\/tavapy.gov.py\/biblioteca\/wp-json\/wp\/v2\/media?parent=5800"}],"wp:term":[{"taxonomy":"product_cat","embeddable":true,"href":"https:\/\/tavapy.gov.py\/biblioteca\/wp-json\/wp\/v2\/product_cat?post=5800"},{"taxonomy":"product_tag","embeddable":true,"href":"https:\/\/tavapy.gov.py\/biblioteca\/wp-json\/wp\/v2\/product_tag?post=5800"}],"curies":[{"name":"wp","href":"https:\/\/api.w.org\/{rel}","templated":true}]}}