{"id":5827,"date":"2023-01-11T02:17:03","date_gmt":"2023-01-11T02:17:03","guid":{"rendered":"https:\/\/tavapy.gov.py\/biblioteca\/?post_type=product&#038;p=5827"},"modified":"2023-01-11T02:44:55","modified_gmt":"2023-01-11T02:44:55","slug":"la-religiosa","status":"publish","type":"product","link":"https:\/\/tavapy.gov.py\/biblioteca\/product\/la-religiosa\/","title":{"rendered":"LA RELIGIOSA."},"content":{"rendered":"","protected":false},"excerpt":{"rendered":"<p>La religiosa es una novela francesa del siglo XVIII escrita por Denis Diderot. Finalizada alrededor de 1780, esa obra no se public\u00f3 hasta 1796, tras la muerte de su autor.<\/p>\n<p>Ambientada en el siglo XVIII, la novela relata los apuros de Susana Simonin, una inteligente y sensible joven francesa de 16 a\u00f1os a la que sus padres obligan a entrar contra su voluntad en un convento cat\u00f3lico. Al principio, los padres dicen a Susana que la env\u00edan al convento por razones financieras, afirmando que le resulta m\u00e1s barato hacerla monja que pagar una dote matrimonial.<\/p>\n<p>No obstante, ya en el convento, Susana averigua que en realidad la enviaron all\u00ed porque es hija ileg\u00edtima, fruto del adulterio de su madre. La madre cree que al enviarla al convento enmendar\u00e1 su pecado, y sacrifica a su hija en aras de su salvaci\u00f3n.<\/p>\n<p>En el convento, Susana sufre humillaciones, acoso y violencia por negarse a tomar los votos de la comunidad religiosa. Susana accede a entrar en la orden, pero las hermanas la condenan al aislamiento durante seis meses por su reticencia anterior.<\/p>\n<p>Al final, Susana entabla una gran amistad con la madre superiora, sor Moni, que se apiada de la angustiada Susana. En los d\u00edas previos a su muerte, sor Moni conforta a Susana con plegarias y su comprensi\u00f3n del tormento que sufre la joven en el convento.<\/p>\n<p><a href=\"https:\/\/tavapy.gov.py\/biblioteca\/wp-content\/uploads\/2023\/01\/DiderotD-La-religiosa.pdf\" target=\"_blank\" rel=\"attachment noopener wp-att-5785\"><img loading=\"lazy\" decoding=\"async\" class=\"size-full wp-image-5785 alignleft\" src=\"https:\/\/tavapy.gov.py\/biblioteca\/wp-content\/uploads\/2023\/01\/icono-PDF-copia-2-1.png\" alt=\"\" width=\"121\" height=\"140\" \/><\/a><\/p>\n","protected":false},"featured_media":5828,"comment_status":"open","ping_status":"closed","template":"","meta":{"spay_email":""},"product_cat":[57],"product_tag":[],"class_list":{"0":"post-5827","1":"product","2":"type-product","3":"status-publish","4":"has-post-thumbnail","6":"book_author-denis-diderot","7":"product_cat-novela","8":"entry"},"_links":{"self":[{"href":"https:\/\/tavapy.gov.py\/biblioteca\/wp-json\/wp\/v2\/product\/5827","targetHints":{"allow":["GET"]}}],"collection":[{"href":"https:\/\/tavapy.gov.py\/biblioteca\/wp-json\/wp\/v2\/product"}],"about":[{"href":"https:\/\/tavapy.gov.py\/biblioteca\/wp-json\/wp\/v2\/types\/product"}],"replies":[{"embeddable":true,"href":"https:\/\/tavapy.gov.py\/biblioteca\/wp-json\/wp\/v2\/comments?post=5827"}],"wp:featuredmedia":[{"embeddable":true,"href":"https:\/\/tavapy.gov.py\/biblioteca\/wp-json\/wp\/v2\/media\/5828"}],"wp:attachment":[{"href":"https:\/\/tavapy.gov.py\/biblioteca\/wp-json\/wp\/v2\/media?parent=5827"}],"wp:term":[{"taxonomy":"product_cat","embeddable":true,"href":"https:\/\/tavapy.gov.py\/biblioteca\/wp-json\/wp\/v2\/product_cat?post=5827"},{"taxonomy":"product_tag","embeddable":true,"href":"https:\/\/tavapy.gov.py\/biblioteca\/wp-json\/wp\/v2\/product_tag?post=5827"}],"curies":[{"name":"wp","href":"https:\/\/api.w.org\/{rel}","templated":true}]}}