{"id":5847,"date":"2023-01-11T15:09:37","date_gmt":"2023-01-11T15:09:37","guid":{"rendered":"https:\/\/tavapy.gov.py\/biblioteca\/?post_type=product&#038;p=5847"},"modified":"2023-01-11T15:09:37","modified_gmt":"2023-01-11T15:09:37","slug":"confesiones","status":"publish","type":"product","link":"https:\/\/tavapy.gov.py\/biblioteca\/product\/confesiones\/","title":{"rendered":"CONFESIONES."},"content":{"rendered":"","protected":false},"excerpt":{"rendered":"<p>Las confesiones son un di\u00e1logo de Agust\u00edn con Dios y son el fruto de su vida de oraci\u00f3n, de sus meditaciones sobre las Sagradas Escrituras y de sus desvelos apost\u00f3licos por servir de ejemplo a sus hermanos en la fe.<\/p>\n<p>Tambi\u00e9n son una obra hist\u00f3rica que reproduce fielmente las etapas de la conversi\u00f3n de Agust\u00edn a la fe cristiana, una \u00abconversi\u00f3n\u00bb en el sentido psicol\u00f3gico del t\u00e9rmino, es decir, de un cambio en la manera de pensar, de vivir y de ser, y una \u00abconversi\u00f3n\u00bb en el sentido moral de la palabra, de la ruptura total con la vida anterior, del arrepentimiento de los pecados cometidos en el pasado.<\/p>\n<p>Y de una \u00abconversi\u00f3n\u00bb en el sentido teol\u00f3gico y espiritual de la palabra, es decir, en la vuelta a Dios por medio de la aceptaci\u00f3n libre y voluntaria de la fe cristiana y en la entrada en la Iglesia institucional.<\/p>\n<p>Es una de las obras cumbres y permanentes del esp\u00edritu humano porque trata del drama del hombre en su relaci\u00f3n con la divinidad, con un Dios invisible, pero siempre presente en su obra, que no es la raz\u00f3n humana, ni la verdad abstracta, sino la verdad sustancial, Dios omnisciente y omnipresente.<\/p>\n<p>La obra de Agust\u00edn fue publica originalmente en 1.654.<\/p>\n<p><a href=\"https:\/\/tavapy.gov.py\/biblioteca\/wp-content\/uploads\/2023\/01\/Agustin-Confesiones.pdf\" target=\"_blank\" rel=\"attachment noopener wp-att-5785\"><img loading=\"lazy\" decoding=\"async\" class=\"size-full wp-image-5785 alignleft\" src=\"https:\/\/tavapy.gov.py\/biblioteca\/wp-content\/uploads\/2023\/01\/icono-PDF-copia-2-1.png\" alt=\"\" width=\"121\" height=\"140\" \/><\/a><\/p>\n","protected":false},"featured_media":5683,"comment_status":"open","ping_status":"closed","template":"","meta":{"spay_email":""},"product_cat":[721],"product_tag":[],"class_list":{"0":"post-5847","1":"product","2":"type-product","3":"status-publish","4":"has-post-thumbnail","6":"book_author-agustin-de-hipona","7":"product_cat-autobiografia-espiritualidad-teologia","8":"entry"},"_links":{"self":[{"href":"https:\/\/tavapy.gov.py\/biblioteca\/wp-json\/wp\/v2\/product\/5847","targetHints":{"allow":["GET"]}}],"collection":[{"href":"https:\/\/tavapy.gov.py\/biblioteca\/wp-json\/wp\/v2\/product"}],"about":[{"href":"https:\/\/tavapy.gov.py\/biblioteca\/wp-json\/wp\/v2\/types\/product"}],"replies":[{"embeddable":true,"href":"https:\/\/tavapy.gov.py\/biblioteca\/wp-json\/wp\/v2\/comments?post=5847"}],"wp:featuredmedia":[{"embeddable":true,"href":"https:\/\/tavapy.gov.py\/biblioteca\/wp-json\/wp\/v2\/media\/5683"}],"wp:attachment":[{"href":"https:\/\/tavapy.gov.py\/biblioteca\/wp-json\/wp\/v2\/media?parent=5847"}],"wp:term":[{"taxonomy":"product_cat","embeddable":true,"href":"https:\/\/tavapy.gov.py\/biblioteca\/wp-json\/wp\/v2\/product_cat?post=5847"},{"taxonomy":"product_tag","embeddable":true,"href":"https:\/\/tavapy.gov.py\/biblioteca\/wp-json\/wp\/v2\/product_tag?post=5847"}],"curies":[{"name":"wp","href":"https:\/\/api.w.org\/{rel}","templated":true}]}}