{"id":6111,"date":"2023-01-17T20:50:00","date_gmt":"2023-01-17T20:50:00","guid":{"rendered":"https:\/\/tavapy.gov.py\/biblioteca\/?post_type=product&#038;p=6111"},"modified":"2023-01-17T20:50:00","modified_gmt":"2023-01-17T20:50:00","slug":"el-dominio-mental-el-dominio-de-la-mente","status":"publish","type":"product","link":"https:\/\/tavapy.gov.py\/biblioteca\/product\/el-dominio-mental-el-dominio-de-la-mente\/","title":{"rendered":"EL DOMINIO MENTAL: EL DOMINIO DE LA MENTE."},"content":{"rendered":"","protected":false},"excerpt":{"rendered":"<p>Pedro Ba\u00f1os dirige su atenci\u00f3n en este nuevo libro publicado en el 2.020 a las t\u00e9cnicas que el poder utiliza para controlar nuestras emociones, porque quien consigue controlar nuestra mente controla el poder.<\/p>\n<p>Con su reconocida amenidad y lucidez, Pedro Ba\u00f1os aborda en El dominio mental un perturbador porvenir \u2014que, en muchos sentidos, ya es plenamente actual\u2014 desde m\u00faltiples perspectivas: la manipulaci\u00f3n cultural y psicol\u00f3gica, la (de)formaci\u00f3n de las voluntades personales, el control de la informaci\u00f3n y tambi\u00e9n las posibilidades que se abren con la evoluci\u00f3n de las neurotecnolog\u00edas o la inteligencia artificial en todos los campos, incluido el militar.<\/p>\n<p>Adem\u00e1s de combinar una rica divulgaci\u00f3n con un abundante caudal de informaci\u00f3n puesta al d\u00eda, esta obra se presenta como un claro aviso a navegantes, porque se trata, en palabras del propio autor, \u00abde abrir los ojos para estar alerta. Solo si conocemos en qu\u00e9 consiste y c\u00f3mo se consigue esta forma perfecta de dominaci\u00f3n mental, tendremos la posibilidad de ofrecer cierta resistencia a ella y preservar nuestras libertades\u00bb.<\/p>\n<p>Aferr\u00e9monos, pues, a esa posibilidad porque todos \u2014ni\u00f1os, adolescentes y adultos\u2014 estamos a\u00fan a tiempo de desintoxicarnos, de desengancharnos del dominio mental, utilizando el arma m\u00e1s potente de la que disponemos: pensar por nosotros mismos.<\/p>\n<p><a href=\"https:\/\/tavapy.gov.py\/biblioteca\/wp-content\/uploads\/2023\/01\/BanosP-El-dominio-mental-La-geopolitica-de-la-mente.pdf\" target=\"_blank\" rel=\"attachment noopener wp-att-6109\"><img loading=\"lazy\" decoding=\"async\" class=\"size-full wp-image-6109 alignleft\" src=\"https:\/\/tavapy.gov.py\/biblioteca\/wp-content\/uploads\/2023\/01\/icono-PDF-copia-2-2.png\" alt=\"\" width=\"121\" height=\"140\" \/><\/a><\/p>\n","protected":false},"featured_media":5852,"comment_status":"open","ping_status":"closed","template":"","meta":{"spay_email":""},"product_cat":[723],"product_tag":[],"class_list":{"0":"post-6111","1":"product","2":"type-product","3":"status-publish","4":"has-post-thumbnail","6":"book_author-pedro-banos","7":"product_cat-ciencias-politicas-y-sociales-geopolitica","8":"entry"},"_links":{"self":[{"href":"https:\/\/tavapy.gov.py\/biblioteca\/wp-json\/wp\/v2\/product\/6111","targetHints":{"allow":["GET"]}}],"collection":[{"href":"https:\/\/tavapy.gov.py\/biblioteca\/wp-json\/wp\/v2\/product"}],"about":[{"href":"https:\/\/tavapy.gov.py\/biblioteca\/wp-json\/wp\/v2\/types\/product"}],"replies":[{"embeddable":true,"href":"https:\/\/tavapy.gov.py\/biblioteca\/wp-json\/wp\/v2\/comments?post=6111"}],"wp:featuredmedia":[{"embeddable":true,"href":"https:\/\/tavapy.gov.py\/biblioteca\/wp-json\/wp\/v2\/media\/5852"}],"wp:attachment":[{"href":"https:\/\/tavapy.gov.py\/biblioteca\/wp-json\/wp\/v2\/media?parent=6111"}],"wp:term":[{"taxonomy":"product_cat","embeddable":true,"href":"https:\/\/tavapy.gov.py\/biblioteca\/wp-json\/wp\/v2\/product_cat?post=6111"},{"taxonomy":"product_tag","embeddable":true,"href":"https:\/\/tavapy.gov.py\/biblioteca\/wp-json\/wp\/v2\/product_tag?post=6111"}],"curies":[{"name":"wp","href":"https:\/\/api.w.org\/{rel}","templated":true}]}}