{"id":6128,"date":"2023-01-17T22:41:16","date_gmt":"2023-01-17T22:41:16","guid":{"rendered":"https:\/\/tavapy.gov.py\/biblioteca\/?post_type=product&#038;p=6128"},"modified":"2023-01-17T22:41:17","modified_gmt":"2023-01-17T22:41:17","slug":"a-la-caza-de-la-realidad","status":"publish","type":"product","link":"https:\/\/tavapy.gov.py\/biblioteca\/product\/a-la-caza-de-la-realidad\/","title":{"rendered":"A LA CAZA DE LA REALIDAD."},"content":{"rendered":"","protected":false},"excerpt":{"rendered":"<p>\u00abEn la actualidad, miles de millones de seres humanos pasamos largas horas mirando pantallas de diversos tipos. Pero, desde luego, todos sabemos que los hechos y las ideas m\u00e1s interesantes e importantes est\u00e1n detr\u00e1s de las pantallas.<\/p>\n<p>Es este el motivo de que busquemos hechos objetivos detr\u00e1s de las apariencias, causas o azar debajo de los eventos, mecanismos tras los comportamientos y sistemas y patrones detr\u00e1s de los particulares.<\/p>\n<p>Todas estas tareas exigen una imaginaci\u00f3n rigurosa; en particular, requieren de la ficci\u00f3n disciplinada antes que de la fabricaci\u00f3n de mitos. Aunque estamos sumergidos en la realidad, nuestro conocimiento de ella no es inmediato.\u00bb<\/p>\n<p>La obra \u201cA la caza de la realidad\u201d fue publicada en el 2.007.<\/p>\n<p><a href=\"https:\/\/tavapy.gov.py\/biblioteca\/wp-content\/uploads\/2023\/01\/BungeM-A-la-caza-de-la-realidad.pdf\" target=\"_blank\" rel=\"attachment noopener wp-att-6109\"><img loading=\"lazy\" decoding=\"async\" class=\"size-full wp-image-6109 alignleft\" src=\"https:\/\/tavapy.gov.py\/biblioteca\/wp-content\/uploads\/2023\/01\/icono-PDF-copia-2-2.png\" alt=\"\" width=\"121\" height=\"140\" \/><\/a><\/p>\n","protected":false},"featured_media":5880,"comment_status":"open","ping_status":"closed","template":"","meta":{"spay_email":""},"product_cat":[470],"product_tag":[],"class_list":{"0":"post-6128","1":"product","2":"type-product","3":"status-publish","4":"has-post-thumbnail","6":"book_author-mario-bunge","7":"product_cat-filosofia-de-la-ciencia","8":"entry"},"_links":{"self":[{"href":"https:\/\/tavapy.gov.py\/biblioteca\/wp-json\/wp\/v2\/product\/6128","targetHints":{"allow":["GET"]}}],"collection":[{"href":"https:\/\/tavapy.gov.py\/biblioteca\/wp-json\/wp\/v2\/product"}],"about":[{"href":"https:\/\/tavapy.gov.py\/biblioteca\/wp-json\/wp\/v2\/types\/product"}],"replies":[{"embeddable":true,"href":"https:\/\/tavapy.gov.py\/biblioteca\/wp-json\/wp\/v2\/comments?post=6128"}],"wp:featuredmedia":[{"embeddable":true,"href":"https:\/\/tavapy.gov.py\/biblioteca\/wp-json\/wp\/v2\/media\/5880"}],"wp:attachment":[{"href":"https:\/\/tavapy.gov.py\/biblioteca\/wp-json\/wp\/v2\/media?parent=6128"}],"wp:term":[{"taxonomy":"product_cat","embeddable":true,"href":"https:\/\/tavapy.gov.py\/biblioteca\/wp-json\/wp\/v2\/product_cat?post=6128"},{"taxonomy":"product_tag","embeddable":true,"href":"https:\/\/tavapy.gov.py\/biblioteca\/wp-json\/wp\/v2\/product_tag?post=6128"}],"curies":[{"name":"wp","href":"https:\/\/api.w.org\/{rel}","templated":true}]}}