{"id":6129,"date":"2023-01-17T22:46:50","date_gmt":"2023-01-17T22:46:50","guid":{"rendered":"https:\/\/tavapy.gov.py\/biblioteca\/?post_type=product&#038;p=6129"},"modified":"2023-01-17T22:46:51","modified_gmt":"2023-01-17T22:46:51","slug":"emergencia-y-convergencia-novedad-cualitativa-y-unidad-del-conocimiento","status":"publish","type":"product","link":"https:\/\/tavapy.gov.py\/biblioteca\/product\/emergencia-y-convergencia-novedad-cualitativa-y-unidad-del-conocimiento\/","title":{"rendered":"EMERGENCIA Y CONVERGENCIA: NOVEDAD CUALITATIVA Y UNIDAD DEL CONOCIMIENTO."},"content":{"rendered":"","protected":false},"excerpt":{"rendered":"<p>\u00bfC\u00f3mo emergieron las mol\u00e9culas, la vida, la mente, las normas sociales, el Estado? \u00bfPor qu\u00e9 convergieron la fisioqu\u00edmica, la biof\u00edsica, la bioqu\u00edmica, la neurociencia cognitiva o la socioeconom\u00eda? Estas preguntas gu\u00edan la fascinante exploraci\u00f3n de todos los \u00e1mbitos cient\u00edficos que Mario Bunge presenta en esta obra publicada en el 2.004.<\/p>\n<p>Objeto de sus an\u00e1lisis son los mecanismos subyacentes en los hechos observables, las limitaciones del individualismo y el holismo, los alcances de la reducci\u00f3n, los abusos del darwinismo, las diferencias entre la elecci\u00f3n racional y la hermen\u00e9utica, la conformaci\u00f3n modular del cerebro en contraposici\u00f3n con la unidad de la mente, el conjunto de conceptos que se hallan en torno al \u201cpuede ser\u201d, la relevancia de la verdad en todos los aspectos de la vida humana, los obst\u00e1culos a superar para lograr un diagn\u00f3stico m\u00e9dico correcto y las condiciones formales necesarias para la emergencia de una transdisciplina.<\/p>\n<p>No se trata de vanas fantas\u00edas acerca de enigmas ingeniosos pero est\u00e9riles, sino de problemas de gran actualidad que se presentan en todas las disciplinas que estudian la realidad. Si bien este libro aborda problemas filos\u00f3ficos, cuando \u00e9stos son realmente importantes desbordan la filosof\u00eda. Por eso, no est\u00e1 dirigido s\u00f3lo a fil\u00f3sofos profesionales, sino tambi\u00e9n a la amplia comunidad de personas que est\u00e1 interesada en las cuestiones que caracterizan nuestro tiempo y que nos afectan a todos.<\/p>\n<p><a href=\"https:\/\/tavapy.gov.py\/biblioteca\/wp-content\/uploads\/2023\/01\/BungeM-Emergencia-y-convergencia-novedad-cualitativa-y-unidad-del-conocimiento.pdf\" target=\"_blank\" rel=\"attachment noopener wp-att-6109\"><img loading=\"lazy\" decoding=\"async\" class=\"size-full wp-image-6109 alignleft\" src=\"https:\/\/tavapy.gov.py\/biblioteca\/wp-content\/uploads\/2023\/01\/icono-PDF-copia-2-2.png\" alt=\"\" width=\"121\" height=\"140\" \/><\/a><\/p>\n","protected":false},"featured_media":5882,"comment_status":"open","ping_status":"closed","template":"","meta":{"spay_email":""},"product_cat":[470],"product_tag":[],"class_list":{"0":"post-6129","1":"product","2":"type-product","3":"status-publish","4":"has-post-thumbnail","6":"book_author-mario-bunge","7":"product_cat-filosofia-de-la-ciencia","8":"entry"},"_links":{"self":[{"href":"https:\/\/tavapy.gov.py\/biblioteca\/wp-json\/wp\/v2\/product\/6129","targetHints":{"allow":["GET"]}}],"collection":[{"href":"https:\/\/tavapy.gov.py\/biblioteca\/wp-json\/wp\/v2\/product"}],"about":[{"href":"https:\/\/tavapy.gov.py\/biblioteca\/wp-json\/wp\/v2\/types\/product"}],"replies":[{"embeddable":true,"href":"https:\/\/tavapy.gov.py\/biblioteca\/wp-json\/wp\/v2\/comments?post=6129"}],"wp:featuredmedia":[{"embeddable":true,"href":"https:\/\/tavapy.gov.py\/biblioteca\/wp-json\/wp\/v2\/media\/5882"}],"wp:attachment":[{"href":"https:\/\/tavapy.gov.py\/biblioteca\/wp-json\/wp\/v2\/media?parent=6129"}],"wp:term":[{"taxonomy":"product_cat","embeddable":true,"href":"https:\/\/tavapy.gov.py\/biblioteca\/wp-json\/wp\/v2\/product_cat?post=6129"},{"taxonomy":"product_tag","embeddable":true,"href":"https:\/\/tavapy.gov.py\/biblioteca\/wp-json\/wp\/v2\/product_tag?post=6129"}],"curies":[{"name":"wp","href":"https:\/\/api.w.org\/{rel}","templated":true}]}}