{"id":6131,"date":"2023-01-17T23:54:45","date_gmt":"2023-01-17T23:54:45","guid":{"rendered":"https:\/\/tavapy.gov.py\/biblioteca\/?post_type=product&#038;p=6131"},"modified":"2023-01-17T23:54:46","modified_gmt":"2023-01-17T23:54:46","slug":"super-cerebro","status":"publish","type":"product","link":"https:\/\/tavapy.gov.py\/biblioteca\/product\/super-cerebro\/","title":{"rendered":"S\u00daPER &#8211; CEREBRO."},"content":{"rendered":"","protected":false},"excerpt":{"rendered":"<p>Este revolucionario y novedoso manual le mostrar\u00e1 c\u00f3mo usar su cerebro como portal hacia la salud, la felicidad y el crecimiento espiritual. En contraste con el cerebro est\u00e1ndar, que s\u00f3lo desempe\u00f1a tareas cotidianas, Chopra y Tanzi proponen que el cerebro puede aprender a superar sus limitaciones actuales.<\/p>\n<p>Supercerebro, obra publicada en el 2.012 le explica c\u00f3mo hacerlo a trav\u00e9s de los descubrimientos cient\u00edficos de vanguardia y la percepci\u00f3n espiritual, del derrumbamiento de los cinco mitos m\u00e1s comunes sobre el cerebro que limitan su potencial y de la implementaci\u00f3n de m\u00e9todos para: \u2022 Usar su cerebro, en vez de permitir que \u00e9l lo use a usted. \u2022 Desarrollar el estilo de vida ideal para tener un cerebro saludable. \u2022 Reducir los riesgos del envejecimiento. \u2022 Fomentar la felicidad y el bienestar por medio de la conexi\u00f3n entre mente y cuerpo. \u2022 Acceder al cerebro iluminado, que es el portal para la libertad y la dicha. \u2022 Sobreponerse a los retos m\u00e1s comunes, como la p\u00e9rdida de memoria, la depresi\u00f3n, la ansiedad y la obesidad. Su cerebro es capaz de sanar de forma extraordinaria y de reconfigurarse de forma constante. Si establece una nueva relaci\u00f3n con \u00e9l, transformar\u00e1 su vida.<\/p>\n<p><a href=\"https:\/\/tavapy.gov.py\/biblioteca\/wp-content\/uploads\/2023\/01\/ChopraD-Super-cerebro.pdf\" target=\"_blank\" rel=\"attachment noopener wp-att-6109\"><img loading=\"lazy\" decoding=\"async\" class=\"size-full wp-image-6109 alignleft\" src=\"https:\/\/tavapy.gov.py\/biblioteca\/wp-content\/uploads\/2023\/01\/icono-PDF-copia-2-2.png\" alt=\"\" width=\"121\" height=\"140\" \/><\/a><\/p>\n","protected":false},"featured_media":5886,"comment_status":"open","ping_status":"closed","template":"","meta":{"spay_email":""},"product_cat":[522],"product_tag":[],"class_list":{"0":"post-6131","1":"product","2":"type-product","3":"status-publish","4":"has-post-thumbnail","6":"product_cat-autoayuda-espiritualidad","7":"entry"},"_links":{"self":[{"href":"https:\/\/tavapy.gov.py\/biblioteca\/wp-json\/wp\/v2\/product\/6131","targetHints":{"allow":["GET"]}}],"collection":[{"href":"https:\/\/tavapy.gov.py\/biblioteca\/wp-json\/wp\/v2\/product"}],"about":[{"href":"https:\/\/tavapy.gov.py\/biblioteca\/wp-json\/wp\/v2\/types\/product"}],"replies":[{"embeddable":true,"href":"https:\/\/tavapy.gov.py\/biblioteca\/wp-json\/wp\/v2\/comments?post=6131"}],"wp:featuredmedia":[{"embeddable":true,"href":"https:\/\/tavapy.gov.py\/biblioteca\/wp-json\/wp\/v2\/media\/5886"}],"wp:attachment":[{"href":"https:\/\/tavapy.gov.py\/biblioteca\/wp-json\/wp\/v2\/media?parent=6131"}],"wp:term":[{"taxonomy":"product_cat","embeddable":true,"href":"https:\/\/tavapy.gov.py\/biblioteca\/wp-json\/wp\/v2\/product_cat?post=6131"},{"taxonomy":"product_tag","embeddable":true,"href":"https:\/\/tavapy.gov.py\/biblioteca\/wp-json\/wp\/v2\/product_tag?post=6131"}],"curies":[{"name":"wp","href":"https:\/\/api.w.org\/{rel}","templated":true}]}}