{"id":6137,"date":"2023-01-18T14:27:21","date_gmt":"2023-01-18T14:27:21","guid":{"rendered":"https:\/\/tavapy.gov.py\/biblioteca\/?post_type=product&#038;p=6137"},"modified":"2023-01-18T14:27:22","modified_gmt":"2023-01-18T14:27:22","slug":"el-nacimiento-del-cristianismo","status":"publish","type":"product","link":"https:\/\/tavapy.gov.py\/biblioteca\/product\/el-nacimiento-del-cristianismo\/","title":{"rendered":"EL NACIMIENTO DEL CRISTIANISMO."},"content":{"rendered":"","protected":false},"excerpt":{"rendered":"<p>John Dominic Crossan, autor de importantes obras sobre el Jes\u00fas hist\u00f3rico, presenta una fascinante y esencial investigaci\u00f3n sobre la aparici\u00f3n del cristianismo en los a\u00f1os anteriores e inmediatamente posteriores a la crucifixi\u00f3n, en esta obra denominada \u201cEl nacimiento del cristianismo\u201d publicada en 1.998.<\/p>\n<p>El enfoque interdisciplinar de Crossan arroja nueva luz sobre el contexto cultural y teol\u00f3gico en que surgi\u00f3 la Iglesia cristiana y plantea cuestiones esenciales sobre el papel de san Pablo y el significado de la resurrecci\u00f3n. En un momento en que el juda\u00edsmo tradicional antiguo se ve sometido a una presi\u00f3n creciente, tanto por la explotaci\u00f3n comercial romana como por la dominaci\u00f3n cultural griega, el movimiento del reino de Dios de Jes\u00fas y sus seguidores establece una resistencia radical pero no violenta en la Baja Galilea de finales de los a\u00f1os 20.<\/p>\n<p>Frente a las escuelas jud\u00edas primitivas y las academias influidas por el pensamiento griego, que presentaban visiones contrarias de la naturaleza del esp\u00edritu y la carne, es el mensaje anunciado por Jes\u00fas durante su vida lo que crea el centro espiritual de la Iglesia primitiva. La resurrecci\u00f3n, aunque constituye un elemento esencial de la historia de Cristo tal como se ha narrado a trav\u00e9s de los siglos, se entiende bajo una luz diferente cuando es presentada en el marco de una cultura mediterr\u00e1nea en la que acontecimientos como las apariciones de muertos y las visiones ext\u00e1ticas no eran algo ins\u00f3lito.<\/p>\n<p>Aun cuando las ense\u00f1anzas escatol\u00f3gicas de Pablo desempe\u00f1an un papel importante en el crecimiento y desarrollo de la Iglesia, en realidad no definen el momento de su nacimiento, sino que son posteriores a \u00e9l. Innovadora y compuesta con enorme brillantez, El nacimiento del cristianismo es una obra indispensable para nuestra comprensi\u00f3n de los or\u00edgenes de la fe cristiana.<\/p>\n<p><a href=\"https:\/\/tavapy.gov.py\/biblioteca\/wp-content\/uploads\/2023\/01\/CrossanJ_El-nacimiento-del-cristianismo.pdf\" target=\"_blank\" rel=\"attachment noopener wp-att-6109\"><img loading=\"lazy\" decoding=\"async\" class=\"size-full wp-image-6109 alignleft\" src=\"https:\/\/tavapy.gov.py\/biblioteca\/wp-content\/uploads\/2023\/01\/icono-PDF-copia-2-2.png\" alt=\"\" width=\"121\" height=\"140\" \/><\/a><\/p>\n","protected":false},"featured_media":5896,"comment_status":"open","ping_status":"closed","template":"","meta":{"spay_email":""},"product_cat":[732],"product_tag":[],"class_list":{"0":"post-6137","1":"product","2":"type-product","3":"status-publish","4":"has-post-thumbnail","6":"book_author-john-dominic-crossan","7":"product_cat-estudios-biblicos-arqueologia-historia-sociologia","8":"entry"},"_links":{"self":[{"href":"https:\/\/tavapy.gov.py\/biblioteca\/wp-json\/wp\/v2\/product\/6137","targetHints":{"allow":["GET"]}}],"collection":[{"href":"https:\/\/tavapy.gov.py\/biblioteca\/wp-json\/wp\/v2\/product"}],"about":[{"href":"https:\/\/tavapy.gov.py\/biblioteca\/wp-json\/wp\/v2\/types\/product"}],"replies":[{"embeddable":true,"href":"https:\/\/tavapy.gov.py\/biblioteca\/wp-json\/wp\/v2\/comments?post=6137"}],"wp:featuredmedia":[{"embeddable":true,"href":"https:\/\/tavapy.gov.py\/biblioteca\/wp-json\/wp\/v2\/media\/5896"}],"wp:attachment":[{"href":"https:\/\/tavapy.gov.py\/biblioteca\/wp-json\/wp\/v2\/media?parent=6137"}],"wp:term":[{"taxonomy":"product_cat","embeddable":true,"href":"https:\/\/tavapy.gov.py\/biblioteca\/wp-json\/wp\/v2\/product_cat?post=6137"},{"taxonomy":"product_tag","embeddable":true,"href":"https:\/\/tavapy.gov.py\/biblioteca\/wp-json\/wp\/v2\/product_tag?post=6137"}],"curies":[{"name":"wp","href":"https:\/\/api.w.org\/{rel}","templated":true}]}}