{"id":6145,"date":"2023-01-18T20:45:21","date_gmt":"2023-01-18T20:45:21","guid":{"rendered":"https:\/\/tavapy.gov.py\/biblioteca\/?post_type=product&#038;p=6145"},"modified":"2023-01-18T20:45:21","modified_gmt":"2023-01-18T20:45:21","slug":"la-administracion-en-una-epoca-de-grandes-cambios-2","status":"publish","type":"product","link":"https:\/\/tavapy.gov.py\/biblioteca\/product\/la-administracion-en-una-epoca-de-grandes-cambios-2\/","title":{"rendered":"LA ADMINISTRACI\u00d3N EN UNA \u00c9POCA DE GRANDES CAMBIOS."},"content":{"rendered":"","protected":false},"excerpt":{"rendered":"<p>Sin lugar a dudas Peter Drucker es el pensador que comprendi\u00f3 mejor que ning\u00fan otro el arte y la ciencia del management. Sus ensayos han guiado los estudios de varias generaciones y contin\u00faan orientando la gesti\u00f3n en la empresa actual.<\/p>\n<p>Este libro publicado en 1.996 nos muestra a Peter Drucker en su faz m\u00e1s persuasiva y concluyente, dando muestras de lo que mejor sabe hacer: descubrir cu\u00e1les son los desaf\u00edos en esta era de constantes cambios y explicar c\u00f3mo se manejan realmente los negocios.<\/p>\n<p>Examina tambi\u00e9n las tendencias y los lugares comunes que est\u00e1n de moda en la administraci\u00f3n para aclarar su significado y determinar hasta qu\u00e9 punto son v\u00e1lidos en la pr\u00e1ctica, y provee, sobre todo, una perspectiva fundamental al ubicar la ciencia del management en el contexto m\u00e1s amplio del gobierno, la sociedad, la tecnolog\u00eda y la econom\u00eda mundiales.<\/p>\n<p><a href=\"https:\/\/tavapy.gov.py\/biblioteca\/wp-content\/uploads\/2023\/01\/Drucker-P-La-Administracion-en-una-epoca-de-grandes-cambios.pdf\" target=\"_blank\" rel=\"attachment noopener wp-att-6109\"><img loading=\"lazy\" decoding=\"async\" class=\"size-full wp-image-6109 alignleft\" src=\"https:\/\/tavapy.gov.py\/biblioteca\/wp-content\/uploads\/2023\/01\/icono-PDF-copia-2-2.png\" alt=\"\" width=\"121\" height=\"140\" \/><\/a><\/p>\n","protected":false},"featured_media":5912,"comment_status":"open","ping_status":"closed","template":"","meta":{"spay_email":""},"product_cat":[88],"product_tag":[],"class_list":{"0":"post-6145","1":"product","2":"type-product","3":"status-publish","4":"has-post-thumbnail","6":"book_author-peter-drucker","7":"product_cat-administracion","8":"entry"},"_links":{"self":[{"href":"https:\/\/tavapy.gov.py\/biblioteca\/wp-json\/wp\/v2\/product\/6145","targetHints":{"allow":["GET"]}}],"collection":[{"href":"https:\/\/tavapy.gov.py\/biblioteca\/wp-json\/wp\/v2\/product"}],"about":[{"href":"https:\/\/tavapy.gov.py\/biblioteca\/wp-json\/wp\/v2\/types\/product"}],"replies":[{"embeddable":true,"href":"https:\/\/tavapy.gov.py\/biblioteca\/wp-json\/wp\/v2\/comments?post=6145"}],"wp:featuredmedia":[{"embeddable":true,"href":"https:\/\/tavapy.gov.py\/biblioteca\/wp-json\/wp\/v2\/media\/5912"}],"wp:attachment":[{"href":"https:\/\/tavapy.gov.py\/biblioteca\/wp-json\/wp\/v2\/media?parent=6145"}],"wp:term":[{"taxonomy":"product_cat","embeddable":true,"href":"https:\/\/tavapy.gov.py\/biblioteca\/wp-json\/wp\/v2\/product_cat?post=6145"},{"taxonomy":"product_tag","embeddable":true,"href":"https:\/\/tavapy.gov.py\/biblioteca\/wp-json\/wp\/v2\/product_tag?post=6145"}],"curies":[{"name":"wp","href":"https:\/\/api.w.org\/{rel}","templated":true}]}}