{"id":6155,"date":"2023-01-18T21:53:30","date_gmt":"2023-01-18T21:53:30","guid":{"rendered":"https:\/\/tavapy.gov.py\/biblioteca\/?post_type=product&#038;p=6155"},"modified":"2024-07-08T06:07:13","modified_gmt":"2024-07-08T06:07:13","slug":"amor-y-matematicas-el-corazon-de-la-realidad-oculta","status":"publish","type":"product","link":"https:\/\/tavapy.gov.py\/biblioteca\/product\/amor-y-matematicas-el-corazon-de-la-realidad-oculta\/","title":{"rendered":"AMOR Y MATEM\u00c1TICAS. EL CORAZ\u00d3N DE LA REALIDAD OCULTA."},"content":{"rendered":"","protected":false},"excerpt":{"rendered":"<p>\u00bfQu\u00e9 suceder\u00eda si en clase de arte te explicaran c\u00f3mo pintar una verja? \u00bfO si jam\u00e1s te mostraran una pintura o te hablaran de la existencia de Van Gogh o Picasso? Pues as\u00ed es como nos han ense\u00f1ado matem\u00e1ticas, el equivalente a ver la pintura de la verja secarse. En este fascinante libro publicado en el 2.013, uno de los matem\u00e1ticos m\u00e1s brillantes del momento nos revela el lado de las matem\u00e1ticas que jam\u00e1s hemos visto, barnizadas con toda la belleza y elegancia de una pieza de arte.<\/p>\n<p>Frenkel nos muestra una disciplina presente en el coraz\u00f3n de toda la materia, que une culturas, tiempo y espacio. Y lo hace a trav\u00e9s de dos historias, la de las maravillas de las matem\u00e1ticas y la historia personal del autor, que huy\u00f3 de un sistema educativo discriminatorio para convertirse en uno de los matem\u00e1ticos m\u00e1s importantes del siglo xxi.<\/p>\n<p>Pero el libro no es solo una apasionante historia de superaci\u00f3n personal te\u00f1ida de divulgaci\u00f3n cient\u00edfica, sino que nos introduce en una nueva forma de pensamiento capaz de enriquecer nuestra vida personal y ayudarnos a entender mejor el mundo y el lugar que ocupamos en \u00e9l. Es una invitaci\u00f3n a descubrir la magia del universo escondido de las matem\u00e1ticas.<\/p>\n<p><a href=\"https:\/\/tavapy.gov.py\/biblioteca\/wp-content\/uploads\/2023\/01\/FrenkelE-Amor-y-matematicas.pdf\" target=\"_blank\" rel=\"attachment noopener wp-att-6109\"><img loading=\"lazy\" decoding=\"async\" class=\"size-full wp-image-6109 alignleft\" src=\"https:\/\/tavapy.gov.py\/biblioteca\/wp-content\/uploads\/2023\/01\/icono-PDF-copia-2-2.png\" alt=\"\" width=\"121\" height=\"140\" \/><\/a><\/p>\n","protected":false},"featured_media":5930,"comment_status":"open","ping_status":"closed","template":"","meta":{"spay_email":""},"product_cat":[737],"product_tag":[],"class_list":{"0":"post-6155","1":"product","2":"type-product","3":"status-publish","4":"has-post-thumbnail","6":"book_author-edward-frenkel","7":"product_cat-ciencia-matematicas-divulgativas","8":"entry"},"_links":{"self":[{"href":"https:\/\/tavapy.gov.py\/biblioteca\/wp-json\/wp\/v2\/product\/6155","targetHints":{"allow":["GET"]}}],"collection":[{"href":"https:\/\/tavapy.gov.py\/biblioteca\/wp-json\/wp\/v2\/product"}],"about":[{"href":"https:\/\/tavapy.gov.py\/biblioteca\/wp-json\/wp\/v2\/types\/product"}],"replies":[{"embeddable":true,"href":"https:\/\/tavapy.gov.py\/biblioteca\/wp-json\/wp\/v2\/comments?post=6155"}],"wp:featuredmedia":[{"embeddable":true,"href":"https:\/\/tavapy.gov.py\/biblioteca\/wp-json\/wp\/v2\/media\/5930"}],"wp:attachment":[{"href":"https:\/\/tavapy.gov.py\/biblioteca\/wp-json\/wp\/v2\/media?parent=6155"}],"wp:term":[{"taxonomy":"product_cat","embeddable":true,"href":"https:\/\/tavapy.gov.py\/biblioteca\/wp-json\/wp\/v2\/product_cat?post=6155"},{"taxonomy":"product_tag","embeddable":true,"href":"https:\/\/tavapy.gov.py\/biblioteca\/wp-json\/wp\/v2\/product_tag?post=6155"}],"curies":[{"name":"wp","href":"https:\/\/api.w.org\/{rel}","templated":true}]}}