{"id":6161,"date":"2023-01-18T22:27:41","date_gmt":"2023-01-18T22:27:41","guid":{"rendered":"https:\/\/tavapy.gov.py\/biblioteca\/?post_type=product&#038;p=6161"},"modified":"2023-01-18T22:27:41","modified_gmt":"2023-01-18T22:27:41","slug":"el-cerebro-social","status":"publish","type":"product","link":"https:\/\/tavapy.gov.py\/biblioteca\/product\/el-cerebro-social\/","title":{"rendered":"EL CEREBRO SOCIAL."},"content":{"rendered":"","protected":false},"excerpt":{"rendered":"<p>Durante siglos, el pensamiento occidental ha alimentado la idea de que nuestra conducta y nuestros pensamientos son producto de una entidad unitaria -la \u00abmente\u00bb- que reside en ese intrincado laberinto de conexiones neuronales que es el cerebro. Desentra\u00f1ar la estructura oculta en la densa mara\u00f1a cerebral es uno de los grandes desaf\u00edos de la ciencia moderna.<\/p>\n<p>Michael Gazzaniga -famoso por sus experimentos sobre el cerebro dividido- es uno de los exploradores que con m\u00e1s \u00e9xito se ha adentrado en este laberinto. El cerebro social, libro publicado en 1.985 es la cr\u00f3nica de sus viajes por las moradas de la mente, escrita en el lenguaje llano, asequible a todo el mundo y portadora de noticias sorprendentes: la m\u00edtica mente unitaria y consciente no existe.<\/p>\n<p>Lo que se oculta en el interior del laberinto es una \u00absociedad\u00bb de sistemas relativamente independientes (m\u00f3dulos), capaces de funcionar unos al margen de otros, y de los que nuestra conciencia muchas veces no tiene noticia.<\/p>\n<p><a href=\"https:\/\/tavapy.gov.py\/biblioteca\/wp-content\/uploads\/2023\/01\/GazzanigaM-El-Cerebro-Social.pdf\" target=\"_blank\" rel=\"attachment noopener wp-att-6109\"><img loading=\"lazy\" decoding=\"async\" class=\"size-full wp-image-6109 alignleft\" src=\"https:\/\/tavapy.gov.py\/biblioteca\/wp-content\/uploads\/2023\/01\/icono-PDF-copia-2-2.png\" alt=\"\" width=\"121\" height=\"140\" \/><\/a><\/p>\n","protected":false},"featured_media":5940,"comment_status":"open","ping_status":"closed","template":"","meta":{"spay_email":""},"product_cat":[361],"product_tag":[],"class_list":{"0":"post-6161","1":"product","2":"type-product","3":"status-publish","4":"has-post-thumbnail","6":"book_author-michael-gazzaniga","7":"product_cat-neurociencia-psicologia","8":"entry"},"_links":{"self":[{"href":"https:\/\/tavapy.gov.py\/biblioteca\/wp-json\/wp\/v2\/product\/6161","targetHints":{"allow":["GET"]}}],"collection":[{"href":"https:\/\/tavapy.gov.py\/biblioteca\/wp-json\/wp\/v2\/product"}],"about":[{"href":"https:\/\/tavapy.gov.py\/biblioteca\/wp-json\/wp\/v2\/types\/product"}],"replies":[{"embeddable":true,"href":"https:\/\/tavapy.gov.py\/biblioteca\/wp-json\/wp\/v2\/comments?post=6161"}],"wp:featuredmedia":[{"embeddable":true,"href":"https:\/\/tavapy.gov.py\/biblioteca\/wp-json\/wp\/v2\/media\/5940"}],"wp:attachment":[{"href":"https:\/\/tavapy.gov.py\/biblioteca\/wp-json\/wp\/v2\/media?parent=6161"}],"wp:term":[{"taxonomy":"product_cat","embeddable":true,"href":"https:\/\/tavapy.gov.py\/biblioteca\/wp-json\/wp\/v2\/product_cat?post=6161"},{"taxonomy":"product_tag","embeddable":true,"href":"https:\/\/tavapy.gov.py\/biblioteca\/wp-json\/wp\/v2\/product_tag?post=6161"}],"curies":[{"name":"wp","href":"https:\/\/api.w.org\/{rel}","templated":true}]}}