{"id":6170,"date":"2023-01-18T23:18:08","date_gmt":"2023-01-18T23:18:08","guid":{"rendered":"https:\/\/tavapy.gov.py\/biblioteca\/?post_type=product&#038;p=6170"},"modified":"2023-01-18T23:18:09","modified_gmt":"2023-01-18T23:18:09","slug":"las-33-estrategias-de-la-guerra","status":"publish","type":"product","link":"https:\/\/tavapy.gov.py\/biblioteca\/product\/las-33-estrategias-de-la-guerra\/","title":{"rendered":"LAS 33 ESTRATEGIAS DE LA GUERRA."},"content":{"rendered":"","protected":false},"excerpt":{"rendered":"<p>En una realidad cada vez m\u00e1s competitiva y hostil, no basta con conocer las herramientas tradicionales de la cooperaci\u00f3n, la comunicaci\u00f3n y la civilidad. Como reza la parad\u00f3jica sentencia, el que quiera paz deber\u00e1 prepararse para la guerra. En la pol\u00edtica, los negocios y buena parte de nuestras interacciones sociales, es el conflicto, interno y externo, el que rige la toma diaria de decisiones.<\/p>\n<p>En su aclamado libro publicado en el 2.006 Las 33 estrategias de la guerra, Robert Greene parte de esta concepci\u00f3n de la sociedad para sintetizar las claves de la defensa, el ataque, los planes de batalla, la diplomacia y el manejo del triunfo y la derrota en 33 m\u00e1ximas fundamentales para todos los aspectos de la vida. Esta gu\u00eda r\u00e1pida condensa los puntos esenciales de la obra de Greene, presentando historias, principios y ejemplos clave para librar con entereza los desaf\u00edos de un mundo inmisericorde y traicionero.<\/p>\n<p><a href=\"https:\/\/tavapy.gov.py\/biblioteca\/wp-content\/uploads\/2023\/01\/GreeneR-las-33-estrategias-de-la-guerra1.pdf\" target=\"_blank\" rel=\"attachment noopener wp-att-6109\"><img loading=\"lazy\" decoding=\"async\" class=\"size-full wp-image-6109 alignleft\" src=\"https:\/\/tavapy.gov.py\/biblioteca\/wp-content\/uploads\/2023\/01\/icono-PDF-copia-2-2.png\" alt=\"\" width=\"121\" height=\"140\" \/><\/a><\/p>\n","protected":false},"featured_media":5958,"comment_status":"open","ping_status":"closed","template":"","meta":{"spay_email":""},"product_cat":[742],"product_tag":[],"class_list":{"0":"post-6170","1":"product","2":"type-product","3":"status-publish","4":"has-post-thumbnail","6":"book_author-robert-greene","7":"product_cat-empresas-gestion-empresarial","8":"entry"},"_links":{"self":[{"href":"https:\/\/tavapy.gov.py\/biblioteca\/wp-json\/wp\/v2\/product\/6170","targetHints":{"allow":["GET"]}}],"collection":[{"href":"https:\/\/tavapy.gov.py\/biblioteca\/wp-json\/wp\/v2\/product"}],"about":[{"href":"https:\/\/tavapy.gov.py\/biblioteca\/wp-json\/wp\/v2\/types\/product"}],"replies":[{"embeddable":true,"href":"https:\/\/tavapy.gov.py\/biblioteca\/wp-json\/wp\/v2\/comments?post=6170"}],"wp:featuredmedia":[{"embeddable":true,"href":"https:\/\/tavapy.gov.py\/biblioteca\/wp-json\/wp\/v2\/media\/5958"}],"wp:attachment":[{"href":"https:\/\/tavapy.gov.py\/biblioteca\/wp-json\/wp\/v2\/media?parent=6170"}],"wp:term":[{"taxonomy":"product_cat","embeddable":true,"href":"https:\/\/tavapy.gov.py\/biblioteca\/wp-json\/wp\/v2\/product_cat?post=6170"},{"taxonomy":"product_tag","embeddable":true,"href":"https:\/\/tavapy.gov.py\/biblioteca\/wp-json\/wp\/v2\/product_tag?post=6170"}],"curies":[{"name":"wp","href":"https:\/\/api.w.org\/{rel}","templated":true}]}}