{"id":6179,"date":"2023-01-19T00:18:42","date_gmt":"2023-01-19T00:18:42","guid":{"rendered":"https:\/\/tavapy.gov.py\/biblioteca\/?post_type=product&#038;p=6179"},"modified":"2023-01-19T00:18:42","modified_gmt":"2023-01-19T00:18:42","slug":"la-nueva-biologia-de-la-mente","status":"publish","type":"product","link":"https:\/\/tavapy.gov.py\/biblioteca\/product\/la-nueva-biologia-de-la-mente\/","title":{"rendered":"LA NUEVA BIOLOG\u00cdA DE LA MENTE."},"content":{"rendered":"","protected":false},"excerpt":{"rendered":"<p>Un apasionante ensayo sobre el cerebro y sus trastornos de la mano del famoso neurocient\u00edfico y premio nobel Eric R. Kandel que fue publicado en el 2.019.<\/p>\n<p>Los trastornos neurol\u00f3gicos y psiqui\u00e1tricos han sido considerados como algo completamente distinto dependiendo de si parecen afectar el cerebro o la mente. Sin embargo, lo cierto es que el cerebro y la mente son inseparables. Ambos tipos de trastornos pueden afectar todos los aspectos de la funci\u00f3n cerebral: desde la percepci\u00f3n, la acci\u00f3n, la memoria y la emoci\u00f3n hasta la empat\u00eda, la interacci\u00f3n social, la atenci\u00f3n y la conciencia.<\/p>\n<p>Sobre la base de su pionera investigaci\u00f3n, Eric R. Kandel ilustra c\u00f3mo los innovadores estudios sobre trastornos cerebrales pueden profundizar nuestra comprensi\u00f3n del pensamiento, los sentimientos, el comportamiento, la memoria y la creatividad, y quiz\u00e1s en el futuro transformar\u00e1n la atenci\u00f3n m\u00e9dica y conducir\u00e1n al desarrollo de una teor\u00eda unificada de la mente.<\/p>\n<p><a href=\"https:\/\/tavapy.gov.py\/biblioteca\/wp-content\/uploads\/2023\/01\/KandelE-La-nueva-biologia-de-la-mente.pdf\" target=\"_blank\" rel=\"attachment noopener wp-att-6109\"><img loading=\"lazy\" decoding=\"async\" class=\"size-full wp-image-6109 alignleft\" src=\"https:\/\/tavapy.gov.py\/biblioteca\/wp-content\/uploads\/2023\/01\/icono-PDF-copia-2-2.png\" alt=\"\" width=\"121\" height=\"140\" \/><\/a><\/p>\n","protected":false},"featured_media":5976,"comment_status":"open","ping_status":"closed","template":"","meta":{"spay_email":""},"product_cat":[531],"product_tag":[],"class_list":{"0":"post-6179","1":"product","2":"type-product","3":"status-publish","4":"has-post-thumbnail","6":"book_author-eric-kandel","7":"product_cat-neurociencia-medicina","8":"entry"},"_links":{"self":[{"href":"https:\/\/tavapy.gov.py\/biblioteca\/wp-json\/wp\/v2\/product\/6179","targetHints":{"allow":["GET"]}}],"collection":[{"href":"https:\/\/tavapy.gov.py\/biblioteca\/wp-json\/wp\/v2\/product"}],"about":[{"href":"https:\/\/tavapy.gov.py\/biblioteca\/wp-json\/wp\/v2\/types\/product"}],"replies":[{"embeddable":true,"href":"https:\/\/tavapy.gov.py\/biblioteca\/wp-json\/wp\/v2\/comments?post=6179"}],"wp:featuredmedia":[{"embeddable":true,"href":"https:\/\/tavapy.gov.py\/biblioteca\/wp-json\/wp\/v2\/media\/5976"}],"wp:attachment":[{"href":"https:\/\/tavapy.gov.py\/biblioteca\/wp-json\/wp\/v2\/media?parent=6179"}],"wp:term":[{"taxonomy":"product_cat","embeddable":true,"href":"https:\/\/tavapy.gov.py\/biblioteca\/wp-json\/wp\/v2\/product_cat?post=6179"},{"taxonomy":"product_tag","embeddable":true,"href":"https:\/\/tavapy.gov.py\/biblioteca\/wp-json\/wp\/v2\/product_tag?post=6179"}],"curies":[{"name":"wp","href":"https:\/\/api.w.org\/{rel}","templated":true}]}}