{"id":6180,"date":"2023-01-19T00:23:56","date_gmt":"2023-01-19T00:23:56","guid":{"rendered":"https:\/\/tavapy.gov.py\/biblioteca\/?post_type=product&#038;p=6180"},"modified":"2023-01-19T00:23:56","modified_gmt":"2023-01-19T00:23:56","slug":"neurociencia-y-conducta","status":"publish","type":"product","link":"https:\/\/tavapy.gov.py\/biblioteca\/product\/neurociencia-y-conducta\/","title":{"rendered":"NEUROCIENCIA Y CONDUCTA."},"content":{"rendered":"","protected":false},"excerpt":{"rendered":"<p>Las bases biol\u00f3gicas de la mente tendr\u00e1n un papel todav\u00eda m\u00e1s importante en los pr\u00f3ximos a\u00f1os, por ello esta obra se presenta como referencia obligada, ya que la neurociencia es el nexo natural entre las humanidades y las ciencias naturales.<\/p>\n<p>Este es un texto introductorio publicado en 1.996 que enfatiza la interdependencia de la neurobiolog\u00eda y la ciencia cognitiva. De la neurobiolog\u00eda molecular, del conocimiento de los genes y de las prote\u00ednas, surjan aproximaciones importantes a la l\u00f3gica de los procesos cognitivos. Por ello el tratamiento de los mecanismos celulares de la comunicaci\u00f3n neural tiene una especial relevancia en la estructura de este libro.<\/p>\n<p>El estudio de la formaci\u00f3n de conexiones entre neuronas durante el desarrollo aproxima al lector a la comprensi\u00f3n de las relaciones entre circuitos neurales y actos comportamentales.<\/p>\n<p><a href=\"https:\/\/tavapy.gov.py\/biblioteca\/wp-content\/uploads\/2023\/01\/KandelE-Neurociencia-y-Conducta.pdf\" target=\"_blank\" rel=\"attachment noopener wp-att-6109\"><img loading=\"lazy\" decoding=\"async\" class=\"size-full wp-image-6109 alignleft\" src=\"https:\/\/tavapy.gov.py\/biblioteca\/wp-content\/uploads\/2023\/01\/icono-PDF-copia-2-2.png\" alt=\"\" width=\"121\" height=\"140\" \/><\/a><\/p>\n","protected":false},"featured_media":5978,"comment_status":"open","ping_status":"closed","template":"","meta":{"spay_email":""},"product_cat":[745],"product_tag":[],"class_list":{"0":"post-6180","1":"product","2":"type-product","3":"status-publish","4":"has-post-thumbnail","6":"book_author-eric-kandel","7":"product_cat-neurociencia-biologia-molecular","8":"entry"},"_links":{"self":[{"href":"https:\/\/tavapy.gov.py\/biblioteca\/wp-json\/wp\/v2\/product\/6180","targetHints":{"allow":["GET"]}}],"collection":[{"href":"https:\/\/tavapy.gov.py\/biblioteca\/wp-json\/wp\/v2\/product"}],"about":[{"href":"https:\/\/tavapy.gov.py\/biblioteca\/wp-json\/wp\/v2\/types\/product"}],"replies":[{"embeddable":true,"href":"https:\/\/tavapy.gov.py\/biblioteca\/wp-json\/wp\/v2\/comments?post=6180"}],"wp:featuredmedia":[{"embeddable":true,"href":"https:\/\/tavapy.gov.py\/biblioteca\/wp-json\/wp\/v2\/media\/5978"}],"wp:attachment":[{"href":"https:\/\/tavapy.gov.py\/biblioteca\/wp-json\/wp\/v2\/media?parent=6180"}],"wp:term":[{"taxonomy":"product_cat","embeddable":true,"href":"https:\/\/tavapy.gov.py\/biblioteca\/wp-json\/wp\/v2\/product_cat?post=6180"},{"taxonomy":"product_tag","embeddable":true,"href":"https:\/\/tavapy.gov.py\/biblioteca\/wp-json\/wp\/v2\/product_tag?post=6180"}],"curies":[{"name":"wp","href":"https:\/\/api.w.org\/{rel}","templated":true}]}}