{"id":6195,"date":"2023-01-19T03:24:21","date_gmt":"2023-01-19T03:24:21","guid":{"rendered":"https:\/\/tavapy.gov.py\/biblioteca\/?post_type=product&#038;p=6195"},"modified":"2023-01-19T03:24:21","modified_gmt":"2023-01-19T03:24:21","slug":"que-es-el-sexo","status":"publish","type":"product","link":"https:\/\/tavapy.gov.py\/biblioteca\/product\/que-es-el-sexo\/","title":{"rendered":"\u00bfQU\u00c9 ES EL SEXO?"},"content":{"rendered":"","protected":false},"excerpt":{"rendered":"<p>Son muchos los seres vivos que demuestran que el sexo no es necesario para la reproducci\u00f3n. Entonces, \u00bfpor qu\u00e9 existen otros, entre los que nos incluimos, que optan por una v\u00eda, en principio, m\u00e1s complicada? \u00bfQu\u00e9 hay de poderoso y misterioso en el mecanismo sexual que escapa a cualquier previsi\u00f3n? En \u00bfQu\u00e9 es el sexo?<\/p>\n<p>Lynn Margulis y Dorion Sagan explican en esta obra publicada en 1.997 c\u00f3mo para los seres que lo necesitan para reproducirse, el sexo es una parte crucial del proceso constante de transformaci\u00f3n de energ\u00eda mediante el cual, y de manera placentera, esos mismos seres vivos sobreviven y multiplican sus complejidades.<\/p>\n<p>Pero no s\u00f3lo hay un trasfondo termodin\u00e1mico que, como se nos explica en el libro, se ha adaptado a una Tierra estacionalmente cambiante, en un universo saturado de energ\u00eda. Tambi\u00e9n hay que tener en cuenta que, mediante la reproducci\u00f3n sexual, evolucionaron los animales y comenz\u00f3 la selecci\u00f3n de pareja, de manera que los propios organismos, al escoger unos compa\u00f1eros sexuales y no otros, influyeron en su propia evoluci\u00f3n.<\/p>\n<p>La b\u00fasqueda de pareja contribuy\u00f3 asimismo a configurar nuevos tipos de sociedades, algunas incluso en las que el sexo ha sido suprimido, como las de las abejas.<\/p>\n<p><a href=\"https:\/\/tavapy.gov.py\/biblioteca\/wp-content\/uploads\/2023\/01\/MargulisL-Que-es-el-sexo.pdf\" target=\"_blank\" rel=\"attachment noopener wp-att-6109\"><img loading=\"lazy\" decoding=\"async\" class=\"size-full wp-image-6109 alignleft\" src=\"https:\/\/tavapy.gov.py\/biblioteca\/wp-content\/uploads\/2023\/01\/icono-PDF-copia-2-2.png\" alt=\"\" width=\"121\" height=\"140\" \/><\/a><\/p>\n","protected":false},"featured_media":6002,"comment_status":"open","ping_status":"closed","template":"","meta":{"spay_email":""},"product_cat":[733],"product_tag":[],"class_list":{"0":"post-6195","1":"product","2":"type-product","3":"status-publish","4":"has-post-thumbnail","6":"book_author-lynn-margulis","7":"product_cat-ciencia-biologia","8":"entry"},"_links":{"self":[{"href":"https:\/\/tavapy.gov.py\/biblioteca\/wp-json\/wp\/v2\/product\/6195","targetHints":{"allow":["GET"]}}],"collection":[{"href":"https:\/\/tavapy.gov.py\/biblioteca\/wp-json\/wp\/v2\/product"}],"about":[{"href":"https:\/\/tavapy.gov.py\/biblioteca\/wp-json\/wp\/v2\/types\/product"}],"replies":[{"embeddable":true,"href":"https:\/\/tavapy.gov.py\/biblioteca\/wp-json\/wp\/v2\/comments?post=6195"}],"wp:featuredmedia":[{"embeddable":true,"href":"https:\/\/tavapy.gov.py\/biblioteca\/wp-json\/wp\/v2\/media\/6002"}],"wp:attachment":[{"href":"https:\/\/tavapy.gov.py\/biblioteca\/wp-json\/wp\/v2\/media?parent=6195"}],"wp:term":[{"taxonomy":"product_cat","embeddable":true,"href":"https:\/\/tavapy.gov.py\/biblioteca\/wp-json\/wp\/v2\/product_cat?post=6195"},{"taxonomy":"product_tag","embeddable":true,"href":"https:\/\/tavapy.gov.py\/biblioteca\/wp-json\/wp\/v2\/product_tag?post=6195"}],"curies":[{"name":"wp","href":"https:\/\/api.w.org\/{rel}","templated":true}]}}