{"id":6209,"date":"2023-01-19T14:52:47","date_gmt":"2023-01-19T14:52:47","guid":{"rendered":"https:\/\/tavapy.gov.py\/biblioteca\/?post_type=product&#038;p=6209"},"modified":"2023-01-19T14:52:47","modified_gmt":"2023-01-19T14:52:47","slug":"las-leyes-del-caos","status":"publish","type":"product","link":"https:\/\/tavapy.gov.py\/biblioteca\/product\/las-leyes-del-caos\/","title":{"rendered":"LAS LEYES DEL CAOS."},"content":{"rendered":"","protected":false},"excerpt":{"rendered":"<p>Esta obra publicada en 1.994 constituye una innovadora visi\u00f3n de la naturaleza que nos muestra c\u00f3mo la inmensa mayor\u00eda de los objetos est\u00e1 sometida a la inestabilidad, al \u00abcaos\u00bb \u2026<\/p>\n<p>El cient\u00edfico Ilya Prigogine nos abre el camino a una innovadora visi\u00f3n de la naturaleza que nos muestra c\u00f3mo la inmensa mayor\u00eda de los objetos est\u00e1 sometida a la inestabilidad, al \u00abcaos\u00bb, lo que nos obliga a tomar en cuenta la flecha del tiempo, a generalizar la noci\u00f3n de \u00abley de la naturaleza\u00bb y a introducir en ella los conceptos de probabilidad e irreversibilidad.<\/p>\n<p><a href=\"https:\/\/tavapy.gov.py\/biblioteca\/wp-content\/uploads\/2023\/01\/PrigogineI-Las-Leyes-del-Caos.pdf\" target=\"_blank\" rel=\"attachment noopener wp-att-6109\"><img loading=\"lazy\" decoding=\"async\" class=\"size-full wp-image-6109 alignleft\" src=\"https:\/\/tavapy.gov.py\/biblioteca\/wp-content\/uploads\/2023\/01\/icono-PDF-copia-2-2.png\" alt=\"\" width=\"121\" height=\"140\" \/><\/a><\/p>\n","protected":false},"featured_media":6024,"comment_status":"open","ping_status":"closed","template":"","meta":{"spay_email":""},"product_cat":[109],"product_tag":[],"class_list":{"0":"post-6209","1":"product","2":"type-product","3":"status-publish","4":"has-post-thumbnail","6":"book_author-ilya-prigogine","7":"product_cat-fisica-moderna","8":"entry"},"_links":{"self":[{"href":"https:\/\/tavapy.gov.py\/biblioteca\/wp-json\/wp\/v2\/product\/6209","targetHints":{"allow":["GET"]}}],"collection":[{"href":"https:\/\/tavapy.gov.py\/biblioteca\/wp-json\/wp\/v2\/product"}],"about":[{"href":"https:\/\/tavapy.gov.py\/biblioteca\/wp-json\/wp\/v2\/types\/product"}],"replies":[{"embeddable":true,"href":"https:\/\/tavapy.gov.py\/biblioteca\/wp-json\/wp\/v2\/comments?post=6209"}],"wp:featuredmedia":[{"embeddable":true,"href":"https:\/\/tavapy.gov.py\/biblioteca\/wp-json\/wp\/v2\/media\/6024"}],"wp:attachment":[{"href":"https:\/\/tavapy.gov.py\/biblioteca\/wp-json\/wp\/v2\/media?parent=6209"}],"wp:term":[{"taxonomy":"product_cat","embeddable":true,"href":"https:\/\/tavapy.gov.py\/biblioteca\/wp-json\/wp\/v2\/product_cat?post=6209"},{"taxonomy":"product_tag","embeddable":true,"href":"https:\/\/tavapy.gov.py\/biblioteca\/wp-json\/wp\/v2\/product_tag?post=6209"}],"curies":[{"name":"wp","href":"https:\/\/api.w.org\/{rel}","templated":true}]}}