{"id":6213,"date":"2023-01-19T15:11:46","date_gmt":"2023-01-19T15:11:46","guid":{"rendered":"https:\/\/tavapy.gov.py\/biblioteca\/?post_type=product&#038;p=6213"},"modified":"2023-01-19T15:11:46","modified_gmt":"2023-01-19T15:11:46","slug":"el-siciliano","status":"publish","type":"product","link":"https:\/\/tavapy.gov.py\/biblioteca\/product\/el-siciliano\/","title":{"rendered":"EL SICILIANO."},"content":{"rendered":"","protected":false},"excerpt":{"rendered":"<p>El Siciliano, obra publicada en 1.984, narra la historia de un personaje real (el bandolero Salvatore Giuliano) desde la perspectiva de un personaje de ficci\u00f3n: Michael Corleone, hijo de Don Vito, quien lo conoce durante su exilio en Palermo.<\/p>\n<p>Giuliano fue una leyenda viva; tras enfrentarse en su juventud a los carabinieri, se refugi\u00f3 en las monta\u00f1as y empez\u00f3 a luchar por los menesterosos sicilianos que se encontraban bajo el yugo de la Mafia y la corrupci\u00f3n del Gobierno de Roma.<\/p>\n<p><a href=\"https:\/\/tavapy.gov.py\/biblioteca\/wp-content\/uploads\/2023\/01\/PuzoM-El-siciliano.pdf\" target=\"_blank\" rel=\"attachment noopener wp-att-6109\"><img loading=\"lazy\" decoding=\"async\" class=\"size-full wp-image-6109 alignleft\" src=\"https:\/\/tavapy.gov.py\/biblioteca\/wp-content\/uploads\/2023\/01\/icono-PDF-copia-2-2.png\" alt=\"\" width=\"121\" height=\"140\" \/><\/a><\/p>\n","protected":false},"featured_media":6032,"comment_status":"open","ping_status":"closed","template":"","meta":{"spay_email":""},"product_cat":[753],"product_tag":[],"class_list":{"0":"post-6213","1":"product","2":"type-product","3":"status-publish","4":"has-post-thumbnail","6":"book_author-mario-puzo","7":"product_cat-novela-policiaca","8":"entry"},"_links":{"self":[{"href":"https:\/\/tavapy.gov.py\/biblioteca\/wp-json\/wp\/v2\/product\/6213","targetHints":{"allow":["GET"]}}],"collection":[{"href":"https:\/\/tavapy.gov.py\/biblioteca\/wp-json\/wp\/v2\/product"}],"about":[{"href":"https:\/\/tavapy.gov.py\/biblioteca\/wp-json\/wp\/v2\/types\/product"}],"replies":[{"embeddable":true,"href":"https:\/\/tavapy.gov.py\/biblioteca\/wp-json\/wp\/v2\/comments?post=6213"}],"wp:featuredmedia":[{"embeddable":true,"href":"https:\/\/tavapy.gov.py\/biblioteca\/wp-json\/wp\/v2\/media\/6032"}],"wp:attachment":[{"href":"https:\/\/tavapy.gov.py\/biblioteca\/wp-json\/wp\/v2\/media?parent=6213"}],"wp:term":[{"taxonomy":"product_cat","embeddable":true,"href":"https:\/\/tavapy.gov.py\/biblioteca\/wp-json\/wp\/v2\/product_cat?post=6213"},{"taxonomy":"product_tag","embeddable":true,"href":"https:\/\/tavapy.gov.py\/biblioteca\/wp-json\/wp\/v2\/product_tag?post=6213"}],"curies":[{"name":"wp","href":"https:\/\/api.w.org\/{rel}","templated":true}]}}