{"id":6225,"date":"2023-01-19T21:33:12","date_gmt":"2023-01-19T21:33:12","guid":{"rendered":"https:\/\/tavapy.gov.py\/biblioteca\/?post_type=product&#038;p=6225"},"modified":"2023-01-19T21:33:12","modified_gmt":"2023-01-19T21:33:12","slug":"el-existencialismo-es-un-humanismo","status":"publish","type":"product","link":"https:\/\/tavapy.gov.py\/biblioteca\/product\/el-existencialismo-es-un-humanismo\/","title":{"rendered":"EL EXISTENCIALISMO ES UN HUMANISMO."},"content":{"rendered":"","protected":false},"excerpt":{"rendered":"<p>El existencialismo es un humanismo, obra publicada en 1.946, se ha convertido en un cl\u00e1sico del pensamiento occidental del siglo XX, sobre todo porque en \u00e9l aparecen expuestas de una forma clara y accesible, no s\u00f3lo el pensamiento de Jean-Paul Sartre sino tambi\u00e9n las propuestas fundamentales del existencialismo.<\/p>\n<p>En cierto sentido, este breve texto resume las claves de toda la obra sartreana posterior, pues el pensador franc\u00e9s se mantuvo siempre fiel a los principios b\u00e1sicos trazados en \u00e9l.<\/p>\n<p>El pensamiento de Sartre se revela como un instrumento muy \u00fatil para afrontar el presente.<\/p>\n<p><a href=\"https:\/\/tavapy.gov.py\/biblioteca\/wp-content\/uploads\/2023\/01\/SartreJ-El_existencialismo_es_un_humanismo.pdf\" target=\"_blank\" rel=\"attachment noopener wp-att-6109\"><img loading=\"lazy\" decoding=\"async\" class=\"size-full wp-image-6109 alignleft\" src=\"https:\/\/tavapy.gov.py\/biblioteca\/wp-content\/uploads\/2023\/01\/icono-PDF-copia-2-2.png\" alt=\"\" width=\"121\" height=\"140\" \/><\/a><\/p>\n","protected":false},"featured_media":6052,"comment_status":"open","ping_status":"closed","template":"","meta":{"spay_email":""},"product_cat":[268],"product_tag":[],"class_list":{"0":"post-6225","1":"product","2":"type-product","3":"status-publish","4":"has-post-thumbnail","6":"book_author-jean-paul-sartre","7":"product_cat-filosofia-antropologia","8":"entry"},"_links":{"self":[{"href":"https:\/\/tavapy.gov.py\/biblioteca\/wp-json\/wp\/v2\/product\/6225","targetHints":{"allow":["GET"]}}],"collection":[{"href":"https:\/\/tavapy.gov.py\/biblioteca\/wp-json\/wp\/v2\/product"}],"about":[{"href":"https:\/\/tavapy.gov.py\/biblioteca\/wp-json\/wp\/v2\/types\/product"}],"replies":[{"embeddable":true,"href":"https:\/\/tavapy.gov.py\/biblioteca\/wp-json\/wp\/v2\/comments?post=6225"}],"wp:featuredmedia":[{"embeddable":true,"href":"https:\/\/tavapy.gov.py\/biblioteca\/wp-json\/wp\/v2\/media\/6052"}],"wp:attachment":[{"href":"https:\/\/tavapy.gov.py\/biblioteca\/wp-json\/wp\/v2\/media?parent=6225"}],"wp:term":[{"taxonomy":"product_cat","embeddable":true,"href":"https:\/\/tavapy.gov.py\/biblioteca\/wp-json\/wp\/v2\/product_cat?post=6225"},{"taxonomy":"product_tag","embeddable":true,"href":"https:\/\/tavapy.gov.py\/biblioteca\/wp-json\/wp\/v2\/product_tag?post=6225"}],"curies":[{"name":"wp","href":"https:\/\/api.w.org\/{rel}","templated":true}]}}