{"id":6229,"date":"2023-01-19T22:23:30","date_gmt":"2023-01-19T22:23:30","guid":{"rendered":"https:\/\/tavapy.gov.py\/biblioteca\/?post_type=product&#038;p=6229"},"modified":"2023-01-19T22:23:30","modified_gmt":"2023-01-19T22:23:30","slug":"sociologia-del-movimiento-de-jesus","status":"publish","type":"product","link":"https:\/\/tavapy.gov.py\/biblioteca\/product\/sociologia-del-movimiento-de-jesus\/","title":{"rendered":"SOCIOLOG\u00cdA DEL MOVIMIENTO DE JES\u00daS."},"content":{"rendered":"","protected":false},"excerpt":{"rendered":"<p>El an\u00e1lisis socio-hist\u00f3rico y socio-psicol\u00f3gico que hace Theissen del primitivo cristianismo en esta obra publicada en 1.977, permite entender en sus dimensiones sociales, de un modo sumamente iluminador y original, el comportamiento de Jes\u00fas, el origen del discipulado y la formaci\u00f3n de la primera comunidad, sin pretender por ello ocultar el car\u00e1cter imponderable de los evangelios, reacios a todo estereotipo.<\/p>\n<p><a href=\"https:\/\/tavapy.gov.py\/biblioteca\/wp-content\/uploads\/2023\/01\/TheissenG-Sociologia-del-movimiento-de-Jesus.pdf\" target=\"_blank\" rel=\"attachment noopener wp-att-6109\"><img loading=\"lazy\" decoding=\"async\" class=\"size-full wp-image-6109 alignleft\" src=\"https:\/\/tavapy.gov.py\/biblioteca\/wp-content\/uploads\/2023\/01\/icono-PDF-copia-2-2.png\" alt=\"\" width=\"121\" height=\"140\" \/><\/a><\/p>\n","protected":false},"featured_media":6060,"comment_status":"open","ping_status":"closed","template":"","meta":{"spay_email":""},"product_cat":[757],"product_tag":[],"class_list":{"0":"post-6229","1":"product","2":"type-product","3":"status-publish","4":"has-post-thumbnail","6":"book_author-gerd-theissen","7":"product_cat-estudios-biblicos-historia-sociologia","8":"entry"},"_links":{"self":[{"href":"https:\/\/tavapy.gov.py\/biblioteca\/wp-json\/wp\/v2\/product\/6229","targetHints":{"allow":["GET"]}}],"collection":[{"href":"https:\/\/tavapy.gov.py\/biblioteca\/wp-json\/wp\/v2\/product"}],"about":[{"href":"https:\/\/tavapy.gov.py\/biblioteca\/wp-json\/wp\/v2\/types\/product"}],"replies":[{"embeddable":true,"href":"https:\/\/tavapy.gov.py\/biblioteca\/wp-json\/wp\/v2\/comments?post=6229"}],"wp:featuredmedia":[{"embeddable":true,"href":"https:\/\/tavapy.gov.py\/biblioteca\/wp-json\/wp\/v2\/media\/6060"}],"wp:attachment":[{"href":"https:\/\/tavapy.gov.py\/biblioteca\/wp-json\/wp\/v2\/media?parent=6229"}],"wp:term":[{"taxonomy":"product_cat","embeddable":true,"href":"https:\/\/tavapy.gov.py\/biblioteca\/wp-json\/wp\/v2\/product_cat?post=6229"},{"taxonomy":"product_tag","embeddable":true,"href":"https:\/\/tavapy.gov.py\/biblioteca\/wp-json\/wp\/v2\/product_tag?post=6229"}],"curies":[{"name":"wp","href":"https:\/\/api.w.org\/{rel}","templated":true}]}}