{"id":6234,"date":"2023-01-19T22:46:50","date_gmt":"2023-01-19T22:46:50","guid":{"rendered":"https:\/\/tavapy.gov.py\/biblioteca\/?post_type=product&#038;p=6234"},"modified":"2023-01-19T22:46:50","modified_gmt":"2023-01-19T22:46:50","slug":"inteligencia-espiritual-2","status":"publish","type":"product","link":"https:\/\/tavapy.gov.py\/biblioteca\/product\/inteligencia-espiritual-2\/","title":{"rendered":"INTELIGENCIA ESPIRITUAL."},"content":{"rendered":"","protected":false},"excerpt":{"rendered":"<p>La inteligencia espiritual abre horizontes nuevos e insospechados en el coraz\u00f3n. La inteligencia espiritual pone en juego el desarrollo pleno no s\u00f3lo de la persona sino de las culturas y de los pueblos.<\/p>\n<p>Todo ser humano en toda comunidad humana dispone de una inteligencia espiritual que no se adscribe a una obediencia religiosa determinada. M\u00e1s all\u00e1 de \u00e9sta, todo ser humano tiene un sentido y unas necesidades \u00edntimas de orden espiritual tales como la felicidad, el bienestar integral y el goce de la belleza y de la cultura.<\/p>\n<p>En contextos de anemia espiritual como en el que nuestro tiempo se encuentra, el desarrollo de la inteligencia espiritual abre horizontes nuevos e insospechados en el coraz\u00f3n mismo de la rutina diaria, de la inmediatez y del inter\u00e9s a corto plazo.<\/p>\n<p>La obra \u201cInteligencia espiritual\u201d fue publicada en el 2.010.<\/p>\n<p><a href=\"https:\/\/tavapy.gov.py\/biblioteca\/wp-content\/uploads\/2023\/01\/TorralbaF-Inteligencia-espiritual.pdf\" target=\"_blank\" rel=\"attachment noopener wp-att-6109\"><img loading=\"lazy\" decoding=\"async\" class=\"size-full wp-image-6109 alignleft\" src=\"https:\/\/tavapy.gov.py\/biblioteca\/wp-content\/uploads\/2023\/01\/icono-PDF-copia-2-2.png\" alt=\"\" width=\"121\" height=\"140\" \/><\/a><\/p>\n","protected":false},"featured_media":6070,"comment_status":"open","ping_status":"closed","template":"","meta":{"spay_email":""},"product_cat":[522],"product_tag":[],"class_list":{"0":"post-6234","1":"product","2":"type-product","3":"status-publish","4":"has-post-thumbnail","6":"book_author-francesc-torralba","7":"product_cat-autoayuda-espiritualidad","8":"entry"},"_links":{"self":[{"href":"https:\/\/tavapy.gov.py\/biblioteca\/wp-json\/wp\/v2\/product\/6234","targetHints":{"allow":["GET"]}}],"collection":[{"href":"https:\/\/tavapy.gov.py\/biblioteca\/wp-json\/wp\/v2\/product"}],"about":[{"href":"https:\/\/tavapy.gov.py\/biblioteca\/wp-json\/wp\/v2\/types\/product"}],"replies":[{"embeddable":true,"href":"https:\/\/tavapy.gov.py\/biblioteca\/wp-json\/wp\/v2\/comments?post=6234"}],"wp:featuredmedia":[{"embeddable":true,"href":"https:\/\/tavapy.gov.py\/biblioteca\/wp-json\/wp\/v2\/media\/6070"}],"wp:attachment":[{"href":"https:\/\/tavapy.gov.py\/biblioteca\/wp-json\/wp\/v2\/media?parent=6234"}],"wp:term":[{"taxonomy":"product_cat","embeddable":true,"href":"https:\/\/tavapy.gov.py\/biblioteca\/wp-json\/wp\/v2\/product_cat?post=6234"},{"taxonomy":"product_tag","embeddable":true,"href":"https:\/\/tavapy.gov.py\/biblioteca\/wp-json\/wp\/v2\/product_tag?post=6234"}],"curies":[{"name":"wp","href":"https:\/\/api.w.org\/{rel}","templated":true}]}}