{"id":6240,"date":"2023-01-19T23:13:05","date_gmt":"2023-01-19T23:13:05","guid":{"rendered":"https:\/\/tavapy.gov.py\/biblioteca\/?post_type=product&#038;p=6240"},"modified":"2023-01-19T23:13:05","modified_gmt":"2023-01-19T23:13:05","slug":"la-vuelta-al-mundo-en-80-dias","status":"publish","type":"product","link":"https:\/\/tavapy.gov.py\/biblioteca\/product\/la-vuelta-al-mundo-en-80-dias\/","title":{"rendered":"LA VUELTA AL MUNDO EN 80 D\u00cdAS."},"content":{"rendered":"","protected":false},"excerpt":{"rendered":"<p>Phileas Fogg, un flem\u00e1tico ingl\u00e9s, ha apostado su fortuna a que dar\u00e1 la vuelta al mundo en 80 d\u00edas, y emplear\u00e1 todos los medios de locomoci\u00f3n a su alcance: trenes, barcos, coches, y hasta un elefante y un trineo.<\/p>\n<p>Pero esta vuelta al mundo, en la que se combinan el humor, la aventura, el hero\u00edsmo y la t\u00edpica abnegaci\u00f3n de los personajes vernianos, reserva al lector otra sorpresa: la apuesta que a Fogg le hace perder el polic\u00eda Fix se la har\u00e1 ganar impensadamente el sol.<\/p>\n<p>La obra \u201cLa vuelta al mundo en 80 d\u00edas\u201d fue publicada en 1.872.<\/p>\n<p><a href=\"https:\/\/tavapy.gov.py\/biblioteca\/wp-content\/uploads\/2023\/01\/VerneJ_LaVuelta-al-Mundo-en-80-Dias.pdf\" target=\"_blank\" rel=\"attachment noopener wp-att-6109\"><img loading=\"lazy\" decoding=\"async\" class=\"size-full wp-image-6109 alignleft\" src=\"https:\/\/tavapy.gov.py\/biblioteca\/wp-content\/uploads\/2023\/01\/icono-PDF-copia-2-2.png\" alt=\"\" width=\"121\" height=\"140\" \/><\/a><\/p>\n","protected":false},"featured_media":6082,"comment_status":"open","ping_status":"closed","template":"","meta":{"spay_email":""},"product_cat":[57],"product_tag":[],"class_list":{"0":"post-6240","1":"product","2":"type-product","3":"status-publish","4":"has-post-thumbnail","6":"book_author-julio-verne","7":"product_cat-novela","8":"entry"},"_links":{"self":[{"href":"https:\/\/tavapy.gov.py\/biblioteca\/wp-json\/wp\/v2\/product\/6240","targetHints":{"allow":["GET"]}}],"collection":[{"href":"https:\/\/tavapy.gov.py\/biblioteca\/wp-json\/wp\/v2\/product"}],"about":[{"href":"https:\/\/tavapy.gov.py\/biblioteca\/wp-json\/wp\/v2\/types\/product"}],"replies":[{"embeddable":true,"href":"https:\/\/tavapy.gov.py\/biblioteca\/wp-json\/wp\/v2\/comments?post=6240"}],"wp:featuredmedia":[{"embeddable":true,"href":"https:\/\/tavapy.gov.py\/biblioteca\/wp-json\/wp\/v2\/media\/6082"}],"wp:attachment":[{"href":"https:\/\/tavapy.gov.py\/biblioteca\/wp-json\/wp\/v2\/media?parent=6240"}],"wp:term":[{"taxonomy":"product_cat","embeddable":true,"href":"https:\/\/tavapy.gov.py\/biblioteca\/wp-json\/wp\/v2\/product_cat?post=6240"},{"taxonomy":"product_tag","embeddable":true,"href":"https:\/\/tavapy.gov.py\/biblioteca\/wp-json\/wp\/v2\/product_tag?post=6240"}],"curies":[{"name":"wp","href":"https:\/\/api.w.org\/{rel}","templated":true}]}}