{"id":6243,"date":"2023-01-19T23:24:34","date_gmt":"2023-01-19T23:24:34","guid":{"rendered":"https:\/\/tavapy.gov.py\/biblioteca\/?post_type=product&#038;p=6243"},"modified":"2023-01-19T23:24:34","modified_gmt":"2023-01-19T23:24:34","slug":"sociologia-de-la-religion","status":"publish","type":"product","link":"https:\/\/tavapy.gov.py\/biblioteca\/product\/sociologia-de-la-religion\/","title":{"rendered":"SOCIOLOG\u00cdA DE LA RELIGI\u00d3N."},"content":{"rendered":"","protected":false},"excerpt":{"rendered":"<p>La obra de Max Weber \u201cSociolog\u00eda de la religi\u00f3n\u201d, publicada en 1.920, se sit\u00faa en la encrucijada decisiva de la que parte la ciencia social del siglo XX. El soci\u00f3logo centr\u00f3 sus investigaciones en el estudio de la religi\u00f3n. Le mov\u00edan dos tipos de razones:<\/p>\n<p>La primera, establecer la influencia rec\u00edproca de la religi\u00f3n sobre la sociedad, y de esta sobre la religi\u00f3n y establecer las ra\u00edces de la peculiaridad occidental. La segunda, analizar el proceso de desarrollo de la racionalidad occidental, cuyas ra\u00edces Weber no situaba en la Ilustraci\u00f3n, sino en situaciones anteriores, que ciertamente no se reduc\u00edan a la religi\u00f3n, pero en cuyo surgimiento esta hab\u00eda desempe\u00f1ado un papel decisivo.<\/p>\n<p>La muerte impidi\u00f3 a Weber culminar su proyecto, y una buena parte de su obra qued\u00f3 en forma de esbozo, publicado por su viuda.<\/p>\n<p><a href=\"https:\/\/tavapy.gov.py\/biblioteca\/wp-content\/uploads\/2023\/01\/WeberM-Sociologia-de-la-religion.pdf\" target=\"_blank\" rel=\"attachment noopener wp-att-6109\"><img loading=\"lazy\" decoding=\"async\" class=\"size-full wp-image-6109 alignleft\" src=\"https:\/\/tavapy.gov.py\/biblioteca\/wp-content\/uploads\/2023\/01\/icono-PDF-copia-2-2.png\" alt=\"\" width=\"121\" height=\"140\" \/><\/a><\/p>\n","protected":false},"featured_media":6088,"comment_status":"open","ping_status":"closed","template":"","meta":{"spay_email":""},"product_cat":[758],"product_tag":[],"class_list":{"0":"post-6243","1":"product","2":"type-product","3":"status-publish","4":"has-post-thumbnail","6":"book_author-max-weber","7":"product_cat-ciencias-politicas-y-sociales-sociologia","8":"entry"},"_links":{"self":[{"href":"https:\/\/tavapy.gov.py\/biblioteca\/wp-json\/wp\/v2\/product\/6243","targetHints":{"allow":["GET"]}}],"collection":[{"href":"https:\/\/tavapy.gov.py\/biblioteca\/wp-json\/wp\/v2\/product"}],"about":[{"href":"https:\/\/tavapy.gov.py\/biblioteca\/wp-json\/wp\/v2\/types\/product"}],"replies":[{"embeddable":true,"href":"https:\/\/tavapy.gov.py\/biblioteca\/wp-json\/wp\/v2\/comments?post=6243"}],"wp:featuredmedia":[{"embeddable":true,"href":"https:\/\/tavapy.gov.py\/biblioteca\/wp-json\/wp\/v2\/media\/6088"}],"wp:attachment":[{"href":"https:\/\/tavapy.gov.py\/biblioteca\/wp-json\/wp\/v2\/media?parent=6243"}],"wp:term":[{"taxonomy":"product_cat","embeddable":true,"href":"https:\/\/tavapy.gov.py\/biblioteca\/wp-json\/wp\/v2\/product_cat?post=6243"},{"taxonomy":"product_tag","embeddable":true,"href":"https:\/\/tavapy.gov.py\/biblioteca\/wp-json\/wp\/v2\/product_tag?post=6243"}],"curies":[{"name":"wp","href":"https:\/\/api.w.org\/{rel}","templated":true}]}}