{"id":6245,"date":"2023-01-19T23:58:13","date_gmt":"2023-01-19T23:58:13","guid":{"rendered":"https:\/\/tavapy.gov.py\/biblioteca\/?post_type=product&#038;p=6245"},"modified":"2023-01-19T23:58:14","modified_gmt":"2023-01-19T23:58:14","slug":"los-tres-primeros-minutos-del-universo","status":"publish","type":"product","link":"https:\/\/tavapy.gov.py\/biblioteca\/product\/los-tres-primeros-minutos-del-universo\/","title":{"rendered":"LOS TRES PRIMEROS MINUTOS DEL UNIVERSO."},"content":{"rendered":"","protected":false},"excerpt":{"rendered":"<p>En esta obra maestra de divulgaci\u00f3n cient\u00edfica, Steven Weinberg -profesor en las universidades de Columbia, Berkeley, M.I.T., Harvard y Austin, Premio Nobel de F\u00edsica en 1979 y conocido defensor del materialismo cient\u00edfico- cuenta c\u00f3mo en un incierto momento, hace diez mil millones de a\u00f1os, se produjo una gigantesca explosi\u00f3n en todo el espacio -cuya elevada temperatura s\u00f3lo permitir\u00eda la existencia de part\u00edculas elementales- que originar\u00eda una sopa indiferenciada de materia y radiaci\u00f3n, y cuyo enfriamiento habr\u00eda de posibilitar la constituci\u00f3n de n\u00facleos complejos que dar\u00edan como resultado la formaci\u00f3n de las galaxias y las estrellas.<\/p>\n<p>\u00abLos tres primeros minutos del universo\u00bb, obra publicada en 1.977, expone y explica de forma insuperable, en definitiva, el fen\u00f3meno primordial conocido como big bang o \u00abgran explosi\u00f3n\u00bb.<\/p>\n<p><a href=\"https:\/\/tavapy.gov.py\/biblioteca\/wp-content\/uploads\/2023\/01\/WeinbergS-Los_tres_primeros_minutos_del_universo.pdf\" target=\"_blank\" rel=\"attachment noopener wp-att-6109\"><img loading=\"lazy\" decoding=\"async\" class=\"size-full wp-image-6109 alignleft\" src=\"https:\/\/tavapy.gov.py\/biblioteca\/wp-content\/uploads\/2023\/01\/icono-PDF-copia-2-2.png\" alt=\"\" width=\"121\" height=\"140\" \/><\/a><\/p>\n","protected":false},"featured_media":6092,"comment_status":"open","ping_status":"closed","template":"","meta":{"spay_email":""},"product_cat":[227],"product_tag":[],"class_list":{"0":"post-6245","1":"product","2":"type-product","3":"status-publish","4":"has-post-thumbnail","6":"book_author-steven-weinberg","7":"product_cat-ciencia-divulgacion-cientifica","8":"entry"},"_links":{"self":[{"href":"https:\/\/tavapy.gov.py\/biblioteca\/wp-json\/wp\/v2\/product\/6245","targetHints":{"allow":["GET"]}}],"collection":[{"href":"https:\/\/tavapy.gov.py\/biblioteca\/wp-json\/wp\/v2\/product"}],"about":[{"href":"https:\/\/tavapy.gov.py\/biblioteca\/wp-json\/wp\/v2\/types\/product"}],"replies":[{"embeddable":true,"href":"https:\/\/tavapy.gov.py\/biblioteca\/wp-json\/wp\/v2\/comments?post=6245"}],"wp:featuredmedia":[{"embeddable":true,"href":"https:\/\/tavapy.gov.py\/biblioteca\/wp-json\/wp\/v2\/media\/6092"}],"wp:attachment":[{"href":"https:\/\/tavapy.gov.py\/biblioteca\/wp-json\/wp\/v2\/media?parent=6245"}],"wp:term":[{"taxonomy":"product_cat","embeddable":true,"href":"https:\/\/tavapy.gov.py\/biblioteca\/wp-json\/wp\/v2\/product_cat?post=6245"},{"taxonomy":"product_tag","embeddable":true,"href":"https:\/\/tavapy.gov.py\/biblioteca\/wp-json\/wp\/v2\/product_tag?post=6245"}],"curies":[{"name":"wp","href":"https:\/\/api.w.org\/{rel}","templated":true}]}}