{"id":6250,"date":"2023-01-20T01:53:54","date_gmt":"2023-01-20T01:53:54","guid":{"rendered":"https:\/\/tavapy.gov.py\/biblioteca\/?post_type=product&#038;p=6250"},"modified":"2023-01-20T01:53:55","modified_gmt":"2023-01-20T01:53:55","slug":"el-laberinto-del-mundo","status":"publish","type":"product","link":"https:\/\/tavapy.gov.py\/biblioteca\/product\/el-laberinto-del-mundo\/","title":{"rendered":"EL LABERINTO DEL MUNDO."},"content":{"rendered":"","protected":false},"excerpt":{"rendered":"<p>En este ambicioso proyecto, escrito desde 1972 hasta su muerte en 1987, Yourcenar evoca a sus abuelos, a su padre, y tambi\u00e9n su propia infancia y juventud.<\/p>\n<p>Los retazos de una vida son tan complejos como la imagen de la galaxia\u00bb, escribe la autora de Memorias de Adriano, \u00ab\u00bfC\u00f3mo ser\u00eda tu rostro antes de que tu padre y tu madre se encontraran?\u00bb. A la manera renacentista, Yourcenar se sirve del pasado para hablar del presente.<\/p>\n<p>La obsesi\u00f3n por explicarse a s\u00ed misma y explicar nuestra \u00e9poca ilumina las p\u00e1ginas de esta obra monumental que la autora dej\u00f3 inconclusa, como si de su vida misma se tratara.<\/p>\n<p>La obra \u201cEl laberinto del mundo\u201d fue publicada en 1.980.<\/p>\n<p><a href=\"https:\/\/tavapy.gov.py\/biblioteca\/wp-content\/uploads\/2023\/01\/YourcenarM-El-laberinto-del-mundo.pdf\" target=\"_blank\" rel=\"attachment noopener wp-att-6109\"><img loading=\"lazy\" decoding=\"async\" class=\"size-full wp-image-6109 alignleft\" src=\"https:\/\/tavapy.gov.py\/biblioteca\/wp-content\/uploads\/2023\/01\/icono-PDF-copia-2-2.png\" alt=\"\" width=\"121\" height=\"140\" \/><\/a><\/p>\n","protected":false},"featured_media":6102,"comment_status":"open","ping_status":"closed","template":"","meta":{"spay_email":""},"product_cat":[761],"product_tag":[],"class_list":{"0":"post-6250","1":"product","2":"type-product","3":"status-publish","4":"has-post-thumbnail","6":"book_author-marguerite-yourcenar","7":"product_cat-narrativa-autobiografica","8":"entry"},"_links":{"self":[{"href":"https:\/\/tavapy.gov.py\/biblioteca\/wp-json\/wp\/v2\/product\/6250","targetHints":{"allow":["GET"]}}],"collection":[{"href":"https:\/\/tavapy.gov.py\/biblioteca\/wp-json\/wp\/v2\/product"}],"about":[{"href":"https:\/\/tavapy.gov.py\/biblioteca\/wp-json\/wp\/v2\/types\/product"}],"replies":[{"embeddable":true,"href":"https:\/\/tavapy.gov.py\/biblioteca\/wp-json\/wp\/v2\/comments?post=6250"}],"wp:featuredmedia":[{"embeddable":true,"href":"https:\/\/tavapy.gov.py\/biblioteca\/wp-json\/wp\/v2\/media\/6102"}],"wp:attachment":[{"href":"https:\/\/tavapy.gov.py\/biblioteca\/wp-json\/wp\/v2\/media?parent=6250"}],"wp:term":[{"taxonomy":"product_cat","embeddable":true,"href":"https:\/\/tavapy.gov.py\/biblioteca\/wp-json\/wp\/v2\/product_cat?post=6250"},{"taxonomy":"product_tag","embeddable":true,"href":"https:\/\/tavapy.gov.py\/biblioteca\/wp-json\/wp\/v2\/product_tag?post=6250"}],"curies":[{"name":"wp","href":"https:\/\/api.w.org\/{rel}","templated":true}]}}