{"id":6430,"date":"2023-01-27T19:32:42","date_gmt":"2023-01-27T19:32:42","guid":{"rendered":"https:\/\/tavapy.gov.py\/biblioteca\/?post_type=product&#038;p=6430"},"modified":"2023-02-10T02:01:59","modified_gmt":"2023-02-10T02:01:59","slug":"6430","status":"publish","type":"product","link":"https:\/\/tavapy.gov.py\/biblioteca\/product\/6430\/","title":{"rendered":"EL HOMBRE REBELDE."},"content":{"rendered":"","protected":false},"excerpt":{"rendered":"<p>\u201cEl hombre rebelde\u201d es una ambiciosa exploraci\u00f3n del mundo moderno desde la Revoluci\u00f3n francesa a la Revoluci\u00f3n rusa, pasando por el marqu\u00e9s de Sade, Marx, el anarquismo, Nietzsche, los nihilistas, el terrorismo y el surrealismo.<\/p>\n<p>El hombre rebelde es un tratado filos\u00f3fico de Albert Camus sobre la rebeld\u00eda, o sobre c\u00f3mo y por qu\u00e9 a lo largo de la historia el hombre se levanta contra Dios y contra su amo. Publicado en 1951, examina tanto la rebeld\u00eda como la revuelta, que para Camus deben ser vistas como un mismo fen\u00f3meno manifestado en el \u00e1mbito personal y social respectivamente.<\/p>\n<p>\u201cDos siglos de rebeld\u00eda, metaf\u00edsica o hist\u00f3rica, se ofrecen precisamente a nuestra reflexi\u00f3n. [\u2026] Las p\u00e1ginas siguientes ofrecen una hip\u00f3tesis que explica, en parte, la direcci\u00f3n y, casi por entero, la desmesura de nuestro tiempo.\u201d<\/p>\n<p><a href=\"https:\/\/tavapy.gov.py\/biblioteca\/wp-content\/uploads\/2023\/01\/CamusA-El-hombre-rebelde.pdf\" target=\"_blank\" rel=\"attachment noopener wp-att-6421\"><img loading=\"lazy\" decoding=\"async\" class=\"size-full wp-image-6421 alignleft\" src=\"https:\/\/tavapy.gov.py\/biblioteca\/wp-content\/uploads\/2023\/01\/icono-PDF-copia-2-3.png\" alt=\"\" width=\"121\" height=\"140\" \/><\/a><\/p>\n","protected":false},"featured_media":6276,"comment_status":"open","ping_status":"closed","template":"","meta":{"spay_email":""},"product_cat":[767],"product_tag":[],"class_list":{"0":"post-6430","1":"product","2":"type-product","3":"status-publish","4":"has-post-thumbnail","6":"book_author-albert-camus","7":"product_cat-filosofia-contemporanea","8":"entry"},"_links":{"self":[{"href":"https:\/\/tavapy.gov.py\/biblioteca\/wp-json\/wp\/v2\/product\/6430","targetHints":{"allow":["GET"]}}],"collection":[{"href":"https:\/\/tavapy.gov.py\/biblioteca\/wp-json\/wp\/v2\/product"}],"about":[{"href":"https:\/\/tavapy.gov.py\/biblioteca\/wp-json\/wp\/v2\/types\/product"}],"replies":[{"embeddable":true,"href":"https:\/\/tavapy.gov.py\/biblioteca\/wp-json\/wp\/v2\/comments?post=6430"}],"wp:featuredmedia":[{"embeddable":true,"href":"https:\/\/tavapy.gov.py\/biblioteca\/wp-json\/wp\/v2\/media\/6276"}],"wp:attachment":[{"href":"https:\/\/tavapy.gov.py\/biblioteca\/wp-json\/wp\/v2\/media?parent=6430"}],"wp:term":[{"taxonomy":"product_cat","embeddable":true,"href":"https:\/\/tavapy.gov.py\/biblioteca\/wp-json\/wp\/v2\/product_cat?post=6430"},{"taxonomy":"product_tag","embeddable":true,"href":"https:\/\/tavapy.gov.py\/biblioteca\/wp-json\/wp\/v2\/product_tag?post=6430"}],"curies":[{"name":"wp","href":"https:\/\/api.w.org\/{rel}","templated":true}]}}