{"id":6434,"date":"2023-01-27T20:11:27","date_gmt":"2023-01-27T20:11:27","guid":{"rendered":"https:\/\/tavapy.gov.py\/biblioteca\/?post_type=product&#038;p=6434"},"modified":"2023-01-27T20:11:27","modified_gmt":"2023-01-27T20:11:27","slug":"poliamor-y-celos","status":"publish","type":"product","link":"https:\/\/tavapy.gov.py\/biblioteca\/product\/poliamor-y-celos\/","title":{"rendered":"POLIAMOR Y CELOS."},"content":{"rendered":"","protected":false},"excerpt":{"rendered":"<p>\u00bfPiensas que tu relaci\u00f3n no es suficiente y te gustar\u00eda explorar nuevas emociones y quiz\u00e1s tener m\u00e1s parejas? Entonces sigue leyendo.<\/p>\n<p>En las \u00faltimas d\u00e9cadas, cada vez m\u00e1s gente ha estado hablando de un fen\u00f3meno que, en realidad, siempre ha existido desde los antiguos \u00e1rboles de la historia: la relaci\u00f3n abierta.<\/p>\n<p>Si todav\u00eda se pregunta qu\u00e9 significa una relaci\u00f3n abierta, es cuando se tienen m\u00faltiples parejas consensuales con otros tipos de relaciones, incluso diferentes entre s\u00ed. \u00bfSe trata s\u00f3lo de sexo? \u00bfPuede ser s\u00f3lo sobre sexo? \u00bfY los celos? \u00bfY si el amor aparece? \u00bfCu\u00e1ntas formas de amor podemos manejar y cu\u00e1ntas podemos realmente probar simult\u00e1neamente? Y si decidimos involucrarnos en una relaci\u00f3n abierta, entonces, \u00bfqu\u00e9 debemos hacer?<\/p>\n<p>Este libro publicado en el 2.020 es la obra recomendada sobre las relaciones abiertas. Una gu\u00eda perfecta para ti, donde en el mundo de los depredadores, tendr\u00e1s los m\u00e9todos perfectos para dejar caer tu presa a tus pies.<\/p>\n<p><a href=\"https:\/\/tavapy.gov.py\/biblioteca\/wp-content\/uploads\/2023\/01\/CarterL-Poliamor-y-celos.pdf\" target=\"_blank\" rel=\"attachment noopener wp-att-6421\"><img loading=\"lazy\" decoding=\"async\" class=\"size-full wp-image-6421 alignleft\" src=\"https:\/\/tavapy.gov.py\/biblioteca\/wp-content\/uploads\/2023\/01\/icono-PDF-copia-2-3.png\" alt=\"\" width=\"121\" height=\"140\" \/><\/a><\/p>\n","protected":false},"featured_media":6283,"comment_status":"open","ping_status":"closed","template":"","meta":{"spay_email":""},"product_cat":[625],"product_tag":[],"class_list":{"0":"post-6434","1":"product","2":"type-product","3":"status-publish","4":"has-post-thumbnail","6":"book_author-lara-carter","7":"product_cat-autoayuda-psicologia-relacion-de-pareja","8":"entry"},"_links":{"self":[{"href":"https:\/\/tavapy.gov.py\/biblioteca\/wp-json\/wp\/v2\/product\/6434","targetHints":{"allow":["GET"]}}],"collection":[{"href":"https:\/\/tavapy.gov.py\/biblioteca\/wp-json\/wp\/v2\/product"}],"about":[{"href":"https:\/\/tavapy.gov.py\/biblioteca\/wp-json\/wp\/v2\/types\/product"}],"replies":[{"embeddable":true,"href":"https:\/\/tavapy.gov.py\/biblioteca\/wp-json\/wp\/v2\/comments?post=6434"}],"wp:featuredmedia":[{"embeddable":true,"href":"https:\/\/tavapy.gov.py\/biblioteca\/wp-json\/wp\/v2\/media\/6283"}],"wp:attachment":[{"href":"https:\/\/tavapy.gov.py\/biblioteca\/wp-json\/wp\/v2\/media?parent=6434"}],"wp:term":[{"taxonomy":"product_cat","embeddable":true,"href":"https:\/\/tavapy.gov.py\/biblioteca\/wp-json\/wp\/v2\/product_cat?post=6434"},{"taxonomy":"product_tag","embeddable":true,"href":"https:\/\/tavapy.gov.py\/biblioteca\/wp-json\/wp\/v2\/product_tag?post=6434"}],"curies":[{"name":"wp","href":"https:\/\/api.w.org\/{rel}","templated":true}]}}