{"id":6459,"date":"2023-01-28T20:29:18","date_gmt":"2023-01-28T20:29:18","guid":{"rendered":"https:\/\/tavapy.gov.py\/biblioteca\/?post_type=product&#038;p=6459"},"modified":"2023-01-28T20:29:18","modified_gmt":"2023-01-28T20:29:18","slug":"los-impostores","status":"publish","type":"product","link":"https:\/\/tavapy.gov.py\/biblioteca\/product\/los-impostores\/","title":{"rendered":"LOS IMPOSTORES."},"content":{"rendered":"","protected":false},"excerpt":{"rendered":"<p>Un periodista afincado en Par\u00eds que desde joven quiso escribir; un fil\u00f3logo decidido a viajar en busca de experiencias siguiendo el rastro de un escritor que admira, y un profesor de literatura en Austin y escritor fracasado que sue\u00f1a con ser autor del boom y est\u00e1 dispuesto a lo que sea con tal de ser famoso, se ven envueltos en una trama detectivesca en el coraz\u00f3n de la remota China.<\/p>\n<p>Su\u00e1rez Salcedo, Gilbert Klauss y Chouch\u00e9n Ot\u00e1lora son impostores, personas que desean ser lo que no son, y viajan a Pek\u00edn, cada uno con un objetivo, sin saber que, de alguna forma, \u00e9ste es el mismo para todos: la b\u00fasqueda de un manuscrito que forma parte del cuerpo central de la doctrina de una sociedad secreta que pervive en la clandestinidad desde que sus l\u00edderes, los B\u00f3xers, fueron diezmados.<\/p>\n<p>La obra Los impostores fue publicada en el 2.002.<\/p>\n<p><a href=\"https:\/\/tavapy.gov.py\/biblioteca\/wp-content\/uploads\/2023\/01\/GamboaS-Los-impostores.pdf\" target=\"_blank\" rel=\"attachment noopener wp-att-6421\"><img loading=\"lazy\" decoding=\"async\" class=\"size-full wp-image-6421 alignleft\" src=\"https:\/\/tavapy.gov.py\/biblioteca\/wp-content\/uploads\/2023\/01\/icono-PDF-copia-2-3.png\" alt=\"\" width=\"121\" height=\"140\" \/><\/a><\/p>\n","protected":false},"featured_media":6338,"comment_status":"open","ping_status":"closed","template":"","meta":{"spay_email":""},"product_cat":[777],"product_tag":[],"class_list":{"0":"post-6459","1":"product","2":"type-product","3":"status-publish","4":"has-post-thumbnail","6":"book_author-santiago-gamboa","7":"product_cat-novela-contemporanea","8":"entry"},"_links":{"self":[{"href":"https:\/\/tavapy.gov.py\/biblioteca\/wp-json\/wp\/v2\/product\/6459","targetHints":{"allow":["GET"]}}],"collection":[{"href":"https:\/\/tavapy.gov.py\/biblioteca\/wp-json\/wp\/v2\/product"}],"about":[{"href":"https:\/\/tavapy.gov.py\/biblioteca\/wp-json\/wp\/v2\/types\/product"}],"replies":[{"embeddable":true,"href":"https:\/\/tavapy.gov.py\/biblioteca\/wp-json\/wp\/v2\/comments?post=6459"}],"wp:featuredmedia":[{"embeddable":true,"href":"https:\/\/tavapy.gov.py\/biblioteca\/wp-json\/wp\/v2\/media\/6338"}],"wp:attachment":[{"href":"https:\/\/tavapy.gov.py\/biblioteca\/wp-json\/wp\/v2\/media?parent=6459"}],"wp:term":[{"taxonomy":"product_cat","embeddable":true,"href":"https:\/\/tavapy.gov.py\/biblioteca\/wp-json\/wp\/v2\/product_cat?post=6459"},{"taxonomy":"product_tag","embeddable":true,"href":"https:\/\/tavapy.gov.py\/biblioteca\/wp-json\/wp\/v2\/product_tag?post=6459"}],"curies":[{"name":"wp","href":"https:\/\/api.w.org\/{rel}","templated":true}]}}