{"id":6462,"date":"2023-01-28T20:48:11","date_gmt":"2023-01-28T20:48:11","guid":{"rendered":"https:\/\/tavapy.gov.py\/biblioteca\/?post_type=product&#038;p=6462"},"modified":"2023-01-28T20:48:11","modified_gmt":"2023-01-28T20:48:11","slug":"el-amor-en-los-tiempos-del-colera","status":"publish","type":"product","link":"https:\/\/tavapy.gov.py\/biblioteca\/product\/el-amor-en-los-tiempos-del-colera\/","title":{"rendered":"EL AMOR EN LOS TIEMPOS DEL C\u00d3LERA."},"content":{"rendered":"","protected":false},"excerpt":{"rendered":"<p>El amor en los tiempos del c\u00f3lera es una novela del escritor colombiano Gabriel Garc\u00eda M\u00e1rquez, publicada en 1985.<\/p>\n<p>Es una novela dedicada al verdadero amor que perdura y supera las adversidades toda una vida. Es un homenaje al amor, las aventuras, el tiempo, la vejez y la muerte.<\/p>\n<p>La novela se inspir\u00f3 en la forma en que se desarroll\u00f3 la relaci\u00f3n de los padres de Garc\u00eda M\u00e1rquez.1\u200b Para escribirla se entrevist\u00f3 durante varios d\u00edas con sus padres, cada uno por separado, para encontrar m\u00e1s detalles de c\u00f3mo iba a escribir la novela.<\/p>\n<p><a href=\"https:\/\/tavapy.gov.py\/biblioteca\/wp-content\/uploads\/2023\/01\/Garcia-MarquezG-El-amor-en-los-tiempos-del-colera-.pdf\" target=\"_blank\" rel=\"attachment noopener wp-att-6421\"><img loading=\"lazy\" decoding=\"async\" class=\"size-full wp-image-6421 alignleft\" src=\"https:\/\/tavapy.gov.py\/biblioteca\/wp-content\/uploads\/2023\/01\/icono-PDF-copia-2-3.png\" alt=\"\" width=\"121\" height=\"140\" \/><\/a><\/p>\n","protected":false},"featured_media":6345,"comment_status":"open","ping_status":"closed","template":"","meta":{"spay_email":""},"product_cat":[777],"product_tag":[],"class_list":{"0":"post-6462","1":"product","2":"type-product","3":"status-publish","4":"has-post-thumbnail","6":"book_author-gabriel-garcia-marquez","7":"product_cat-novela-contemporanea","8":"entry"},"_links":{"self":[{"href":"https:\/\/tavapy.gov.py\/biblioteca\/wp-json\/wp\/v2\/product\/6462","targetHints":{"allow":["GET"]}}],"collection":[{"href":"https:\/\/tavapy.gov.py\/biblioteca\/wp-json\/wp\/v2\/product"}],"about":[{"href":"https:\/\/tavapy.gov.py\/biblioteca\/wp-json\/wp\/v2\/types\/product"}],"replies":[{"embeddable":true,"href":"https:\/\/tavapy.gov.py\/biblioteca\/wp-json\/wp\/v2\/comments?post=6462"}],"wp:featuredmedia":[{"embeddable":true,"href":"https:\/\/tavapy.gov.py\/biblioteca\/wp-json\/wp\/v2\/media\/6345"}],"wp:attachment":[{"href":"https:\/\/tavapy.gov.py\/biblioteca\/wp-json\/wp\/v2\/media?parent=6462"}],"wp:term":[{"taxonomy":"product_cat","embeddable":true,"href":"https:\/\/tavapy.gov.py\/biblioteca\/wp-json\/wp\/v2\/product_cat?post=6462"},{"taxonomy":"product_tag","embeddable":true,"href":"https:\/\/tavapy.gov.py\/biblioteca\/wp-json\/wp\/v2\/product_tag?post=6462"}],"curies":[{"name":"wp","href":"https:\/\/api.w.org\/{rel}","templated":true}]}}