{"id":6463,"date":"2023-01-28T20:56:20","date_gmt":"2023-01-28T20:56:20","guid":{"rendered":"https:\/\/tavapy.gov.py\/biblioteca\/?post_type=product&#038;p=6463"},"modified":"2023-01-28T20:56:20","modified_gmt":"2023-01-28T20:56:20","slug":"el-buen-amor-en-la-pareja","status":"publish","type":"product","link":"https:\/\/tavapy.gov.py\/biblioteca\/product\/el-buen-amor-en-la-pareja\/","title":{"rendered":"EL BUEN AMOR EN LA PAREJA."},"content":{"rendered":"","protected":false},"excerpt":{"rendered":"<p>El ser humano ha nacido para vivir acompa\u00f1ado, de eso no hay duda. Ansiamos encontrarnos con el otro, sobre todo con ese otro especial que nos completa y que setimos que da sentido a nuestra existencia. Pero el camino del amor tiene muchos baches. Y \u00e9se es el territorio que mejor conoce el psic\u00f3logo gestaltista Joan Garriga, tras diez a\u00f1os trabajando con parejas y ayud\u00e1ndolas a conseguir una relaci\u00f3n m\u00e1s sana y consciente.<\/p>\n<p>Con \u00e9l aprenderemos que nadie tiene el poder de hacernos infelices ni tampoco de hacernos felices, porque la felicidad es un estado interior que no depende m\u00e1s que del grado de armon\u00eda de cada uno con el latido de la vida. Sabremos cu\u00e1les son los fundamentos del amor, el poder de la sexualidad y la verdadera experiencia de la igualdad que se vive al estar en pareja, y descubriremos que es necesario un equilibrio entre el dar y el tomar para que una relaci\u00f3n sea nutritiva.<\/p>\n<p>Porque este libro publicado en el 2.013 no habla de lo que hay que hacer ni de lo que no hay que hacer. No habla de modelos ideales ni de c\u00f3mo deber\u00edan ser las cosas, sino de las diferentes formas que existen de ser pareja y de encontrar la propia f\u00f3rmula, la que a cada uno le haga feliz, de estar con alguien. La que, en palabras de Garriga, har\u00e1 que disfrutemos de un buen amor, aquel que se reconoce \u00abporque en \u00e9l somos exactamente como somos y dejamos que el otro sea exactamente como es.<\/p>\n<p><a href=\"https:\/\/tavapy.gov.py\/biblioteca\/wp-content\/uploads\/2023\/01\/GarrigaJ-El-buen-amor-en-la-pareja.pdf\" target=\"_blank\" rel=\"attachment noopener wp-att-6421\"><img loading=\"lazy\" decoding=\"async\" class=\"size-full wp-image-6421 alignleft\" src=\"https:\/\/tavapy.gov.py\/biblioteca\/wp-content\/uploads\/2023\/01\/icono-PDF-copia-2-3.png\" alt=\"\" width=\"121\" height=\"140\" \/><\/a><\/p>\n","protected":false},"featured_media":6349,"comment_status":"open","ping_status":"closed","template":"","meta":{"spay_email":""},"product_cat":[491],"product_tag":[],"class_list":{"0":"post-6463","1":"product","2":"type-product","3":"status-publish","4":"has-post-thumbnail","6":"book_author-joan-garriga","7":"product_cat-psicologia-pedagogia","8":"entry"},"_links":{"self":[{"href":"https:\/\/tavapy.gov.py\/biblioteca\/wp-json\/wp\/v2\/product\/6463","targetHints":{"allow":["GET"]}}],"collection":[{"href":"https:\/\/tavapy.gov.py\/biblioteca\/wp-json\/wp\/v2\/product"}],"about":[{"href":"https:\/\/tavapy.gov.py\/biblioteca\/wp-json\/wp\/v2\/types\/product"}],"replies":[{"embeddable":true,"href":"https:\/\/tavapy.gov.py\/biblioteca\/wp-json\/wp\/v2\/comments?post=6463"}],"wp:featuredmedia":[{"embeddable":true,"href":"https:\/\/tavapy.gov.py\/biblioteca\/wp-json\/wp\/v2\/media\/6349"}],"wp:attachment":[{"href":"https:\/\/tavapy.gov.py\/biblioteca\/wp-json\/wp\/v2\/media?parent=6463"}],"wp:term":[{"taxonomy":"product_cat","embeddable":true,"href":"https:\/\/tavapy.gov.py\/biblioteca\/wp-json\/wp\/v2\/product_cat?post=6463"},{"taxonomy":"product_tag","embeddable":true,"href":"https:\/\/tavapy.gov.py\/biblioteca\/wp-json\/wp\/v2\/product_tag?post=6463"}],"curies":[{"name":"wp","href":"https:\/\/api.w.org\/{rel}","templated":true}]}}