{"id":6485,"date":"2023-01-29T02:37:54","date_gmt":"2023-01-29T02:37:54","guid":{"rendered":"https:\/\/tavapy.gov.py\/biblioteca\/?post_type=product&#038;p=6485"},"modified":"2023-01-29T02:37:54","modified_gmt":"2023-01-29T02:37:54","slug":"el-amor-siempre-gana-el-romance-de-un-padre-soltero-macho-alfa-multimillonario","status":"publish","type":"product","link":"https:\/\/tavapy.gov.py\/biblioteca\/product\/el-amor-siempre-gana-el-romance-de-un-padre-soltero-macho-alfa-multimillonario\/","title":{"rendered":"EL AMOR SIEMPRE GANA: EL ROMANCE DE UN PADRE SOLTERO MACHO ALFA MULTIMILLONARIO."},"content":{"rendered":"","protected":false},"excerpt":{"rendered":"<p>Gabrielle Deville dedica su vida a controlar y cerrar transacciones. De vacaciones, fija su mirada sobre Stella.Instant\u00e1neamente sabe que ella es la \u00fanica mujer para \u00e9l.<\/p>\n<p>Adem\u00e1s de una madre perfecta para su hija adolescente. \u00c9l hace su jugada r\u00e1pidamente haciendo ofertas que ella no puede rechazar. Se queda paralizado al descubrir que hay algunas cosas que el encanto, el dinero y el poder no pueden comprar. Su atracci\u00f3n es intensa. A medida que el la trata como a uno de sus negocios, m\u00e1s se reh\u00fasa ella a renunciar a su independencia.<\/p>\n<p>Cuando su no tan honesta ex novia aparece, las cosas se complican.\u00a0 Stella no soporta la presi\u00f3n y toma un vuelo de regreso a New York. Gabrielle toma un m\u00e1s r\u00e1pido y potente avi\u00f3n, y est\u00e1 esper\u00e1ndola a la salida del aeropuerto. Stella no se impresiona y le pide que se vaya y la deje para siempre. Este viaje era para encontrarse a s\u00ed misma, no a un hombre.<\/p>\n<p>A medida que los d\u00edas transcurren Stella espera por \u00e9l, por su intoxicante presencia. \u00bfQui\u00e9n se rendir\u00e1 primero ante su poderosa adicci\u00f3n? Cuando los secretos se revelen, \u00bfpodr\u00e1 \u00e9l salvarla y tener una segunda oportunidad? Esta es una independiente, cautivante historia de amor verdadero, destino y romance de un macho alfa que no enga\u00f1a, y con un final feliz.<\/p>\n<p>La obra El amor siempre gana: el romance de un padre soltero macho alfa multimillonario fue publicada en el 2.020.<\/p>\n<p><a href=\"https:\/\/tavapy.gov.py\/biblioteca\/wp-content\/uploads\/2023\/01\/PepperL-El-amor-siempre-gana.pdf\" target=\"_blank\" rel=\"attachment noopener wp-att-6421\"><img loading=\"lazy\" decoding=\"async\" class=\"size-full wp-image-6421 alignleft\" src=\"https:\/\/tavapy.gov.py\/biblioteca\/wp-content\/uploads\/2023\/01\/icono-PDF-copia-2-3.png\" alt=\"\" width=\"121\" height=\"140\" \/><\/a><\/p>\n","protected":false},"featured_media":6402,"comment_status":"open","ping_status":"closed","template":"","meta":{"spay_email":""},"product_cat":[57],"product_tag":[],"class_list":{"0":"post-6485","1":"product","2":"type-product","3":"status-publish","4":"has-post-thumbnail","6":"book_author-l-a-pepper","7":"product_cat-novela","8":"entry"},"_links":{"self":[{"href":"https:\/\/tavapy.gov.py\/biblioteca\/wp-json\/wp\/v2\/product\/6485","targetHints":{"allow":["GET"]}}],"collection":[{"href":"https:\/\/tavapy.gov.py\/biblioteca\/wp-json\/wp\/v2\/product"}],"about":[{"href":"https:\/\/tavapy.gov.py\/biblioteca\/wp-json\/wp\/v2\/types\/product"}],"replies":[{"embeddable":true,"href":"https:\/\/tavapy.gov.py\/biblioteca\/wp-json\/wp\/v2\/comments?post=6485"}],"wp:featuredmedia":[{"embeddable":true,"href":"https:\/\/tavapy.gov.py\/biblioteca\/wp-json\/wp\/v2\/media\/6402"}],"wp:attachment":[{"href":"https:\/\/tavapy.gov.py\/biblioteca\/wp-json\/wp\/v2\/media?parent=6485"}],"wp:term":[{"taxonomy":"product_cat","embeddable":true,"href":"https:\/\/tavapy.gov.py\/biblioteca\/wp-json\/wp\/v2\/product_cat?post=6485"},{"taxonomy":"product_tag","embeddable":true,"href":"https:\/\/tavapy.gov.py\/biblioteca\/wp-json\/wp\/v2\/product_tag?post=6485"}],"curies":[{"name":"wp","href":"https:\/\/api.w.org\/{rel}","templated":true}]}}