{"id":6501,"date":"2023-01-30T17:08:26","date_gmt":"2023-01-30T17:08:26","guid":{"rendered":"https:\/\/tavapy.gov.py\/biblioteca\/?post_type=product&#038;p=6501"},"modified":"2023-01-30T17:08:26","modified_gmt":"2023-01-30T17:08:26","slug":"abril-rojo","status":"publish","type":"product","link":"https:\/\/tavapy.gov.py\/biblioteca\/product\/abril-rojo\/","title":{"rendered":"ABRIL ROJO."},"content":{"rendered":"","protected":false},"excerpt":{"rendered":"<p>F\u00e9lix Chacaltana Sald\u00edvar es un bur\u00f3crata que lleva una vida sin sobresaltos como fiscal distrital adjunto en Lima. Pero todo cambia cuando es enviado a su natal Ayacucho, al que regresa despu\u00e9s de muchos a\u00f1os y donde se ve a cargo de una extra\u00f1a investigaci\u00f3n de asesinato.<\/p>\n<p>En medio de las celebraciones de Semana Santa y enfrentado a la indiferencia de sus superiores, las pesquisas lo llevar\u00e1n por caminos cada vez m\u00e1s oscuros, en los que descubrir\u00e1 hasta d\u00f3nde pueden llegar un hombre y la sociedad cuando la muerte se convierte en la \u00fanica certeza.<\/p>\n<p>&nbsp;<\/p>\n<p>En este brutal thriller Santiago Roncagliolo explora los \u00faltimos a\u00f1os de un periodo sangriento y aterrador en la historia de Per\u00fa, cuando la ideolog\u00eda terrorista de Sendero Luminoso y un gobierno marcado por el hambre y la corrupci\u00f3n se enfrentaron en una guerra terrible, en la que sobornos, intrigas, torturas, asesinatos y desapariciones fueron el pan de cada d\u00eda.<\/p>\n<p>Abril rojo, obra publicada en el 2.006, es una obra fascinante y profunda que indaga en las heridas abiertas de una sociedad dividida, donde la muerte y el dolor conviven con el sue\u00f1o de un futuro m\u00e1s justo. Una novela imperdible que se ha convertido en todo un cl\u00e1sico contempor\u00e1neo.<\/p>\n<p><a href=\"https:\/\/tavapy.gov.py\/biblioteca\/wp-content\/uploads\/2023\/01\/RoncaglioloS-Abril-rojo.pdf\" target=\"_blank\" rel=\"attachment noopener wp-att-6421\"><img loading=\"lazy\" decoding=\"async\" class=\"size-full wp-image-6421 alignleft\" src=\"https:\/\/tavapy.gov.py\/biblioteca\/wp-content\/uploads\/2023\/01\/icono-PDF-copia-2-3.png\" alt=\"\" width=\"121\" height=\"140\" \/><\/a><\/p>\n","protected":false},"featured_media":6419,"comment_status":"open","ping_status":"closed","template":"","meta":{"spay_email":""},"product_cat":[825],"product_tag":[],"class_list":{"0":"post-6501","1":"product","2":"type-product","3":"status-publish","4":"has-post-thumbnail","6":"book_author-santiago-roncagliolo","7":"product_cat-novela-de-misterio","8":"entry"},"_links":{"self":[{"href":"https:\/\/tavapy.gov.py\/biblioteca\/wp-json\/wp\/v2\/product\/6501","targetHints":{"allow":["GET"]}}],"collection":[{"href":"https:\/\/tavapy.gov.py\/biblioteca\/wp-json\/wp\/v2\/product"}],"about":[{"href":"https:\/\/tavapy.gov.py\/biblioteca\/wp-json\/wp\/v2\/types\/product"}],"replies":[{"embeddable":true,"href":"https:\/\/tavapy.gov.py\/biblioteca\/wp-json\/wp\/v2\/comments?post=6501"}],"wp:featuredmedia":[{"embeddable":true,"href":"https:\/\/tavapy.gov.py\/biblioteca\/wp-json\/wp\/v2\/media\/6419"}],"wp:attachment":[{"href":"https:\/\/tavapy.gov.py\/biblioteca\/wp-json\/wp\/v2\/media?parent=6501"}],"wp:term":[{"taxonomy":"product_cat","embeddable":true,"href":"https:\/\/tavapy.gov.py\/biblioteca\/wp-json\/wp\/v2\/product_cat?post=6501"},{"taxonomy":"product_tag","embeddable":true,"href":"https:\/\/tavapy.gov.py\/biblioteca\/wp-json\/wp\/v2\/product_tag?post=6501"}],"curies":[{"name":"wp","href":"https:\/\/api.w.org\/{rel}","templated":true}]}}