{"id":6506,"date":"2023-01-30T17:26:07","date_gmt":"2023-01-30T17:26:07","guid":{"rendered":"https:\/\/tavapy.gov.py\/biblioteca\/?post_type=product&#038;p=6506"},"modified":"2023-01-30T17:27:28","modified_gmt":"2023-01-30T17:27:28","slug":"la-noche-de-los-alfileres","status":"publish","type":"product","link":"https:\/\/tavapy.gov.py\/biblioteca\/product\/la-noche-de-los-alfileres\/","title":{"rendered":"LA NOCHE DE LOS ALFILERES."},"content":{"rendered":"","protected":false},"excerpt":{"rendered":"<p>\u00ab\u00bfPor qu\u00e9 ahora? \u00bfDespu\u00e9s de tanto tiempo? \u00bfY por qu\u00e9 recordar todo el horror? Me he pasado la vida tratando de olvidarlo.\u00bb<\/p>\n<p>Beto, Moco, Carlos y Manu compartieron la amistad y el despertar de la sexualidad en un colegio de jesuitas de Lima. Pero tambi\u00e9n algo m\u00e1s: durante su adolescencia lucharon por ocultar su debilidad ante los compa\u00f1eros, marcar su territorio y huir de sus respectivas realidades familiares. Un c\u00f3ctel que les llev\u00f3 a decidir que solo ejerciendo el poder sobre los dem\u00e1s con una furia irracional podr\u00edan conseguir dejar una huella definitiva de su existencia.<\/p>\n<p>Desde la edad adulta y ya con una franqueza que solo puede dar el paso del tiempo, los cuatro rememoran un acontecimiento dram\u00e1tico vivido en esos a\u00f1os del que solo ellos saben la verdad. \u00bfQu\u00e9 ocurri\u00f3 en realidad la noche en que decidieron rebelarse contra todo su mundo?<\/p>\n<p>En un tiempo convulso de la historia de Per\u00fa, durante la d\u00e9cada de los noventa, lo que empez\u00f3 como una aventura cargada de venganza se les escapa de las manos y encuentra su eco perfecto en los atentados y las bombas que se suceden en el pa\u00eds: el horror general compite con el particular. Y ni siquiera el amor puede redimir.<\/p>\n<p>La noche de los alfileres, obra publicada en el 2.016 es una historia de violencia protagonizada por unos j\u00f3venes que, ajenos a toda sensaci\u00f3n de peligro, rompen toda barrera entre el bien y el mal, confirma el talento de Santiago Roncagliolo en el manejo del thriller y el suspense, y su lugar de privilegio en la literatura en espa\u00f1ol.<\/p>\n<p><a href=\"https:\/\/tavapy.gov.py\/biblioteca\/wp-content\/uploads\/2023\/01\/RoncaglioloS-La-noche-de-los-alfileres.pdf\" target=\"_blank\" rel=\"attachment noopener wp-att-6421\"><img loading=\"lazy\" decoding=\"async\" class=\"size-full wp-image-6421 alignleft\" src=\"https:\/\/tavapy.gov.py\/biblioteca\/wp-content\/uploads\/2023\/01\/icono-PDF-copia-2-3.png\" alt=\"\" width=\"121\" height=\"140\" \/><\/a><\/p>\n","protected":false},"featured_media":6504,"comment_status":"open","ping_status":"closed","template":"","meta":{"spay_email":""},"product_cat":[827],"product_tag":[],"class_list":{"0":"post-6506","1":"product","2":"type-product","3":"status-publish","4":"has-post-thumbnail","6":"book_author-santiago-roncagliolo","7":"product_cat-novela-criminal","8":"entry"},"_links":{"self":[{"href":"https:\/\/tavapy.gov.py\/biblioteca\/wp-json\/wp\/v2\/product\/6506","targetHints":{"allow":["GET"]}}],"collection":[{"href":"https:\/\/tavapy.gov.py\/biblioteca\/wp-json\/wp\/v2\/product"}],"about":[{"href":"https:\/\/tavapy.gov.py\/biblioteca\/wp-json\/wp\/v2\/types\/product"}],"replies":[{"embeddable":true,"href":"https:\/\/tavapy.gov.py\/biblioteca\/wp-json\/wp\/v2\/comments?post=6506"}],"wp:featuredmedia":[{"embeddable":true,"href":"https:\/\/tavapy.gov.py\/biblioteca\/wp-json\/wp\/v2\/media\/6504"}],"wp:attachment":[{"href":"https:\/\/tavapy.gov.py\/biblioteca\/wp-json\/wp\/v2\/media?parent=6506"}],"wp:term":[{"taxonomy":"product_cat","embeddable":true,"href":"https:\/\/tavapy.gov.py\/biblioteca\/wp-json\/wp\/v2\/product_cat?post=6506"},{"taxonomy":"product_tag","embeddable":true,"href":"https:\/\/tavapy.gov.py\/biblioteca\/wp-json\/wp\/v2\/product_tag?post=6506"}],"curies":[{"name":"wp","href":"https:\/\/api.w.org\/{rel}","templated":true}]}}