{"id":6549,"date":"2023-01-30T18:37:16","date_gmt":"2023-01-30T18:37:16","guid":{"rendered":"https:\/\/tavapy.gov.py\/biblioteca\/?post_type=product&#038;p=6549"},"modified":"2023-01-30T18:37:17","modified_gmt":"2023-01-30T18:37:17","slug":"el-arte-de-insultar","status":"publish","type":"product","link":"https:\/\/tavapy.gov.py\/biblioteca\/product\/el-arte-de-insultar\/","title":{"rendered":"EL ARTE DE INSULTAR."},"content":{"rendered":"","protected":false},"excerpt":{"rendered":"<p>EL ARTE DE INSULTAR es el complemento perfecto de EL ARTE DE TENER RAZ\u00d3N, pues, tal como acababa concluyendo el propio Arthur Schopenhauer, y aun previniendo contra \u00e9l, \u00e9ste era el \u00faltimo recurso cuando todas las dem\u00e1s artes de la argumentaci\u00f3n hab\u00edan fracasado.<\/p>\n<p>Si bien el fundador del pesimismo desaconsej\u00f3 en todos sus escritos llegar a tal extremo, fue generoso a la hora de diseminar a lo largo de sus obras insultos, improperios, ofensas, escarnios y sentencias tajantes que, reunidas en orden alfab\u00e9tico en este volumen que dif\u00edcilmente dejar\u00e1 indiferente a nadie, nos muestran una de las caras m\u00e1s atrabiliarias, fulminantes y pol\u00edticamente incorrectas del fil\u00f3sofo alem\u00e1n.<\/p>\n<p>La obra El arte de insultar fue publicada en 1.999.<\/p>\n<p><a href=\"https:\/\/tavapy.gov.py\/biblioteca\/wp-content\/uploads\/2023\/01\/SchopenhauerA-El-arte-de-insultar.pdf\" target=\"_blank\" rel=\"attachment noopener wp-att-6421\"><img loading=\"lazy\" decoding=\"async\" class=\"size-full wp-image-6421 alignleft\" src=\"https:\/\/tavapy.gov.py\/biblioteca\/wp-content\/uploads\/2023\/01\/icono-PDF-copia-2-3.png\" alt=\"\" width=\"121\" height=\"140\" \/><\/a><\/p>\n","protected":false},"featured_media":6547,"comment_status":"open","ping_status":"closed","template":"","meta":{"spay_email":""},"product_cat":[59],"product_tag":[],"class_list":{"0":"post-6549","1":"product","2":"type-product","3":"status-publish","4":"has-post-thumbnail","6":"book_author-arthur-schopenhauer","7":"product_cat-filosofia","8":"entry"},"_links":{"self":[{"href":"https:\/\/tavapy.gov.py\/biblioteca\/wp-json\/wp\/v2\/product\/6549","targetHints":{"allow":["GET"]}}],"collection":[{"href":"https:\/\/tavapy.gov.py\/biblioteca\/wp-json\/wp\/v2\/product"}],"about":[{"href":"https:\/\/tavapy.gov.py\/biblioteca\/wp-json\/wp\/v2\/types\/product"}],"replies":[{"embeddable":true,"href":"https:\/\/tavapy.gov.py\/biblioteca\/wp-json\/wp\/v2\/comments?post=6549"}],"wp:featuredmedia":[{"embeddable":true,"href":"https:\/\/tavapy.gov.py\/biblioteca\/wp-json\/wp\/v2\/media\/6547"}],"wp:attachment":[{"href":"https:\/\/tavapy.gov.py\/biblioteca\/wp-json\/wp\/v2\/media?parent=6549"}],"wp:term":[{"taxonomy":"product_cat","embeddable":true,"href":"https:\/\/tavapy.gov.py\/biblioteca\/wp-json\/wp\/v2\/product_cat?post=6549"},{"taxonomy":"product_tag","embeddable":true,"href":"https:\/\/tavapy.gov.py\/biblioteca\/wp-json\/wp\/v2\/product_tag?post=6549"}],"curies":[{"name":"wp","href":"https:\/\/api.w.org\/{rel}","templated":true}]}}