{"id":6563,"date":"2023-01-30T19:02:58","date_gmt":"2023-01-30T19:02:58","guid":{"rendered":"https:\/\/tavapy.gov.py\/biblioteca\/?post_type=product&#038;p=6563"},"modified":"2023-01-30T19:02:58","modified_gmt":"2023-01-30T19:02:58","slug":"el-cerebro-del-nino-12-estrategias-revolucionarias-para-cultivar-la-mente-en-desarrollo-de-tu-hijo","status":"publish","type":"product","link":"https:\/\/tavapy.gov.py\/biblioteca\/product\/el-cerebro-del-nino-12-estrategias-revolucionarias-para-cultivar-la-mente-en-desarrollo-de-tu-hijo\/","title":{"rendered":"EL CEREBRO DEL NI\u00d1O: 12 ESTRATEGIAS REVOLUCIONARIAS PARA CULTIVAR LA MENTE EN DESARROLLO DE TU HIJO."},"content":{"rendered":"","protected":false},"excerpt":{"rendered":"<p>Daniel Siegel y Tina Payne Bryson han escrito una gu\u00eda magistral y f\u00e1cil de leer para ayudar a desarrollar la inteligencia emocional de los ni\u00f1os. Este brillante m\u00e9todo convierte las interacciones cotidianas en valiosas oportunidades para moldear el cerebro. Cualquiera que se preocupe por los ni\u00f1os \u2013y que quiera a un ni\u00f1o\u2013 deber\u00eda leer El cerebro del ni\u00f1o\u00bb.<\/p>\n<p>\u00abUna completa gu\u00eda que, desde un riguroso enfoque cient\u00edfico, descubre a los progenitores las oportunidades que diariamente les brinda una situaci\u00f3n o una simple conversaci\u00f3n para ayudar a sus hijos, de 0 a 12 a\u00f1os, a integrar todas las experiencias \u2013buenas y malas\u2013 en su desarrollo vital y aprender de ellas para formarse como adultos\u00bb.<\/p>\n<p>Tu hijo de dos a\u00f1os tiene una rabieta en una tienda. Tu hijo de cuatro se niega a vestirse. Tu hijo de quinto curso est\u00e1 de suplente en el banquillo, enfurru\u00f1ado, en lugar de jugar en el campo. \u00bfAcaso los ni\u00f1os conspiran para que la vida de sus padres sea un desaf\u00edo continuo? No, lo que pasa es que su cerebro en desarrollo lleva la voz cantante.<\/p>\n<p>En este libro innovador y pr\u00e1ctico, el neuropsiquiatra Daniel J. Siegel y la experta en educaci\u00f3n infantil Tina Payne Bryson desmitifican las crisis y los conflictos, explicando los nuevos conocimientos cient\u00edficos sobre c\u00f3mo est\u00e1 constituido el cerebro infantil y c\u00f3mo se desarrolla. Aplicando estos descubrimientos al d\u00eda a d\u00eda, es posible convertir conflictos, discusiones o miedos en una oportunidad para integrar el cerebro del ni\u00f1o y ayudarlo a ser una persona responsable, afectuosa y feliz.<\/p>\n<p>En El cerebro del ni\u00f1o padres y educadores tendr\u00e1n a su alcance pautas claras para entender y manejar los distintos conflictos propios de los ni\u00f1os en funci\u00f3n de cada edad, as\u00ed como herramientas para resolverlos y ayudar a la familia a progresar.<\/p>\n<p>La obra El cerebro del ni\u00f1o fue publicada en el 2.011.<\/p>\n<p><a href=\"https:\/\/tavapy.gov.py\/biblioteca\/wp-content\/uploads\/2023\/01\/SiegelD-El-cerebro-del-nino.pdf\" target=\"_blank\" rel=\"attachment noopener wp-att-6421\"><img loading=\"lazy\" decoding=\"async\" class=\"size-full wp-image-6421 alignleft\" src=\"https:\/\/tavapy.gov.py\/biblioteca\/wp-content\/uploads\/2023\/01\/icono-PDF-copia-2-3.png\" alt=\"\" width=\"121\" height=\"140\" \/><\/a><\/p>\n","protected":false},"featured_media":6561,"comment_status":"open","ping_status":"closed","template":"","meta":{"spay_email":""},"product_cat":[495],"product_tag":[],"class_list":{"0":"post-6563","1":"product","2":"type-product","3":"status-publish","4":"has-post-thumbnail","6":"book_author-daniel-siegel","7":"product_cat-psicologia-infantil-pedagogia","8":"entry"},"_links":{"self":[{"href":"https:\/\/tavapy.gov.py\/biblioteca\/wp-json\/wp\/v2\/product\/6563","targetHints":{"allow":["GET"]}}],"collection":[{"href":"https:\/\/tavapy.gov.py\/biblioteca\/wp-json\/wp\/v2\/product"}],"about":[{"href":"https:\/\/tavapy.gov.py\/biblioteca\/wp-json\/wp\/v2\/types\/product"}],"replies":[{"embeddable":true,"href":"https:\/\/tavapy.gov.py\/biblioteca\/wp-json\/wp\/v2\/comments?post=6563"}],"wp:featuredmedia":[{"embeddable":true,"href":"https:\/\/tavapy.gov.py\/biblioteca\/wp-json\/wp\/v2\/media\/6561"}],"wp:attachment":[{"href":"https:\/\/tavapy.gov.py\/biblioteca\/wp-json\/wp\/v2\/media?parent=6563"}],"wp:term":[{"taxonomy":"product_cat","embeddable":true,"href":"https:\/\/tavapy.gov.py\/biblioteca\/wp-json\/wp\/v2\/product_cat?post=6563"},{"taxonomy":"product_tag","embeddable":true,"href":"https:\/\/tavapy.gov.py\/biblioteca\/wp-json\/wp\/v2\/product_tag?post=6563"}],"curies":[{"name":"wp","href":"https:\/\/api.w.org\/{rel}","templated":true}]}}