{"id":6572,"date":"2023-01-30T19:26:46","date_gmt":"2023-01-30T19:26:46","guid":{"rendered":"https:\/\/tavapy.gov.py\/biblioteca\/?post_type=product&#038;p=6572"},"modified":"2023-01-30T19:26:46","modified_gmt":"2023-01-30T19:26:46","slug":"consciente","status":"publish","type":"product","link":"https:\/\/tavapy.gov.py\/biblioteca\/product\/consciente\/","title":{"rendered":"CONSCIENTE."},"content":{"rendered":"","protected":false},"excerpt":{"rendered":"<p>El famoso neurocient\u00edfico Daniel J. Siegel, autor de El cerebro del ni\u00f1o, presenta Consciente, una obra donde proporciona instrucciones pr\u00e1cticas para dominar la Rueda de la Conciencia, una herramienta que nos cambiar\u00e1 la vida.<\/p>\n<p>En Consciente, Siegel propone una aguda mirada a la ciencia que subyace a la efectividad de la meditaci\u00f3n y ense\u00f1a a los lectores a desarrollar la pr\u00e1ctica de la Rueda de la Conciencia para centrar la atenci\u00f3n, abrir la conciencia y cultivar una intenci\u00f3n amable para ayudarnos a desarrollar un cerebro m\u00e1s sano, reducir el miedo, la ansiedad y el estr\u00e9s en nuestras vidas.<\/p>\n<p>La obra Consciente fue publicada en el 2.020.<\/p>\n<p><a href=\"https:\/\/tavapy.gov.py\/biblioteca\/wp-content\/uploads\/2023\/01\/SiegelJ-Consciente.pdf\" target=\"_blank\" rel=\"attachment noopener wp-att-6421\"><img loading=\"lazy\" decoding=\"async\" class=\"size-full wp-image-6421 alignleft\" src=\"https:\/\/tavapy.gov.py\/biblioteca\/wp-content\/uploads\/2023\/01\/icono-PDF-copia-2-3.png\" alt=\"\" width=\"121\" height=\"140\" \/><\/a><\/p>\n","protected":false},"featured_media":6570,"comment_status":"open","ping_status":"closed","template":"","meta":{"spay_email":""},"product_cat":[408],"product_tag":[],"class_list":{"0":"post-6572","1":"product","2":"type-product","3":"status-publish","4":"has-post-thumbnail","6":"book_author-daniel-siegel","7":"product_cat-autoayuda-psicologia-espiritualidad","8":"entry"},"_links":{"self":[{"href":"https:\/\/tavapy.gov.py\/biblioteca\/wp-json\/wp\/v2\/product\/6572","targetHints":{"allow":["GET"]}}],"collection":[{"href":"https:\/\/tavapy.gov.py\/biblioteca\/wp-json\/wp\/v2\/product"}],"about":[{"href":"https:\/\/tavapy.gov.py\/biblioteca\/wp-json\/wp\/v2\/types\/product"}],"replies":[{"embeddable":true,"href":"https:\/\/tavapy.gov.py\/biblioteca\/wp-json\/wp\/v2\/comments?post=6572"}],"wp:featuredmedia":[{"embeddable":true,"href":"https:\/\/tavapy.gov.py\/biblioteca\/wp-json\/wp\/v2\/media\/6570"}],"wp:attachment":[{"href":"https:\/\/tavapy.gov.py\/biblioteca\/wp-json\/wp\/v2\/media?parent=6572"}],"wp:term":[{"taxonomy":"product_cat","embeddable":true,"href":"https:\/\/tavapy.gov.py\/biblioteca\/wp-json\/wp\/v2\/product_cat?post=6572"},{"taxonomy":"product_tag","embeddable":true,"href":"https:\/\/tavapy.gov.py\/biblioteca\/wp-json\/wp\/v2\/product_tag?post=6572"}],"curies":[{"name":"wp","href":"https:\/\/api.w.org\/{rel}","templated":true}]}}