{"id":6593,"date":"2023-01-30T20:27:27","date_gmt":"2023-01-30T20:27:27","guid":{"rendered":"https:\/\/tavapy.gov.py\/biblioteca\/?post_type=product&#038;p=6593"},"modified":"2023-01-30T20:27:27","modified_gmt":"2023-01-30T20:27:27","slug":"hora-de-brillar","status":"publish","type":"product","link":"https:\/\/tavapy.gov.py\/biblioteca\/product\/hora-de-brillar\/","title":{"rendered":"HORA DE BRILLAR."},"content":{"rendered":"","protected":false},"excerpt":{"rendered":"<p>Best seller n\u00famero1 del New York Times. \u00abHora de brillar realmente se destaca al explorar la resiliencia y la determinaci\u00f3n de Bri mientras persigue sus sue\u00f1os. En esta novela maravillosa que muestra varias facetas de la identidad de los negros y de su experiencia, Thomas les da a los lectores otra protagonista din\u00e1mica que alentar.\u00bb<\/p>\n<p>\u00abEsta historia honesta y valiente sobre el trabajo duro, las l\u00e1grimas y el triunfo es una carta de amor musical que demuestra que el rayo de la brillantez literaria sin duda cae dos veces en el mismo lugar. La crudeza de la narrativa de Bri demuestra el talento indiscutido de Thomas para contar historias. Una experiencia dichosa te espera. L\u00e9elo. Anal\u00edzalo. Qui\u00e9relo. \u00abMientras reconoce que la sociedad es veloz para etiquetar a los adolescentes negros, la autora permite que su hero\u00edna tropiece y caiga antes de hallar su equilibrio y su voz. Thomas habla una vez m\u00e1s con valent\u00eda sobre la verdad del poder, una historia sobre el crecimiento, de lectura obligatoria para todos los adolescentes\u00bb.<\/p>\n<p>La autora premiada de El odio que das regresa con una historia poderosa sobre hip hop, la libertad de expresi\u00f3n y la importancia de luchar por tus sue\u00f1os, aunque la suerte parezca estar en tu contra. Bri quiere ser una de las mejores raperas de todos los tiempos.<\/p>\n<p>Como hija de una leyenda del hip hop underground que muri\u00f3 antes de que alcanzar el \u00e9xito, Bri tiene unos zapatos gigantes que llenar. Pero cuando su primera canci\u00f3n se hace viral por los motivos equivocados, se encuentra en el centro de la controversia y los medios la retratan como una amenaza mayor que un rapero. Y con un aviso de desalojo que intimida a su familia, Bri ya no solo quiere tener \u00e9xito: debe tenerlo. Incluso si eso significa convertirse en lo que el p\u00fablico quiere.<\/p>\n<p>La obra Hora de brillar fue publicada en el 2.019.<\/p>\n<p><a href=\"https:\/\/tavapy.gov.py\/biblioteca\/wp-content\/uploads\/2023\/01\/ThomasA-Hora-de-brillar.pdf\" target=\"_blank\" rel=\"attachment noopener wp-att-6421\"><img loading=\"lazy\" decoding=\"async\" class=\"size-full wp-image-6421 alignleft\" src=\"https:\/\/tavapy.gov.py\/biblioteca\/wp-content\/uploads\/2023\/01\/icono-PDF-copia-2-3.png\" alt=\"\" width=\"121\" height=\"140\" \/><\/a><\/p>\n","protected":false},"featured_media":6594,"comment_status":"open","ping_status":"closed","template":"","meta":{"spay_email":""},"product_cat":[808],"product_tag":[],"class_list":{"0":"post-6593","1":"product","2":"type-product","3":"status-publish","4":"has-post-thumbnail","6":"book_author-angie-thomas","7":"product_cat-novela-de-ficcion","8":"entry"},"_links":{"self":[{"href":"https:\/\/tavapy.gov.py\/biblioteca\/wp-json\/wp\/v2\/product\/6593","targetHints":{"allow":["GET"]}}],"collection":[{"href":"https:\/\/tavapy.gov.py\/biblioteca\/wp-json\/wp\/v2\/product"}],"about":[{"href":"https:\/\/tavapy.gov.py\/biblioteca\/wp-json\/wp\/v2\/types\/product"}],"replies":[{"embeddable":true,"href":"https:\/\/tavapy.gov.py\/biblioteca\/wp-json\/wp\/v2\/comments?post=6593"}],"wp:featuredmedia":[{"embeddable":true,"href":"https:\/\/tavapy.gov.py\/biblioteca\/wp-json\/wp\/v2\/media\/6594"}],"wp:attachment":[{"href":"https:\/\/tavapy.gov.py\/biblioteca\/wp-json\/wp\/v2\/media?parent=6593"}],"wp:term":[{"taxonomy":"product_cat","embeddable":true,"href":"https:\/\/tavapy.gov.py\/biblioteca\/wp-json\/wp\/v2\/product_cat?post=6593"},{"taxonomy":"product_tag","embeddable":true,"href":"https:\/\/tavapy.gov.py\/biblioteca\/wp-json\/wp\/v2\/product_tag?post=6593"}],"curies":[{"name":"wp","href":"https:\/\/api.w.org\/{rel}","templated":true}]}}