{"id":6616,"date":"2023-01-31T11:03:25","date_gmt":"2023-01-31T11:03:25","guid":{"rendered":"https:\/\/tavapy.gov.py\/biblioteca\/?post_type=product&#038;p=6616"},"modified":"2023-01-31T11:03:26","modified_gmt":"2023-01-31T11:03:26","slug":"la-quimica-del-amor","status":"publish","type":"product","link":"https:\/\/tavapy.gov.py\/biblioteca\/product\/la-quimica-del-amor\/","title":{"rendered":"LA QU\u00cdMICA DEL AMOR."},"content":{"rendered":"","protected":false},"excerpt":{"rendered":"<p>Wendy se embarca de manera precipitada en un matrimonio con Fernando, un compa\u00f1ero de facultad que sufre una enfermedad degenerativa y al que le pronostican pocos a\u00f1os de vida. Es poco el tiempo que tienen para compartir, pero Wendy lo vive intensamente, reteniendo para siempre la esencia de su difunto marido, cuya huella no es capaz de borrar.<\/p>\n<p>Su vida queda rota tras la p\u00e9rdida y es incapaz de olvidar al que ella considera es el amor de su vida. Hasta que una inundaci\u00f3n, una esquina y un tropiezo inesperado ponen literalmente su vida patas arriba.<\/p>\n<p>Lucas Stuart har\u00e1 saltar por los aires su estudiada zona de confort y Wendy buscar\u00e1 consuelo en su cu\u00f1ado, Eric, que le aportar\u00e1 la seguridad que ella tanto cree necesitar.<\/p>\n<p>La obra La qu\u00edmica del amor fue publicada en el 2.021.<\/p>\n<p><a href=\"https:\/\/tavapy.gov.py\/biblioteca\/wp-content\/uploads\/2023\/01\/VegaE-La-quimica-del-amor.pdf\" target=\"_blank\" rel=\"noopener\"><img loading=\"lazy\" decoding=\"async\" class=\"size-full wp-image-6617 alignleft\" src=\"https:\/\/tavapy.gov.py\/biblioteca\/wp-content\/uploads\/2023\/01\/icono-PDF-copia-2-4.png\" alt=\"\" width=\"121\" height=\"140\" \/><\/a><\/p>\n","protected":false},"featured_media":6614,"comment_status":"open","ping_status":"closed","template":"","meta":{"spay_email":""},"product_cat":[57],"product_tag":[],"class_list":{"0":"post-6616","1":"product","2":"type-product","3":"status-publish","4":"has-post-thumbnail","6":"product_cat-novela","7":"entry"},"_links":{"self":[{"href":"https:\/\/tavapy.gov.py\/biblioteca\/wp-json\/wp\/v2\/product\/6616","targetHints":{"allow":["GET"]}}],"collection":[{"href":"https:\/\/tavapy.gov.py\/biblioteca\/wp-json\/wp\/v2\/product"}],"about":[{"href":"https:\/\/tavapy.gov.py\/biblioteca\/wp-json\/wp\/v2\/types\/product"}],"replies":[{"embeddable":true,"href":"https:\/\/tavapy.gov.py\/biblioteca\/wp-json\/wp\/v2\/comments?post=6616"}],"wp:featuredmedia":[{"embeddable":true,"href":"https:\/\/tavapy.gov.py\/biblioteca\/wp-json\/wp\/v2\/media\/6614"}],"wp:attachment":[{"href":"https:\/\/tavapy.gov.py\/biblioteca\/wp-json\/wp\/v2\/media?parent=6616"}],"wp:term":[{"taxonomy":"product_cat","embeddable":true,"href":"https:\/\/tavapy.gov.py\/biblioteca\/wp-json\/wp\/v2\/product_cat?post=6616"},{"taxonomy":"product_tag","embeddable":true,"href":"https:\/\/tavapy.gov.py\/biblioteca\/wp-json\/wp\/v2\/product_tag?post=6616"}],"curies":[{"name":"wp","href":"https:\/\/api.w.org\/{rel}","templated":true}]}}