{"id":6689,"date":"2023-02-07T03:23:29","date_gmt":"2023-02-07T03:23:29","guid":{"rendered":"https:\/\/tavapy.gov.py\/biblioteca\/?post_type=product&#038;p=6689"},"modified":"2023-02-07T03:23:30","modified_gmt":"2023-02-07T03:23:30","slug":"organizate-con-eficacia-el-arte-de-la-productividad-sin-estres","status":"publish","type":"product","link":"https:\/\/tavapy.gov.py\/biblioteca\/product\/organizate-con-eficacia-el-arte-de-la-productividad-sin-estres\/","title":{"rendered":"ORGAN\u00cdZATE CON EFICACIA: EL ARTE DE LA PRODUCTIVIDAD SIN ESTR\u00c9S."},"content":{"rendered":"","protected":false},"excerpt":{"rendered":"<p>Nueva edici\u00f3n totalmente revisada y actualizada del cl\u00e1sico best seller publicada en el 2.015.\u00a0 Un libro imprescindible sobre organizaci\u00f3n y gesti\u00f3n del tiempo. 14 a\u00f1os despu\u00e9s de la aparici\u00f3n del libro original (2001), David Allen ha decidido reescribirlo todo para actualizarlo a las nuevas tecnolog\u00edas y a las nuevas formas de trabajar.<\/p>\n<p>En esa primera d\u00e9cada, el libro ha sido considerado por la revista Time como \u00abEl libro de autoayuda empresarial imprescindible de la d\u00e9cada\u00bb y su sistema GTD (Getting Things Done) ha acaparado una ola de seguidores de todo el mundo La premisa del autor es que nuestra productividad est\u00e1 directamente relacionada con nuestra habilidad para relajarnos. Solo cuando nuestras mentes piensan con claridad y nuestros pensamientos est\u00e1n organizados podemos desarrollar todo nuestro potencial.<\/p>\n<p><a href=\"https:\/\/tavapy.gov.py\/biblioteca\/wp-content\/uploads\/2023\/02\/AllenD-9.8-Organizate-Con-Eficacia.pdf\" target=\"_blank\" rel=\"attachment noopener wp-att-6685\"><img loading=\"lazy\" decoding=\"async\" class=\"size-full wp-image-6685 alignleft\" src=\"https:\/\/tavapy.gov.py\/biblioteca\/wp-content\/uploads\/2023\/02\/icono-PDF-copia-2.png\" alt=\"\" width=\"121\" height=\"140\" \/><\/a><\/p>\n","protected":false},"featured_media":6656,"comment_status":"open","ping_status":"closed","template":"","meta":{"spay_email":""},"product_cat":[861],"product_tag":[],"class_list":{"0":"post-6689","1":"product","2":"type-product","3":"status-publish","4":"has-post-thumbnail","6":"book_author-david-allen","7":"product_cat-empresas-gestion-del-conocimiento","8":"entry"},"_links":{"self":[{"href":"https:\/\/tavapy.gov.py\/biblioteca\/wp-json\/wp\/v2\/product\/6689","targetHints":{"allow":["GET"]}}],"collection":[{"href":"https:\/\/tavapy.gov.py\/biblioteca\/wp-json\/wp\/v2\/product"}],"about":[{"href":"https:\/\/tavapy.gov.py\/biblioteca\/wp-json\/wp\/v2\/types\/product"}],"replies":[{"embeddable":true,"href":"https:\/\/tavapy.gov.py\/biblioteca\/wp-json\/wp\/v2\/comments?post=6689"}],"wp:featuredmedia":[{"embeddable":true,"href":"https:\/\/tavapy.gov.py\/biblioteca\/wp-json\/wp\/v2\/media\/6656"}],"wp:attachment":[{"href":"https:\/\/tavapy.gov.py\/biblioteca\/wp-json\/wp\/v2\/media?parent=6689"}],"wp:term":[{"taxonomy":"product_cat","embeddable":true,"href":"https:\/\/tavapy.gov.py\/biblioteca\/wp-json\/wp\/v2\/product_cat?post=6689"},{"taxonomy":"product_tag","embeddable":true,"href":"https:\/\/tavapy.gov.py\/biblioteca\/wp-json\/wp\/v2\/product_tag?post=6689"}],"curies":[{"name":"wp","href":"https:\/\/api.w.org\/{rel}","templated":true}]}}