{"id":6690,"date":"2023-02-07T12:21:12","date_gmt":"2023-02-07T12:21:12","guid":{"rendered":"https:\/\/tavapy.gov.py\/biblioteca\/?post_type=product&#038;p=6690"},"modified":"2023-02-07T12:21:13","modified_gmt":"2023-02-07T12:21:13","slug":"el-arte-de-gestionar-tus-emociones","status":"publish","type":"product","link":"https:\/\/tavapy.gov.py\/biblioteca\/product\/el-arte-de-gestionar-tus-emociones\/","title":{"rendered":"EL ARTE DE GESTIONAR TUS EMOCIONES."},"content":{"rendered":"","protected":false},"excerpt":{"rendered":"<p>Las emociones est\u00e1n presentes en todos los momentos de nuestra vida.<\/p>\n<p>Un buen manejo de las mismas nos conduce a lograr una vida emocional sana, nos acerca a la felicidad y nos libera de conductas indeseadas. Si tienes este libro entre tus manos y te est\u00e1s preguntando si puede ser de utilidad para ti su lectura, d\u00e9jame decirte que s\u00ed, que estoy convencido de que puede ayudarte a desarrollar una correcta gesti\u00f3n de tus sentimientos y emociones.<\/p>\n<p>En este volumen publicado en el 2.016 se explican de forma f\u00e1cilmente comprensible para cualquier persona no iniciada en el tema, las claves de una buena, y eficaz, Inteligencia Emocional.<\/p>\n<p>Un equilibrio inteligente que podr\u00e1s aplicar de forma pr\u00e1ctica a tu d\u00eda a d\u00eda, para que puedas llegar a sentir que en cada momento eres t\u00fa, y nadie m\u00e1s, quien dirige tu vida.<\/p>\n<p><a href=\"https:\/\/tavapy.gov.py\/biblioteca\/wp-content\/uploads\/2023\/02\/AparicioS-El-arte-de-gestionar-tus-emociones.pdf\" target=\"_blank\" rel=\"attachment noopener wp-att-6685\"><img loading=\"lazy\" decoding=\"async\" class=\"size-full wp-image-6685 alignleft\" src=\"https:\/\/tavapy.gov.py\/biblioteca\/wp-content\/uploads\/2023\/02\/icono-PDF-copia-2.png\" alt=\"\" width=\"121\" height=\"140\" \/><\/a><\/p>\n","protected":false},"featured_media":6659,"comment_status":"open","ping_status":"closed","template":"","meta":{"spay_email":""},"product_cat":[859],"product_tag":[],"class_list":{"0":"post-6690","1":"product","2":"type-product","3":"status-publish","4":"has-post-thumbnail","6":"book_author-sergio-aparicio-perez","7":"product_cat-autoayuda-inteligencia-emocional","8":"entry"},"_links":{"self":[{"href":"https:\/\/tavapy.gov.py\/biblioteca\/wp-json\/wp\/v2\/product\/6690","targetHints":{"allow":["GET"]}}],"collection":[{"href":"https:\/\/tavapy.gov.py\/biblioteca\/wp-json\/wp\/v2\/product"}],"about":[{"href":"https:\/\/tavapy.gov.py\/biblioteca\/wp-json\/wp\/v2\/types\/product"}],"replies":[{"embeddable":true,"href":"https:\/\/tavapy.gov.py\/biblioteca\/wp-json\/wp\/v2\/comments?post=6690"}],"wp:featuredmedia":[{"embeddable":true,"href":"https:\/\/tavapy.gov.py\/biblioteca\/wp-json\/wp\/v2\/media\/6659"}],"wp:attachment":[{"href":"https:\/\/tavapy.gov.py\/biblioteca\/wp-json\/wp\/v2\/media?parent=6690"}],"wp:term":[{"taxonomy":"product_cat","embeddable":true,"href":"https:\/\/tavapy.gov.py\/biblioteca\/wp-json\/wp\/v2\/product_cat?post=6690"},{"taxonomy":"product_tag","embeddable":true,"href":"https:\/\/tavapy.gov.py\/biblioteca\/wp-json\/wp\/v2\/product_tag?post=6690"}],"curies":[{"name":"wp","href":"https:\/\/api.w.org\/{rel}","templated":true}]}}