{"id":6701,"date":"2023-02-08T16:47:24","date_gmt":"2023-02-08T16:47:24","guid":{"rendered":"https:\/\/tavapy.gov.py\/biblioteca\/?post_type=product&#038;p=6701"},"modified":"2023-02-08T16:47:24","modified_gmt":"2023-02-08T16:47:24","slug":"vida-emocionalmente-inteligente","status":"publish","type":"product","link":"https:\/\/tavapy.gov.py\/biblioteca\/product\/vida-emocionalmente-inteligente\/","title":{"rendered":"VIDA EMOCIONALMENTE INTELIGENTE."},"content":{"rendered":"","protected":false},"excerpt":{"rendered":"<p>Vida emocionalmente inteligente no es un libro para leer, sino para hacer, ya que pone en pr\u00e1ctica la teor\u00eda de la inteligencia emocional. Si el concepto de inteligencia emocional te es desconocido, no te preocupes, ya que empieza con un breve resumen de lo que es la inteligencia emocional y lo explica utilizando t\u00e9rminos que no requieren conocimientos previos de psicolog\u00eda. Adem\u00e1s, nos da la gran noticia de que la inteligencia emocional puede aprenderse y que el coeficiente emocional tambi\u00e9n puede desarrollarse.<\/p>\n<p>Vida emocionalmente inteligente, obra publicada en el 2.010, contiene un programa \u00fanico de mejora que aumentar\u00e1 tu habilidad para utilizar las emociones de forma eficiente. Est\u00e1 repleto de estrategias para controlar las emociones, adem\u00e1s de ideas muy inspiradoras para enfocar tus sentimientos. Te ofrece el mejor m\u00e9todo para vivir una vida emocionalmente inteligente.<\/p>\n<p><a href=\"https:\/\/tavapy.gov.py\/biblioteca\/wp-content\/uploads\/2023\/02\/BharwaneyG-Vida-emocionalmente-inteligente.-Estrategias-para-incrementar-el-coeficiente-emocional.pdf\" target=\"_blank\" rel=\"attachment noopener wp-att-6685\"><img loading=\"lazy\" decoding=\"async\" class=\"size-full wp-image-6685 alignleft\" src=\"https:\/\/tavapy.gov.py\/biblioteca\/wp-content\/uploads\/2023\/02\/icono-PDF-copia-2.png\" alt=\"\" width=\"121\" height=\"140\" \/><\/a><\/p>\n","protected":false},"featured_media":6679,"comment_status":"open","ping_status":"closed","template":"","meta":{"spay_email":""},"product_cat":[859],"product_tag":[],"class_list":{"0":"post-6701","1":"product","2":"type-product","3":"status-publish","4":"has-post-thumbnail","6":"book_author-geetu-bharwaney","7":"product_cat-autoayuda-inteligencia-emocional","8":"entry"},"_links":{"self":[{"href":"https:\/\/tavapy.gov.py\/biblioteca\/wp-json\/wp\/v2\/product\/6701","targetHints":{"allow":["GET"]}}],"collection":[{"href":"https:\/\/tavapy.gov.py\/biblioteca\/wp-json\/wp\/v2\/product"}],"about":[{"href":"https:\/\/tavapy.gov.py\/biblioteca\/wp-json\/wp\/v2\/types\/product"}],"replies":[{"embeddable":true,"href":"https:\/\/tavapy.gov.py\/biblioteca\/wp-json\/wp\/v2\/comments?post=6701"}],"wp:featuredmedia":[{"embeddable":true,"href":"https:\/\/tavapy.gov.py\/biblioteca\/wp-json\/wp\/v2\/media\/6679"}],"wp:attachment":[{"href":"https:\/\/tavapy.gov.py\/biblioteca\/wp-json\/wp\/v2\/media?parent=6701"}],"wp:term":[{"taxonomy":"product_cat","embeddable":true,"href":"https:\/\/tavapy.gov.py\/biblioteca\/wp-json\/wp\/v2\/product_cat?post=6701"},{"taxonomy":"product_tag","embeddable":true,"href":"https:\/\/tavapy.gov.py\/biblioteca\/wp-json\/wp\/v2\/product_tag?post=6701"}],"curies":[{"name":"wp","href":"https:\/\/api.w.org\/{rel}","templated":true}]}}