{"id":6703,"date":"2023-02-08T20:11:42","date_gmt":"2023-02-08T20:11:42","guid":{"rendered":"https:\/\/tavapy.gov.py\/biblioteca\/?post_type=product&#038;p=6703"},"modified":"2023-02-08T20:11:43","modified_gmt":"2023-02-08T20:11:43","slug":"el-sentido-social-del-gusto-elementos-para-una-sociologia-de-la-cultura","status":"publish","type":"product","link":"https:\/\/tavapy.gov.py\/biblioteca\/product\/el-sentido-social-del-gusto-elementos-para-una-sociologia-de-la-cultura\/","title":{"rendered":"EL SENTIDO SOCIAL DEL GUSTO: ELEMENTOS PARA UNA SOCIOLOGIA DE LA CULTURA."},"content":{"rendered":"","protected":false},"excerpt":{"rendered":"<p>Las cosas en apariencia m\u00e1s puras, m\u00e1s sublimes, las cosas del arte, no son diferentes de los objetos sociales y sociol\u00f3gicos. De hecho, su purificaci\u00f3n y su alejamiento del mundo cotidiano son resultado de relaciones sociales espec\u00edficas. Y esas relaciones constituyen el universo donde se producen, se distribuyen, se consumen y donde se genera la creencia en su valor.<\/p>\n<p>En los textos que componen este libro, publicado en el 2.003 Pierre Bourdieu analiza minuciosamente las reglas que configuran, en cada campo de producci\u00f3n cultural, qu\u00e9 se considera valioso y qu\u00e9 no, y cu\u00e1les son los procesos y los agentes que conducen a la consagraci\u00f3n de un artista o una obra, o a su olvido. As\u00ed, se ocupa de describir el sistema de jerarqu\u00edas y de luchas por la distinci\u00f3n que opera en el \u00e1mbito de las editoriales, el teatro, las galer\u00edas de arte y los museos.<\/p>\n<p>A trav\u00e9s de nociones como campo, capital simb\u00f3lico, habitus, illusio, Bourdieu demuestra que las disposiciones y los actos considerados m\u00e1s individuales y m\u00e1s libres #por ejemplo, los gustos literarios y musicales# est\u00e1n atravesados por la l\u00f3gica social que determina la legitimidad de ciertas formas art\u00edsticas y el car\u00e1cter her\u00e9tico de otras.<\/p>\n<p>La potencia de este an\u00e1lisis tambi\u00e9n reside en que explicita las relaciones entre el arte y la pol\u00edtica, y pone de manifiesto las posibilidades de subvertir los veredictos y las apuestas del juego art\u00edstico. Un modo de plantear que las relaciones de dominaci\u00f3n pueden ser cuestionadas.<\/p>\n<p><a href=\"https:\/\/tavapy.gov.py\/biblioteca\/wp-content\/uploads\/2023\/02\/BourdieuP-El-Sentido-Social-del-Gusto.pdf\" target=\"_blank\" rel=\"noopener\"><img loading=\"lazy\" decoding=\"async\" class=\"size-full wp-image-6761 alignleft\" src=\"https:\/\/tavapy.gov.py\/biblioteca\/wp-content\/uploads\/2023\/02\/icono-PDF-copia-2-1.png\" alt=\"\" width=\"121\" height=\"140\" \/><\/a><\/p>\n","protected":false},"featured_media":6704,"comment_status":"open","ping_status":"closed","template":"","meta":{"spay_email":""},"product_cat":[70],"product_tag":[],"class_list":{"0":"post-6703","1":"product","2":"type-product","3":"status-publish","4":"has-post-thumbnail","6":"book_author-pierre-bourdieu","7":"product_cat-sociologia","8":"entry"},"_links":{"self":[{"href":"https:\/\/tavapy.gov.py\/biblioteca\/wp-json\/wp\/v2\/product\/6703","targetHints":{"allow":["GET"]}}],"collection":[{"href":"https:\/\/tavapy.gov.py\/biblioteca\/wp-json\/wp\/v2\/product"}],"about":[{"href":"https:\/\/tavapy.gov.py\/biblioteca\/wp-json\/wp\/v2\/types\/product"}],"replies":[{"embeddable":true,"href":"https:\/\/tavapy.gov.py\/biblioteca\/wp-json\/wp\/v2\/comments?post=6703"}],"wp:featuredmedia":[{"embeddable":true,"href":"https:\/\/tavapy.gov.py\/biblioteca\/wp-json\/wp\/v2\/media\/6704"}],"wp:attachment":[{"href":"https:\/\/tavapy.gov.py\/biblioteca\/wp-json\/wp\/v2\/media?parent=6703"}],"wp:term":[{"taxonomy":"product_cat","embeddable":true,"href":"https:\/\/tavapy.gov.py\/biblioteca\/wp-json\/wp\/v2\/product_cat?post=6703"},{"taxonomy":"product_tag","embeddable":true,"href":"https:\/\/tavapy.gov.py\/biblioteca\/wp-json\/wp\/v2\/product_tag?post=6703"}],"curies":[{"name":"wp","href":"https:\/\/api.w.org\/{rel}","templated":true}]}}