{"id":6765,"date":"2023-02-08T20:47:32","date_gmt":"2023-02-08T20:47:32","guid":{"rendered":"https:\/\/tavapy.gov.py\/biblioteca\/?post_type=product&#038;p=6765"},"modified":"2023-02-08T20:47:33","modified_gmt":"2023-02-08T20:47:33","slug":"el-camino-de-la-autodependencia","status":"publish","type":"product","link":"https:\/\/tavapy.gov.py\/biblioteca\/product\/el-camino-de-la-autodependencia\/","title":{"rendered":"EL CAMINO DE LA AUTODEPENDENCIA."},"content":{"rendered":"","protected":false},"excerpt":{"rendered":"<p>A trav\u00e9s del camino de la autodependencia nos haremos responsables de nuestra propia vida. Ser\u00e1 nuestra responsabilidad apartarnos de lo que nos da\u00f1a, hacernos cargo de lo que nos pasa y querernos tanto como para privilegiarnos. Y entonces, aparecer\u00e1 algo que viene con la autonom\u00eda y que es la otra cara de la libertad: el coraje.<\/p>\n<p>Tendremos el coraje de actuar como nuestra conciencia nos dicta y de pagar el precio, y seremos libres, aunque a otros no les guste. Seremos inmanejables porque a los autodependientes nadie los puede manejar, solo se manejan a s\u00ed mismos.<\/p>\n<p>Ser\u00e1 un paso adelante en nuestra historia y una manera diferente de vivir en el mundo y probablemente signifique empezar a conocer un poco m\u00e1s a quien est\u00e1 a nuestro lado.<\/p>\n<p>La obra El camino de la autodependencia de Jorge Bucay fue publicada en el 2.000.<\/p>\n<p><a href=\"https:\/\/tavapy.gov.py\/biblioteca\/wp-content\/uploads\/2023\/02\/BucayJ-El-camino-a-la-autodependencia.pdf\" target=\"_blank\" rel=\"attachment noopener wp-att-6761\"><img loading=\"lazy\" decoding=\"async\" class=\"size-full wp-image-6761 alignleft\" src=\"https:\/\/tavapy.gov.py\/biblioteca\/wp-content\/uploads\/2023\/02\/icono-PDF-copia-2-1.png\" alt=\"\" width=\"121\" height=\"140\" \/><\/a><\/p>\n","protected":false},"featured_media":6716,"comment_status":"open","ping_status":"closed","template":"","meta":{"spay_email":""},"product_cat":[408],"product_tag":[],"class_list":{"0":"post-6765","1":"product","2":"type-product","3":"status-publish","4":"has-post-thumbnail","6":"book_author-jorge-bucay","7":"product_cat-autoayuda-psicologia-espiritualidad","8":"entry"},"_links":{"self":[{"href":"https:\/\/tavapy.gov.py\/biblioteca\/wp-json\/wp\/v2\/product\/6765","targetHints":{"allow":["GET"]}}],"collection":[{"href":"https:\/\/tavapy.gov.py\/biblioteca\/wp-json\/wp\/v2\/product"}],"about":[{"href":"https:\/\/tavapy.gov.py\/biblioteca\/wp-json\/wp\/v2\/types\/product"}],"replies":[{"embeddable":true,"href":"https:\/\/tavapy.gov.py\/biblioteca\/wp-json\/wp\/v2\/comments?post=6765"}],"wp:featuredmedia":[{"embeddable":true,"href":"https:\/\/tavapy.gov.py\/biblioteca\/wp-json\/wp\/v2\/media\/6716"}],"wp:attachment":[{"href":"https:\/\/tavapy.gov.py\/biblioteca\/wp-json\/wp\/v2\/media?parent=6765"}],"wp:term":[{"taxonomy":"product_cat","embeddable":true,"href":"https:\/\/tavapy.gov.py\/biblioteca\/wp-json\/wp\/v2\/product_cat?post=6765"},{"taxonomy":"product_tag","embeddable":true,"href":"https:\/\/tavapy.gov.py\/biblioteca\/wp-json\/wp\/v2\/product_tag?post=6765"}],"curies":[{"name":"wp","href":"https:\/\/api.w.org\/{rel}","templated":true}]}}