{"id":6776,"date":"2023-02-08T23:06:10","date_gmt":"2023-02-08T23:06:10","guid":{"rendered":"https:\/\/tavapy.gov.py\/biblioteca\/?post_type=product&#038;p=6776"},"modified":"2023-02-08T23:06:10","modified_gmt":"2023-02-08T23:06:10","slug":"el-arte-de-la-felicidad","status":"publish","type":"product","link":"https:\/\/tavapy.gov.py\/biblioteca\/product\/el-arte-de-la-felicidad\/","title":{"rendered":"EL ARTE DE LA FELICIDAD."},"content":{"rendered":"","protected":false},"excerpt":{"rendered":"<p>El arte de la felicidad, obra publicada en el 1.998 es un libro escrito por Tenzin Gyatso, Dalai Lama, y Howard Cutler, un psiquiatra, que plantea preguntas al Dal\u00e1i lama. Cutler aporta el contexto y la descripci\u00f3n de algunos detalles de la situaci\u00f3n en la que se llevaron a cabo las entrevistas, as\u00ed como a\u00f1adiendo sus propias reflexiones sobre las cuestiones planteadas. El libro explora la formaci\u00f3n de la visi\u00f3n humana que altera la percepci\u00f3n.<\/p>\n<p>Los preceptos b\u00e1sicos que el Dal\u00e1i lama expone son: el prop\u00f3sito de la vida es la felicidad; La felicidad est\u00e1 m\u00e1s determinada por el estado mental propio que por las condiciones externas, las circunstancia o los eventos cuando las necesidades b\u00e1sicas para sobrevivir se han conseguido;<\/p>\n<p>La felicidad puede ser alcanzada a trav\u00e9s de un sistema sistem\u00e1tico de entrenamiento de los corazones y las mentes, a trav\u00e9s de la remodelaci\u00f3n de las actitudes y perspectivas y La clave de la felicidad est\u00e1 en las manos de cada persona.<\/p>\n<p><a href=\"https:\/\/tavapy.gov.py\/biblioteca\/wp-content\/uploads\/2023\/02\/Dalai-Lama-El-Arte-De-La-Felicidad.pdf\" target=\"_blank\" rel=\"attachment noopener wp-att-6761\"><img loading=\"lazy\" decoding=\"async\" class=\"size-full wp-image-6761 alignleft\" src=\"https:\/\/tavapy.gov.py\/biblioteca\/wp-content\/uploads\/2023\/02\/icono-PDF-copia-2-1.png\" alt=\"\" width=\"121\" height=\"140\" \/><\/a><\/p>\n","protected":false},"featured_media":6740,"comment_status":"open","ping_status":"closed","template":"","meta":{"spay_email":""},"product_cat":[881],"product_tag":[],"class_list":{"0":"post-6776","1":"product","2":"type-product","3":"status-publish","4":"has-post-thumbnail","6":"book_author-howard-cutler","7":"product_cat-autoayuda-espiritualidad-budismo","8":"entry"},"_links":{"self":[{"href":"https:\/\/tavapy.gov.py\/biblioteca\/wp-json\/wp\/v2\/product\/6776","targetHints":{"allow":["GET"]}}],"collection":[{"href":"https:\/\/tavapy.gov.py\/biblioteca\/wp-json\/wp\/v2\/product"}],"about":[{"href":"https:\/\/tavapy.gov.py\/biblioteca\/wp-json\/wp\/v2\/types\/product"}],"replies":[{"embeddable":true,"href":"https:\/\/tavapy.gov.py\/biblioteca\/wp-json\/wp\/v2\/comments?post=6776"}],"wp:featuredmedia":[{"embeddable":true,"href":"https:\/\/tavapy.gov.py\/biblioteca\/wp-json\/wp\/v2\/media\/6740"}],"wp:attachment":[{"href":"https:\/\/tavapy.gov.py\/biblioteca\/wp-json\/wp\/v2\/media?parent=6776"}],"wp:term":[{"taxonomy":"product_cat","embeddable":true,"href":"https:\/\/tavapy.gov.py\/biblioteca\/wp-json\/wp\/v2\/product_cat?post=6776"},{"taxonomy":"product_tag","embeddable":true,"href":"https:\/\/tavapy.gov.py\/biblioteca\/wp-json\/wp\/v2\/product_tag?post=6776"}],"curies":[{"name":"wp","href":"https:\/\/api.w.org\/{rel}","templated":true}]}}