{"id":6779,"date":"2023-02-08T23:46:33","date_gmt":"2023-02-08T23:46:33","guid":{"rendered":"https:\/\/tavapy.gov.py\/biblioteca\/?post_type=product&#038;p=6779"},"modified":"2023-02-08T23:46:34","modified_gmt":"2023-02-08T23:46:34","slug":"mas-agudo-mas-rapido-y-mejor-los-secretos-para-ser-mas-productivo-en-la-vida-y-en-el-trabajo","status":"publish","type":"product","link":"https:\/\/tavapy.gov.py\/biblioteca\/product\/mas-agudo-mas-rapido-y-mejor-los-secretos-para-ser-mas-productivo-en-la-vida-y-en-el-trabajo\/","title":{"rendered":"M\u00c1S AGUDO, M\u00c1S R\u00c1PIDO Y MEJOR: LOS SECRETOS PARA SER M\u00c1S PRODUCTIVO EN LA VIDA Y EN EL TRABAJO."},"content":{"rendered":"","protected":false},"excerpt":{"rendered":"<p>Duhigg nos desvela los avances de la ciencia de la productividad de forma clara y pr\u00e1ctica, y nos explica por qu\u00e9 es m\u00e1s importante controlarc\u00f3mo pensamos que el propio contenido de nuestras reflexiones.<\/p>\n<p>A partir de ocho conceptos clave que van desde lamotivaci\u00f3n y elestablecimiento de objetivos hasta latoma de decisiones, Charles Duhigg nos ense\u00f1a enM\u00e1s agudo, m\u00e1s r\u00e1pido y mejor por qu\u00e9 algunas personas y empresas consiguen ser m\u00e1s productivas que otras, y c\u00f3mo deber\u00edamos actuar para mejorar y conseguir nuestros objetivos con menos estr\u00e9s y esfuerzo. En definitiva, ser m\u00e1s agudos, m\u00e1s r\u00e1pidos y mejores en todo lo que hacemos.<\/p>\n<p>Fundamentado en los \u00faltimos descubrimientos en neurociencia, psicolog\u00eda y psicoeconom\u00eda, as\u00ed como en las experiencias vividas por profesionales de diversos \u00e1mbitos como agentes del FBI, pilotos comerciales, directores generales, y altos mandos del ej\u00e9rcito, este libro constituye la herramienta perfecta para que nuestra vida laboral y personal sea mucho m\u00e1s fruct\u00edfera y agradable.<\/p>\n<p><a href=\"https:\/\/tavapy.gov.py\/biblioteca\/wp-content\/uploads\/2023\/02\/DuhiggCh-Mas-agudo-mas-rapido-y-mejor.pdf\" target=\"_blank\" rel=\"attachment noopener wp-att-6761\"><img loading=\"lazy\" decoding=\"async\" class=\"size-full wp-image-6761 alignleft\" src=\"https:\/\/tavapy.gov.py\/biblioteca\/wp-content\/uploads\/2023\/02\/icono-PDF-copia-2-1.png\" alt=\"\" width=\"121\" height=\"140\" \/><\/a><\/p>\n","protected":false},"featured_media":6780,"comment_status":"open","ping_status":"closed","template":"","meta":{"spay_email":""},"product_cat":[630],"product_tag":[],"class_list":{"0":"post-6779","1":"product","2":"type-product","3":"status-publish","4":"has-post-thumbnail","6":"book_author-charles-duhigg","7":"product_cat-autoayuda-neurociencia-psicologia","8":"entry"},"_links":{"self":[{"href":"https:\/\/tavapy.gov.py\/biblioteca\/wp-json\/wp\/v2\/product\/6779","targetHints":{"allow":["GET"]}}],"collection":[{"href":"https:\/\/tavapy.gov.py\/biblioteca\/wp-json\/wp\/v2\/product"}],"about":[{"href":"https:\/\/tavapy.gov.py\/biblioteca\/wp-json\/wp\/v2\/types\/product"}],"replies":[{"embeddable":true,"href":"https:\/\/tavapy.gov.py\/biblioteca\/wp-json\/wp\/v2\/comments?post=6779"}],"wp:featuredmedia":[{"embeddable":true,"href":"https:\/\/tavapy.gov.py\/biblioteca\/wp-json\/wp\/v2\/media\/6780"}],"wp:attachment":[{"href":"https:\/\/tavapy.gov.py\/biblioteca\/wp-json\/wp\/v2\/media?parent=6779"}],"wp:term":[{"taxonomy":"product_cat","embeddable":true,"href":"https:\/\/tavapy.gov.py\/biblioteca\/wp-json\/wp\/v2\/product_cat?post=6779"},{"taxonomy":"product_tag","embeddable":true,"href":"https:\/\/tavapy.gov.py\/biblioteca\/wp-json\/wp\/v2\/product_tag?post=6779"}],"curies":[{"name":"wp","href":"https:\/\/api.w.org\/{rel}","templated":true}]}}