{"id":6868,"date":"2023-02-09T16:27:28","date_gmt":"2023-02-09T16:27:28","guid":{"rendered":"https:\/\/tavapy.gov.py\/biblioteca\/?post_type=product&#038;p=6868"},"modified":"2023-02-09T16:27:28","modified_gmt":"2023-02-09T16:27:28","slug":"el-camino-de-la-espiritualidad-2","status":"publish","type":"product","link":"https:\/\/tavapy.gov.py\/biblioteca\/product\/el-camino-de-la-espiritualidad-2\/","title":{"rendered":"EL CAMINO DE LA ESPIRITUALIDAD."},"content":{"rendered":"","protected":false},"excerpt":{"rendered":"<p>El autor comienza con tratar el problema de la espiritualidad para el hombre actual, habida cuenta de los nuevos m\u00f3dulos culturales, los modelos que se imponen, ligados \u00edntimamente a los diferentes \u00abmodelos de Iglesias\u201d. Luego afronta la \u00abidentidad\u00bb de la espiritualidad cristiana que \u00aben su plenitud es la s\u00edntesis entre el esp\u00edritu de Jes\u00fas y la aceptaci\u00f3n de su persona y evangelio\u00bb.<\/p>\n<p>Sin esto se corre el riesgo de \u00abuna espiritualidad &#8216;ideol\u00f3gica&#8217;, parcializada y eventualmente contradictoria\u00bb.<\/p>\n<p>Esto porque \u00abla espiritualidad cristiana ha de ser integralmente liberadora e integralmente humanizante\u00bb.<\/p>\n<p>El tema de las \u00abfuentes\u00bb ocupa el cap\u00edtulo tercero: la palabra de Dios, los sacramentos, el testimonio de la Iglesia, el rol de los santos y de la Virgen Mar\u00eda; son los medios obligados para una espiritualidad de \u00abactos concretos\u00bb.<\/p>\n<p>Con el cap\u00edtulo cuarto se entra en el coraz\u00f3n mismo del problema: el pecado, la tentaci\u00f3n y la abnegaci\u00f3n cristiana, con particular atenci\u00f3n a la conversi\u00f3n como proceso, en sus implicaciones culturales y en relaci\u00f3n al compromiso sociopol\u00edtico. Sigue el tema de la \u00abexperiencia de Dios\u00bb, un tema cong\u00e9nito al autor, pues le ha dedicado m\u00e1s de un estudio.<\/p>\n<p>En \u00e9l se ponen de relieve la contemplaci\u00f3n y la oraci\u00f3n cristianas que, de ser aut\u00e9nticas, desembocan en compromisos de vida y acci\u00f3n. La exigencia del amor fraterno constituye el objeto del cap\u00edtulo sexto: se trata de lo \u00abpropio\u00bb cristiano o que se expresa en la solidaridad, la reconciliaci\u00f3n y el amor consagrado (castidad). En la l\u00ednea de Medell\u00edn y de Puebla se recupera la \u00abexperiencia\u00bb y el \u00absentido\u00bb del pobre como una de las notas caracterizantes de la espiritualidad latinoamericana.<\/p>\n<p>El tema de la Cruz y la fidelidad a ella en toda la existencia, a ejemplo de Cristo, incluso en los conflictos de toda clase que se dan en el continente, ocupa la reflexi\u00f3n del cap\u00edtulo octavo.<\/p>\n<p>La obra se cierra con el tema de la \u00abespiritualidad misionera\u00bb: un tema en parte nuevo, en parte recuperaci\u00f3n de valores olvidados. La revitalizaci\u00f3n de la Iglesia, como de la vida religiosa y de las comunidades cristianas en general, depende del retorno a su dimensi\u00f3n evangelizadora.<\/p>\n<p>La obra El camino de la espiritualidad de Segundo Galilea fue publicada en 1.990.<\/p>\n<p><a href=\"https:\/\/tavapy.gov.py\/biblioteca\/wp-content\/uploads\/2023\/02\/GalileaSegundo-El-camino-de-la-espiritualidad.pdf\" target=\"_blank\" rel=\"attachment noopener wp-att-6761\"><img loading=\"lazy\" decoding=\"async\" class=\"size-full wp-image-6761 alignleft\" src=\"https:\/\/tavapy.gov.py\/biblioteca\/wp-content\/uploads\/2023\/02\/icono-PDF-copia-2-1.png\" alt=\"\" width=\"121\" height=\"140\" \/><\/a><\/p>\n","protected":false},"featured_media":6793,"comment_status":"open","ping_status":"closed","template":"","meta":{"spay_email":""},"product_cat":[889],"product_tag":[],"class_list":{"0":"post-6868","1":"product","2":"type-product","3":"status-publish","4":"has-post-thumbnail","6":"book_author-segundo-galilea","7":"product_cat-espiritualidad-teologia-cristiana","8":"entry"},"_links":{"self":[{"href":"https:\/\/tavapy.gov.py\/biblioteca\/wp-json\/wp\/v2\/product\/6868","targetHints":{"allow":["GET"]}}],"collection":[{"href":"https:\/\/tavapy.gov.py\/biblioteca\/wp-json\/wp\/v2\/product"}],"about":[{"href":"https:\/\/tavapy.gov.py\/biblioteca\/wp-json\/wp\/v2\/types\/product"}],"replies":[{"embeddable":true,"href":"https:\/\/tavapy.gov.py\/biblioteca\/wp-json\/wp\/v2\/comments?post=6868"}],"wp:featuredmedia":[{"embeddable":true,"href":"https:\/\/tavapy.gov.py\/biblioteca\/wp-json\/wp\/v2\/media\/6793"}],"wp:attachment":[{"href":"https:\/\/tavapy.gov.py\/biblioteca\/wp-json\/wp\/v2\/media?parent=6868"}],"wp:term":[{"taxonomy":"product_cat","embeddable":true,"href":"https:\/\/tavapy.gov.py\/biblioteca\/wp-json\/wp\/v2\/product_cat?post=6868"},{"taxonomy":"product_tag","embeddable":true,"href":"https:\/\/tavapy.gov.py\/biblioteca\/wp-json\/wp\/v2\/product_tag?post=6868"}],"curies":[{"name":"wp","href":"https:\/\/api.w.org\/{rel}","templated":true}]}}