{"id":6877,"date":"2023-02-10T00:07:20","date_gmt":"2023-02-10T00:07:20","guid":{"rendered":"https:\/\/tavapy.gov.py\/biblioteca\/?post_type=product&#038;p=6877"},"modified":"2023-02-10T00:07:20","modified_gmt":"2023-02-10T00:07:20","slug":"cincuenta-sombras-de-grey","status":"publish","type":"product","link":"https:\/\/tavapy.gov.py\/biblioteca\/product\/cincuenta-sombras-de-grey\/","title":{"rendered":"CINCUENTA SOMBRAS DE GREY."},"content":{"rendered":"","protected":false},"excerpt":{"rendered":"<p>Primera parte de \u00abCincuenta sombras\u00bb, la trilog\u00eda totalmente adictiva que te obsesionar\u00e1, te poseer\u00e1 y quedar\u00e1 para siempre en tu memoria.<\/p>\n<p>Descubre el libro en el que se basa la pel\u00edcula.<\/p>\n<p>Cuando la estudiante de literatura Anastasia Steele recibe el encargo de entrevistar al exitoso y joven empresario Christian Grey, queda impresionada al encontrarse ante un hombre atractivo, seductor y tambi\u00e9n muy intimidante. La inexperta e inocente Ana intenta olvidarle, pero pronto comprende cu\u00e1nto le desea.<\/p>\n<p>Grey est\u00e1 atormentado por sus propios demonios y le consume la necesidad de controlarlo todo, pero a su vez se ve incapaz de resistirse a la serena belleza de Ana, a su inteligencia y a su esp\u00edritu independiente. Debe admitir que la desea, pero bajo ciertas condiciones.<\/p>\n<p>Cuando la pareja por fin inicia una apasionada relaci\u00f3n, las peculiares pr\u00e1cticas er\u00f3ticas de Grey desconciertan a Ana, al tiempo que ella descubre los l\u00edmites de sus propios y m\u00e1s oscuros deseos&#8230;<\/p>\n<p>La obra publicada en el 2.011 ha vendido m\u00e1s de 150 millones de ejemplares vendidos en todo el mundo y con 8 millones de lectores en espa\u00f1ol.<\/p>\n<p><a href=\"https:\/\/tavapy.gov.py\/biblioteca\/wp-content\/uploads\/2023\/02\/JamesE-Cincuenta-sombras-de-Grey.pdf\" target=\"_blank\" rel=\"attachment noopener wp-att-6761\"><img loading=\"lazy\" decoding=\"async\" class=\"size-full wp-image-6761 alignleft\" src=\"https:\/\/tavapy.gov.py\/biblioteca\/wp-content\/uploads\/2023\/02\/icono-PDF-copia-2-1.png\" alt=\"\" width=\"121\" height=\"140\" \/><\/a><\/p>\n","protected":false},"featured_media":6816,"comment_status":"open","ping_status":"closed","template":"","meta":{"spay_email":""},"product_cat":[896],"product_tag":[],"class_list":{"0":"post-6877","1":"product","2":"type-product","3":"status-publish","4":"has-post-thumbnail","6":"book_author-e-l-james","7":"product_cat-novela-romantica-y-erotica","8":"entry"},"_links":{"self":[{"href":"https:\/\/tavapy.gov.py\/biblioteca\/wp-json\/wp\/v2\/product\/6877","targetHints":{"allow":["GET"]}}],"collection":[{"href":"https:\/\/tavapy.gov.py\/biblioteca\/wp-json\/wp\/v2\/product"}],"about":[{"href":"https:\/\/tavapy.gov.py\/biblioteca\/wp-json\/wp\/v2\/types\/product"}],"replies":[{"embeddable":true,"href":"https:\/\/tavapy.gov.py\/biblioteca\/wp-json\/wp\/v2\/comments?post=6877"}],"wp:featuredmedia":[{"embeddable":true,"href":"https:\/\/tavapy.gov.py\/biblioteca\/wp-json\/wp\/v2\/media\/6816"}],"wp:attachment":[{"href":"https:\/\/tavapy.gov.py\/biblioteca\/wp-json\/wp\/v2\/media?parent=6877"}],"wp:term":[{"taxonomy":"product_cat","embeddable":true,"href":"https:\/\/tavapy.gov.py\/biblioteca\/wp-json\/wp\/v2\/product_cat?post=6877"},{"taxonomy":"product_tag","embeddable":true,"href":"https:\/\/tavapy.gov.py\/biblioteca\/wp-json\/wp\/v2\/product_tag?post=6877"}],"curies":[{"name":"wp","href":"https:\/\/api.w.org\/{rel}","templated":true}]}}